{"id":28,"date":"2016-10-07T20:23:24","date_gmt":"2016-10-08T00:23:24","guid":{"rendered":"http:\/\/microsites.diocesemontreal.org\/micrositesues\/cathedralecatholiquedemontreal\/?page_id=28"},"modified":"2018-09-18T09:23:08","modified_gmt":"2018-09-18T13:23:08","slug":"histoire","status":"publish","type":"page","link":"https:\/\/microsites.diocesemontreal.org\/microsites\/cathedralecatholiquedemontreal\/histoire\/","title":{"rendered":"Histoire"},"content":{"rendered":"<p><strong>La construction de la Cath\u00e9drale connut deux grandes \u00e9tapes: de 1870 \u00e0 1878 et de 1885 \u00e0 1894.<\/strong><\/p>\n<div style=\"text-align: justify\">\n<p><img loading=\"lazy\" decoding=\"async\" class=\"aligncenter\" title=\"\" src=\"https:\/\/microsites.diocesemontreal.org\/microsites\/cathedralecatholiquedemontreal\/wp-content\/uploads\/sites\/11\/2016\/10\/3650673_1.jpg\" alt=\"\" width=\"582\" height=\"374\" \/><\/p>\n<p>\u00c0 l&rsquo;origine, l&rsquo;\u00e9glise devait faire face \u00e0 la rue de La Gaucheti\u00e8re et \u00e0 la cit\u00e9 existante, mais la Ville refusa le zonage du terrain d&rsquo;en face \u00e0 titre de \u00abparc public\u00bb. Refus qui eut d&rsquo;heureuses r\u00e9percussions, puisque il est avantageux que la Cath\u00e9drale ouvre sur le boulevard Ren\u00e9-L\u00e9vesque, grande art\u00e8re du centre-ville.<\/p>\n<p>La premi\u00e8re pierre fut pos\u00e9e le 28 ao\u00fbt 1870. Les travaux, qui se trouvaient interrompus chaque fois que l&rsquo;on manquait de fonds, progress\u00e8rent tr\u00e8s lentement. En 1878, l&rsquo;\u00e9difice n&rsquo;\u00e9tait pas encore couvert, et les quatre piliers attendaient le d\u00f4me. Deux \u00e9v\u00e9nements marqu\u00e8rent cette premi\u00e8re p\u00e9riode: la crise financi\u00e8re de 1875-1876 (qui entra\u00eena l&rsquo;arr\u00eat des travaux deux ans plus tard); et la d\u00e9mission, le 11 mai 1876, de Mgr Ignace Bourget, qui fut imm\u00e9diatement remplac\u00e9 par son coadjuteur, Mgr \u00c9douard-Charles Fabre.<\/p>\n<p><img loading=\"lazy\" decoding=\"async\" class=\"size-medium wp-image-559 aligncenter\" src=\"http:\/\/microsites.diocesemontreal.org\/microsites\/cathedralecatholiquedemontreal\/wp-content\/uploads\/sites\/11\/2018\/09\/1387A03D-DE82-413D-A516-42EA806F66C4-300x300.jpg\" alt=\"\" width=\"300\" height=\"300\" srcset=\"https:\/\/microsites.diocesemontreal.org\/microsites\/cathedralecatholiquedemontreal\/wp-content\/uploads\/sites\/11\/2018\/09\/1387A03D-DE82-413D-A516-42EA806F66C4-300x300.jpg 300w, https:\/\/microsites.diocesemontreal.org\/microsites\/cathedralecatholiquedemontreal\/wp-content\/uploads\/sites\/11\/2018\/09\/1387A03D-DE82-413D-A516-42EA806F66C4-150x150.jpg 150w, https:\/\/microsites.diocesemontreal.org\/microsites\/cathedralecatholiquedemontreal\/wp-content\/uploads\/sites\/11\/2018\/09\/1387A03D-DE82-413D-A516-42EA806F66C4-768x768.jpg 768w, https:\/\/microsites.diocesemontreal.org\/microsites\/cathedralecatholiquedemontreal\/wp-content\/uploads\/sites\/11\/2018\/09\/1387A03D-DE82-413D-A516-42EA806F66C4-1024x1024.jpg 1024w, https:\/\/microsites.diocesemontreal.org\/microsites\/cathedralecatholiquedemontreal\/wp-content\/uploads\/sites\/11\/2018\/09\/1387A03D-DE82-413D-A516-42EA806F66C4.jpg 2048w\" sizes=\"auto, (max-width: 300px) 100vw, 300px\" \/><\/p>\n<p>L&rsquo;arr\u00eat des travaux dura sept ans au cours desquels Mgr Bourget se fit \u00abqu\u00eateur\u00bb pour aider son successeur \u00e0 r\u00e9soudre les difficult\u00e9s financi\u00e8res du dioc\u00e8se. En d\u00e9pit d&rsquo;un grand \u00e2ge et d&rsquo;une sant\u00e9 pr\u00e9caire, Mgr Bourget visita quelque 150 paroisses. Cinq jours apr\u00e8s sa mort, le 8 juin 1885, sa d\u00e9pouille mortelle fut d\u00e9pos\u00e9e dans un caveau de la Cath\u00e9drale inachev\u00e9e. On y transporta les restes de Mgr Lartigue, exhum\u00e9s de l&rsquo;\u00e9glise Notre-Dame-de-la-Piti\u00e9.<\/p>\n<p>La Cath\u00e9drale abritant le tombeau des \u00e9v\u00eaques, il fallait en h\u00e2ter l&rsquo;ach\u00e8vement, car la neige et le gel s&rsquo;accumulaient, l&rsquo;hiver, entre les murailles. Les travaux se poursuivirent pendant six ans, en grande partie gr\u00e2ce au d\u00e9vouement du procureur de l&rsquo;oeuvre de la Cath\u00e9drale, M. le chanoine Racicot, ainsi que des recettes du grand bazar de 1886: 27,000$.<\/p>\n<p>Le d\u00f4me fut achev\u00e9 en 1886. Au mois d&rsquo;ao\u00fbt de la m\u00eame ann\u00e9e, la haute croix de dix-huit pieds de hauteur, en fer forg\u00e9, pesant 1,600 livres, fut fix\u00e9e \u00e0 son sommet. (Elle fut remplac\u00e9e, en 1958, par une croix en aluminium de vingt pieds de hauteur.)<\/p>\n<p>Mgr Fabre inaugura la Cath\u00e9drale le jour de P\u00e2ques, soit le 25 mars 1894, 42 ans apr\u00e8s l&rsquo;incendie de l&rsquo;ancienne Cath\u00e9drale. \u00c0 Montr\u00e9al, c&rsquo;\u00e9tait le premier \u00e9difice \u00e0 avoir co\u00fbt\u00e9 plus d&rsquo;un million de dollars. Il dominait alors toutes les autres constructions. Les Montr\u00e9alais \u00e9taient fiers de poss\u00e9der, en Am\u00e9rique, la seule r\u00e9plique de la Basilique Saint-Pierre-de-Rome.<\/p>\n<p>Les travaux n&rsquo;\u00e9taient pas achev\u00e9s pour autant. En effet, l&rsquo;ex\u00e9cution des statues de la fa\u00e7ade se poursuivit jusqu&rsquo;en 1900, ann\u00e9e o\u00f9 l&rsquo;on proc\u00e9da \u00e0 l&rsquo;installation du baldaquin.<\/p>\n<p>Le 30 avril 1904, Mgr Paul Bruch\u00e9si d\u00e9cr\u00e9ta l&rsquo;\u00e9tablissement d&rsquo;une paroisse-cath\u00e9drale qui inclurait des portions de territoire des paroisses Notre-Dame et Saint-Joseph.<\/p>\n<p>En 1919, le pape Beno\u00eet XV, \u00e0 la demande de Mgr Bruch\u00e9si, conf\u00e9ra le titre de Basilique mineure \u00e0 la Cath\u00e9drale Saint-Jacques-le-Majeur. En 1933, la splendide chapelle mortuaire des \u00e9v\u00eaques fut inaugur\u00e9e par Mgr Georges Gauthier, cinqui\u00e8me \u00e9v\u00eaque et troisi\u00e8me archev\u00eaque de Montr\u00e9al.<\/p>\n<p><img loading=\"lazy\" decoding=\"async\" class=\"aligncenter\" title=\"\" src=\"https:\/\/microsites.diocesemontreal.org\/microsites\/cathedralecatholiquedemontreal\/wp-content\/uploads\/sites\/11\/2016\/10\/CathHist1.jpeg\" alt=\"\" width=\"551\" height=\"341\" \/><\/p>\n<p>Enfin, la Cath\u00e9drale subit une importante transformation entre 1955 et 1960. Le cardinal Paul-\u00c9mile L\u00e9ger avait organis\u00e9, \u00e0 cette fin, une op\u00e9ration de lev\u00e9e de fonds. C&rsquo;est \u00e9galement \u00e0 la demande du cardinal L\u00e9ger que le pape Pie XII conf\u00e9ra \u00e0 la Basilique le nouveau vocable de Marie-Reine-du-Monde.<\/p>\n<p>Le 20 ao\u00fbt 1951, Mgr Giovanni-Battista Montini, futur pape Paul VI, visita la Cath\u00e9drale. Le 31 ao\u00fbt 1969, y entra le cardinal Karol Wojtyla, futur pape Jean-Paul II. On ne savait pas, alors, que le 10 septembre 1984, il reviendrait en cette m\u00eame Cath\u00e9drale et serait le premier pape \u00e0 visiter le Canada.<\/p>\n<\/div>\n","protected":false},"excerpt":{"rendered":"<p>La construction de la Cath\u00e9drale connut deux grandes \u00e9tapes: de 1870 \u00e0 1878 et de 1885 \u00e0 1894. \u00c0 l&rsquo;origine, l&rsquo;\u00e9glise devait faire face \u00e0 la rue de La Gaucheti\u00e8re et \u00e0 la cit\u00e9 existante, mais la Ville refusa le &hellip; <a href=\"https:\/\/microsites.diocesemontreal.org\/microsites\/cathedralecatholiquedemontreal\/histoire\/\">Continuer la lecture <span class=\"meta-nav\">&rarr;<\/span><\/a><\/p>\n","protected":false},"author":12,"featured_media":0,"parent":0,"menu_order":2,"comment_status":"closed","ping_status":"closed","template":"","meta":{"_monsterinsights_skip_tracking":false,"_monsterinsights_sitenote_active":false,"_monsterinsights_sitenote_note":"","_monsterinsights_sitenote_category":0,"footnotes":""},"class_list":["post-28","page","type-page","status-publish","hentry"],"_links":{"self":[{"href":"https:\/\/microsites.diocesemontreal.org\/microsites\/cathedralecatholiquedemontreal\/wp-json\/wp\/v2\/pages\/28","targetHints":{"allow":["GET"]}}],"collection":[{"href":"https:\/\/microsites.diocesemontreal.org\/microsites\/cathedralecatholiquedemontreal\/wp-json\/wp\/v2\/pages"}],"about":[{"href":"https:\/\/microsites.diocesemontreal.org\/microsites\/cathedralecatholiquedemontreal\/wp-json\/wp\/v2\/types\/page"}],"author":[{"embeddable":true,"href":"https:\/\/microsites.diocesemontreal.org\/microsites\/cathedralecatholiquedemontreal\/wp-json\/wp\/v2\/users\/12"}],"replies":[{"embeddable":true,"href":"https:\/\/microsites.diocesemontreal.org\/microsites\/cathedralecatholiquedemontreal\/wp-json\/wp\/v2\/comments?post=28"}],"version-history":[{"count":4,"href":"https:\/\/microsites.diocesemontreal.org\/microsites\/cathedralecatholiquedemontreal\/wp-json\/wp\/v2\/pages\/28\/revisions"}],"predecessor-version":[{"id":560,"href":"https:\/\/microsites.diocesemontreal.org\/microsites\/cathedralecatholiquedemontreal\/wp-json\/wp\/v2\/pages\/28\/revisions\/560"}],"wp:attachment":[{"href":"https:\/\/microsites.diocesemontreal.org\/microsites\/cathedralecatholiquedemontreal\/wp-json\/wp\/v2\/media?parent=28"}],"curies":[{"name":"wp","href":"https:\/\/api.w.org\/{rel}","templated":true}]}}

<p><strong>La construction de la Cathédrale connut deux grandes étapes: de 1870 à 1878 et de 1885 à 1894.</strong></p>
<div style="text-align: justify">
<p><img loading="lazy" decoding="async" class="aligncenter" title="" src="https://microsites.diocesemontreal.org/microsites/cathedralecatholiquedemontreal/wp-content/uploads/sites/11/2016/10/3650673_1.jpg" alt="" width="582" height="374" /></p>
<p>À l&rsquo;origine, l&rsquo;église devait faire face à la rue de La Gauchetière et à la cité existante, mais la Ville refusa le zonage du terrain d&rsquo;en face à titre de «parc public». Refus qui eut d&rsquo;heureuses répercussions, puisque il est avantageux que la Cathédrale ouvre sur le boulevard René-Lévesque, grande artère du centre-ville.</p>
<p>La première pierre fut posée le 28 août 1870. Les travaux, qui se trouvaient interrompus chaque fois que l&rsquo;on manquait de fonds, progressèrent très lentement. En 1878, l&rsquo;édifice n&rsquo;était pas encore couvert, et les quatre piliers attendaient le dôme. Deux événements marquèrent cette première période: la crise financière de 1875-1876 (qui entraîna l&rsquo;arrêt des travaux deux ans plus tard); et la démission, le 11 mai 1876, de Mgr Ignace Bourget, qui fut immédiatement remplacé par son coadjuteur, Mgr Édouard-Charles Fabre.</p>
<p><img loading="lazy" decoding="async" class="size-medium wp-image-559 aligncenter" src="http://microsites.diocesemontreal.org/microsites/cathedralecatholiquedemontreal/wp-content/uploads/sites/11/2018/09/1387A03D-DE82-413D-A516-42EA806F66C4-300x300.jpg" alt="" width="300" height="300" srcset="https://microsites.diocesemontreal.org/microsites/cathedralecatholiquedemontreal/wp-content/uploads/sites/11/2018/09/1387A03D-DE82-413D-A516-42EA806F66C4-300x300.jpg 300w, https://microsites.diocesemontreal.org/microsites/cathedralecatholiquedemontreal/wp-content/uploads/sites/11/2018/09/1387A03D-DE82-413D-A516-42EA806F66C4-150x150.jpg 150w, https://microsites.diocesemontreal.org/microsites/cathedralecatholiquedemontreal/wp-content/uploads/sites/11/2018/09/1387A03D-DE82-413D-A516-42EA806F66C4-768x768.jpg 768w, https://microsites.diocesemontreal.org/microsites/cathedralecatholiquedemontreal/wp-content/uploads/sites/11/2018/09/1387A03D-DE82-413D-A516-42EA806F66C4-1024x1024.jpg 1024w, https://microsites.diocesemontreal.org/microsites/cathedralecatholiquedemontreal/wp-content/uploads/sites/11/2018/09/1387A03D-DE82-413D-A516-42EA806F66C4.jpg 2048w" sizes="auto, (max-width: 300px) 100vw, 300px" /></p>
<p>L&rsquo;arrêt des travaux dura sept ans au cours desquels Mgr Bourget se fit «quêteur» pour aider son successeur à résoudre les difficultés financières du diocèse. En dépit d&rsquo;un grand âge et d&rsquo;une santé précaire, Mgr Bourget visita quelque 150 paroisses. Cinq jours après sa mort, le 8 juin 1885, sa dépouille mortelle fut déposée dans un caveau de la Cathédrale inachevée. On y transporta les restes de Mgr Lartigue, exhumés de l&rsquo;église Notre-Dame-de-la-Pitié.</p>
<p>La Cathédrale abritant le tombeau des évêques, il fallait en hâter l&rsquo;achèvement, car la neige et le gel s&rsquo;accumulaient, l&rsquo;hiver, entre les murailles. Les travaux se poursuivirent pendant six ans, en grande partie grâce au dévouement du procureur de l&rsquo;oeuvre de la Cathédrale, M. le chanoine Racicot, ainsi que des recettes du grand bazar de 1886: 27,000$.</p>
<p>Le dôme fut achevé en 1886. Au mois d&rsquo;août de la même année, la haute croix de dix-huit pieds de hauteur, en fer forgé, pesant 1,600 livres, fut fixée à son sommet. (Elle fut remplacée, en 1958, par une croix en aluminium de vingt pieds de hauteur.)</p>
<p>Mgr Fabre inaugura la Cathédrale le jour de Pâques, soit le 25 mars 1894, 42 ans après l&rsquo;incendie de l&rsquo;ancienne Cathédrale. À Montréal, c&rsquo;était le premier édifice à avoir coûté plus d&rsquo;un million de dollars. Il dominait alors toutes les autres constructions. Les Montréalais étaient fiers de posséder, en Amérique, la seule réplique de la Basilique Saint-Pierre-de-Rome.</p>
<p>Les travaux n&rsquo;étaient pas achevés pour autant. En effet, l&rsquo;exécution des statues de la façade se poursuivit jusqu&rsquo;en 1900, année où l&rsquo;on procéda à l&rsquo;installation du baldaquin.</p>
<p>Le 30 avril 1904, Mgr Paul Bruchési décréta l&rsquo;établissement d&rsquo;une paroisse-cathédrale qui inclurait des portions de territoire des paroisses Notre-Dame et Saint-Joseph.</p>
<p>En 1919, le pape Benoît XV, à la demande de Mgr Bruchési, conféra le titre de Basilique mineure à la Cathédrale Saint-Jacques-le-Majeur. En 1933, la splendide chapelle mortuaire des évêques fut inaugurée par Mgr Georges Gauthier, cinquième évêque et troisième archevêque de Montréal.</p>
<p><img loading="lazy" decoding="async" class="aligncenter" title="" src="https://microsites.diocesemontreal.org/microsites/cathedralecatholiquedemontreal/wp-content/uploads/sites/11/2016/10/CathHist1.jpeg" alt="" width="551" height="341" /></p>
<p>Enfin, la Cathédrale subit une importante transformation entre 1955 et 1960. Le cardinal Paul-Émile Léger avait organisé, à cette fin, une opération de levée de fonds. C&rsquo;est également à la demande du cardinal Léger que le pape Pie XII conféra à la Basilique le nouveau vocable de Marie-Reine-du-Monde.</p>
<p>Le 20 août 1951, Mgr Giovanni-Battista Montini, futur pape Paul VI, visita la Cathédrale. Le 31 août 1969, y entra le cardinal Karol Wojtyla, futur pape Jean-Paul II. On ne savait pas, alors, que le 10 septembre 1984, il reviendrait en cette même Cathédrale et serait le premier pape à visiter le Canada.</p>
</div>

<p>La construction de la Cathédrale connut deux grandes étapes: de 1870 à 1878 et de 1885 à 1894. À l&rsquo;origine, l&rsquo;église devait faire face à la rue de La Gauchetière et à la cité existante, mais la Ville refusa le &hellip; <a href="https://microsites.diocesemontreal.org/microsites/cathedralecatholiquedemontreal/histoire/">Continuer la lecture <span class="meta-nav">&rarr;</span></a></p>
