{"id":85,"date":"2016-10-08T10:53:40","date_gmt":"2016-10-08T14:53:40","guid":{"rendered":"http:\/\/microsites.diocesemontreal.org\/micrositesues\/cathedralecatholiquedemontreal\/?page_id=85"},"modified":"2023-02-19T20:18:44","modified_gmt":"2023-02-20T01:18:44","slug":"messe","status":"publish","type":"page","link":"https:\/\/microsites.diocesemontreal.org\/microsites\/cathedralecatholiquedemontreal\/messe\/","title":{"rendered":"Messe"},"content":{"rendered":"<p><span style=\"color: #ff0000\"><strong>Messes dominicales<\/strong><\/span><\/p>\n<p><strong>Samedi :<\/strong> Fran\u00e7ais: 17h00<\/p>\n<p><strong>Dimanche :<\/strong> <strong>Anglais: 8h00 (en direct sur Salt and Light Media)<\/strong><br \/>\nFran\u00e7ais: 9h30 (en direct sur Sel et Lumi\u00e8re), 11h00, 12h15 et 17h00.<\/p>\n<p><span style=\"color: #ff0000\"><strong>Messes en semaine<\/strong><\/span><\/p>\n<p><strong>Du lundi au vendredi<\/strong> : Fran\u00e7ais: 7h30 (en direct sur Sel et Lumi\u00e8re), 12h10 et 17h00<\/p>\n<p><strong>Samedi<\/strong> : 7h30 (en direct sur Sel et Lumi\u00e8re) et 12h10<\/p>\n<p><img loading=\"lazy\" decoding=\"async\" class=\"alignnone size-full wp-image-968\" src=\"https:\/\/microsites.diocesemontreal.org\/microsites\/cathedralecatholiquedemontreal\/wp-content\/uploads\/sites\/11\/2020\/09\/5CAA2C08-05C8-42E7-9F06-0736B1A5D78E.jpeg\" alt=\"\" width=\"526\" height=\"526\" srcset=\"https:\/\/microsites.diocesemontreal.org\/microsites\/cathedralecatholiquedemontreal\/wp-content\/uploads\/sites\/11\/2020\/09\/5CAA2C08-05C8-42E7-9F06-0736B1A5D78E.jpeg 526w, https:\/\/microsites.diocesemontreal.org\/microsites\/cathedralecatholiquedemontreal\/wp-content\/uploads\/sites\/11\/2020\/09\/5CAA2C08-05C8-42E7-9F06-0736B1A5D78E-300x300.jpeg 300w, https:\/\/microsites.diocesemontreal.org\/microsites\/cathedralecatholiquedemontreal\/wp-content\/uploads\/sites\/11\/2020\/09\/5CAA2C08-05C8-42E7-9F06-0736B1A5D78E-150x150.jpeg 150w\" sizes=\"auto, (max-width: 526px) 100vw, 526px\" \/><\/p>\n","protected":false},"excerpt":{"rendered":"<p>Messes dominicales Samedi : Fran\u00e7ais: 17h00 Dimanche : Anglais: 8h00 (en direct sur Salt and Light Media) Fran\u00e7ais: 9h30 (en direct sur Sel et Lumi\u00e8re), 11h00, 12h15 et 17h00. Messes en semaine Du lundi au vendredi : Fran\u00e7ais: 7h30 (en &hellip; <a href=\"https:\/\/microsites.diocesemontreal.org\/microsites\/cathedralecatholiquedemontreal\/messe\/\">Continuer la lecture <span class=\"meta-nav\">&rarr;<\/span><\/a><\/p>\n","protected":false},"author":12,"featured_media":0,"parent":0,"menu_order":7,"comment_status":"closed","ping_status":"closed","template":"","meta":{"_monsterinsights_skip_tracking":false,"_monsterinsights_sitenote_active":false,"_monsterinsights_sitenote_note":"","_monsterinsights_sitenote_category":0,"footnotes":""},"class_list":["post-85","page","type-page","status-publish","hentry"],"_links":{"self":[{"href":"https:\/\/microsites.diocesemontreal.org\/microsites\/cathedralecatholiquedemontreal\/wp-json\/wp\/v2\/pages\/85","targetHints":{"allow":["GET"]}}],"collection":[{"href":"https:\/\/microsites.diocesemontreal.org\/microsites\/cathedralecatholiquedemontreal\/wp-json\/wp\/v2\/pages"}],"about":[{"href":"https:\/\/microsites.diocesemontreal.org\/microsites\/cathedralecatholiquedemontreal\/wp-json\/wp\/v2\/types\/page"}],"author":[{"embeddable":true,"href":"https:\/\/microsites.diocesemontreal.org\/microsites\/cathedralecatholiquedemontreal\/wp-json\/wp\/v2\/users\/12"}],"replies":[{"embeddable":true,"href":"https:\/\/microsites.diocesemontreal.org\/microsites\/cathedralecatholiquedemontreal\/wp-json\/wp\/v2\/comments?post=85"}],"version-history":[{"count":7,"href":"https:\/\/microsites.diocesemontreal.org\/microsites\/cathedralecatholiquedemontreal\/wp-json\/wp\/v2\/pages\/85\/revisions"}],"predecessor-version":[{"id":1332,"href":"https:\/\/microsites.diocesemontreal.org\/microsites\/cathedralecatholiquedemontreal\/wp-json\/wp\/v2\/pages\/85\/revisions\/1332"}],"wp:attachment":[{"href":"https:\/\/microsites.diocesemontreal.org\/microsites\/cathedralecatholiquedemontreal\/wp-json\/wp\/v2\/media?parent=85"}],"curies":[{"name":"wp","href":"https:\/\/api.w.org\/{rel}","templated":true}]}}