{"id":3809,"date":"2018-02-01T18:05:00","date_gmt":"2018-02-01T23:05:00","guid":{"rendered":"http:\/\/microsites.diocesemontreal.org\/microsites\/jmj\/?page_id=3809"},"modified":"2018-02-05T12:55:15","modified_gmt":"2018-02-05T17:55:15","slug":"procedures-inscription","status":"publish","type":"page","link":"https:\/\/microsites.diocesemontreal.org\/microsites\/jmj\/en\/procedures-inscription\/","title":{"rendered":"Proc\u00e9dures d&#8217;inscription"},"content":{"rendered":"<p>[et_pb_section bb_built=&#8221;1&#8243; background_color=&#8221;#0000ff&#8221; _builder_version=&#8221;3.0.95&#8243; background_blend=&#8221;multiply&#8221; custom_padding=&#8221;0px|0px|0px|0px&#8221; custom_css_main_element=&#8221;||||&#8221;][et_pb_row make_fullwidth=&#8221;on&#8221; use_custom_gutter=&#8221;on&#8221; gutter_width=&#8221;1&#8243; custom_padding=&#8221;0px|0px|0px|0px&#8221; _builder_version=&#8221;3.0.91&#8243; background_size=&#8221;initial&#8221; background_position=&#8221;top_left&#8221; background_repeat=&#8221;repeat&#8221;][et_pb_column type=&#8221;4_4&#8243;][et_pb_image src=&#8221;https:\/\/microsites.diocesemontreal.org\/microsites\/jmj\/wp-content\/uploads\/sites\/5\/2017\/12\/topwave.png&#8221; _builder_version=&#8221;3.0.91&#8243; custom_padding=&#8221;|||&#8221; \/][\/et_pb_column][\/et_pb_row][et_pb_row _builder_version=&#8221;3.0.47&#8243; background_size=&#8221;initial&#8221; background_position=&#8221;top_left&#8221; background_repeat=&#8221;repeat&#8221; custom_padding=&#8221;27px|0px|26px|0px&#8221;][et_pb_column type=&#8221;4_4&#8243;][et_pb_text _builder_version=&#8221;3.0.95&#8243; background_layout=&#8221;dark&#8221; text_orientation=&#8221;center&#8221; text_font=&#8221;||||||||&#8221;]<\/p>\n<h1><strong>Proc\u00e9dures d&#8217;inscription<\/strong><\/h1>\n<p>[\/et_pb_text][\/et_pb_column][\/et_pb_row][et_pb_row make_fullwidth=&#8221;on&#8221; use_custom_gutter=&#8221;on&#8221; gutter_width=&#8221;1&#8243; custom_padding=&#8221;0px|0px|0px|0px&#8221; _builder_version=&#8221;3.0.91&#8243; background_size=&#8221;initial&#8221; background_position=&#8221;top_left&#8221; background_repeat=&#8221;repeat&#8221;][et_pb_column type=&#8221;4_4&#8243;][et_pb_image src=&#8221;https:\/\/microsites.diocesemontreal.org\/microsites\/jmj\/wp-content\/uploads\/sites\/5\/2017\/12\/botwave.png&#8221; show_bottom_space=&#8221;off&#8221; _builder_version=&#8221;3.0.91&#8243; custom_padding=&#8221;|||&#8221; \/][\/et_pb_column][\/et_pb_row][\/et_pb_section][et_pb_section bb_built=&#8221;1&#8243; _builder_version=&#8221;3.0.47&#8243;][et_pb_row _builder_version=&#8221;3.0.95&#8243; background_size=&#8221;initial&#8221; background_position=&#8221;top_left&#8221; background_repeat=&#8221;repeat&#8221;][et_pb_column type=&#8221;4_4&#8243;][et_pb_text _builder_version=&#8221;3.0.95&#8243; header_font=&#8221;||||||||&#8221; header_5_font=&#8221;|300|||||||&#8221; header_5_text_color=&#8221;#1270ff&#8221; header_6_font=&#8221;||||||||&#8221; header_6_text_color=&#8221;#000000&#8243;]<\/p>\n<h2><strong>\u00c9tape 1:<\/strong><br \/>\nInscription de groupe<\/h2>\n<p>&nbsp;<\/p>\n<h5>CONSIGNES<\/h5>\n<p>Le responsable de groupe:<\/p>\n<ul>\n<li>\n<h6>Inscrit le groupe en ligne<\/h6>\n<\/li>\n<li>\n<h6>recevra un courriel qui contient un code unique \u00e0 chaque groupe avec les consignes pour l\u2019inscription individuelle de chaque membre du groupe.<\/h6>\n<\/li>\n<\/ul>\n<h6><\/h6>\n<p>&nbsp;<\/p>\n<h5>\u00c9L\u00c9MENTS N\u00c9CESSAIRES<\/h5>\n<p>Le responsable de groupe aura besoin:<\/p>\n<h6>I. Formulaire d\u2019attestation<\/h6>\n<p>Formulaire doit \u00eatre d\u00fbment rempli, en format pdf, jpg, png, doc ou docx (max. 400KB)<\/p>\n<h6>II. Adresse courriel valide<\/h6>\n<p>Un adresse courriel que vous consultez souvent et que vous partagerez avec les p\u00e8lerins de votre groupe et Mission Jeunesse MTL<\/p>\n<h6>III.Pr\u00e9nom, nom et sexe de chaque p\u00e8lerin de votre groupe<\/h6>\n<p>Tels qu\u2019\u00e9crits dans le passeport<\/p>\n<h6>IV.Un forfait pour votre groupe JMJ<\/h6>\n<p>Votre groupe doit choisir seulement un forfait<\/p>\n<p>[\/et_pb_text][\/et_pb_column][\/et_pb_row][\/et_pb_section][et_pb_section bb_built=&#8221;1&#8243; _builder_version=&#8221;3.0.95&#8243; background_color=&#8221;#f4f4f4&#8243; custom_padding=&#8221;0px|0px|0px|0px&#8221;][et_pb_row make_fullwidth=&#8221;on&#8221; use_custom_gutter=&#8221;on&#8221; gutter_width=&#8221;1&#8243; custom_padding=&#8221;0px|0px|0px|0px&#8221; _builder_version=&#8221;3.0.91&#8243; background_size=&#8221;initial&#8221; background_position=&#8221;top_left&#8221; background_repeat=&#8221;repeat&#8221;][et_pb_column type=&#8221;4_4&#8243;][et_pb_image src=&#8221;https:\/\/microsites.diocesemontreal.org\/microsites\/jmj\/wp-content\/uploads\/sites\/5\/2017\/12\/topwave.png&#8221; _builder_version=&#8221;3.0.91&#8243; custom_padding=&#8221;|||&#8221; \/][\/et_pb_column][\/et_pb_row][et_pb_row _builder_version=&#8221;3.0.95&#8243; background_size=&#8221;initial&#8221; background_position=&#8221;top_left&#8221; background_repeat=&#8221;repeat&#8221;][et_pb_column type=&#8221;4_4&#8243;][et_pb_text _builder_version=&#8221;3.0.95&#8243; header_font=&#8221;||||||||&#8221; header_5_font=&#8221;|300|||||||&#8221; header_5_text_color=&#8221;#1270ff&#8221; header_6_font=&#8221;||||||||&#8221; header_6_text_color=&#8221;#000000&#8243;]<\/p>\n<h2><strong>\u00c9tape 2:<\/strong><br \/>\nInscription individuelle des membres du groupe<\/h2>\n<p>&nbsp;<\/p>\n<h5>CONSIGNES<\/h5>\n<ul>\n<li>\n<h6><strong>Le responsable de groupe<\/strong>\u00a0envoie aux p\u00e8lerins le courriel de confirmation qui contient les consignes pour l\u2019inscription individuelle<\/h6>\n<\/li>\n<li>\n<h6><strong>Chaque p\u00e8lerin<\/strong>\u00a0s\u2019inscrit individuellement (incluant le responsable de groupe).<\/h6>\n<\/li>\n<li>\n<h6>Le responsable du groupe et le p\u00e8lerin recevront une confirmation d\u2019inscription par courriel chaque fois qu\u2019un p\u00e8lerin s\u2019inscrit dans son groupe. Si le responsable de groupe re\u00e7oit une confirmation d\u2019inscription d\u2019un p\u00e8lerin ne faisant pas partie de son groupe, il-elle doit aviser Mission Jeunesse imm\u00e9diatement.<\/h6>\n<\/li>\n<\/ul>\n<p>&nbsp;<\/p>\n<h5>\u00c9L\u00c9MENTS N\u00c9CESSAIRES<\/h5>\n<p>Le p\u00e8lerin aura besoin:<\/p>\n<h6><strong>I. Copie lisible de son passeport avec la page photo visible<\/strong><\/h6>\n<p>En format pdf, jpg, png, doc ou docx (max. 400KB)<\/p>\n<h6><strong>II. Photo individuelle<\/strong><\/h6>\n<p>(selon les crit\u00e8res du photo JMJ) 400KB max<\/p>\n<h6><strong>III.\u00a0Courriel de confirmation de l&#8217;inscription du groupe\u00a0<em>(fourni par le responsable de groupe)\u00a0<\/em><\/strong><\/h6>\n<p>Ce courriel contient:<\/p>\n<ul>\n<li>Code unique du groupe<\/li>\n<li>Adresse courriel validue du\u00a0<strong>Responsable de Groupe<\/strong><\/li>\n<li>Consignes pour l&#8217;inscription individuelle<\/li>\n<\/ul>\n<h6><strong>IV. Preuve d&#8217;assurance seulement pour les individus qui d\u00e9sirent recevoir l&#8217;exemption <\/strong>(max. 400KB)<strong><em>\u00a0<\/em><\/strong><\/h6>\n<p>&nbsp;<\/p>\n<p>[\/et_pb_text][\/et_pb_column][\/et_pb_row][et_pb_row make_fullwidth=&#8221;on&#8221; use_custom_gutter=&#8221;on&#8221; gutter_width=&#8221;1&#8243; custom_padding=&#8221;0px|0px|0px|0px&#8221; _builder_version=&#8221;3.0.91&#8243; background_size=&#8221;initial&#8221; background_position=&#8221;top_left&#8221; background_repeat=&#8221;repeat&#8221;][et_pb_column type=&#8221;4_4&#8243;][et_pb_image src=&#8221;https:\/\/microsites.diocesemontreal.org\/microsites\/jmj\/wp-content\/uploads\/sites\/5\/2017\/12\/botwave.png&#8221; show_bottom_space=&#8221;off&#8221; _builder_version=&#8221;3.0.91&#8243; custom_padding=&#8221;|||&#8221; \/][\/et_pb_column][\/et_pb_row][\/et_pb_section][et_pb_section bb_built=&#8221;1&#8243; _builder_version=&#8221;3.0.47&#8243;][et_pb_row _builder_version=&#8221;3.0.95&#8243; background_size=&#8221;initial&#8221; background_position=&#8221;top_left&#8221; background_repeat=&#8221;repeat&#8221;][et_pb_column type=&#8221;4_4&#8243;][et_pb_text _builder_version=&#8221;3.0.95&#8243; header_font=&#8221;||||||||&#8221; header_5_font=&#8221;|300|||||||&#8221; header_5_text_color=&#8221;#1270ff&#8221; header_6_font=&#8221;||||||||&#8221; header_6_text_color=&#8221;#000000&#8243;]<\/p>\n<h2><strong>\u00c9tape 3:<\/strong><br \/>\nFournir les documents et les paiements<\/h2>\n<p>&nbsp;<\/p>\n<h5>CONSIGNES<\/h5>\n<ul>\n<li>\n<h6><strong>Le responsable de groupe<\/strong> \u00a0se pr\u00e9sente aux rencontres de responsables de groupe JMJ (ou par rendez-vous, selon la date d&#8217;inscription et les d\u00e9lais de paiements) avec les documents et paiements requis pour chaque p\u00e8lerin.<\/h6>\n<\/li>\n<li>\n<h6>Veuillez noter que pour qu\u2019une inscription soit valide, toutes les documentations et tous les paiements doivent \u00eatre \u00e0 jour.<\/h6>\n<\/li>\n<\/ul>\n<h5>\u00c9L\u00c9MENTS N\u00c9CESSAIRES<\/h5>\n<ul>\n<li style=\"list-style-type: none\">\n<ul>\n<li>\n<h6><strong>Courriel de confirmation de l&#8217;inscription du groupe<\/strong>\u00a0(imprim\u00e9)<\/h6>\n<\/li>\n<li>\n<h6><strong>Courriel de confirmation de l&#8217;inscription individuelle de chaque membre du groupe<\/strong> (Imprim\u00e9)<\/h6>\n<\/li>\n<li>\n<h6><strong>Premier d\u00e9p\u00f4t de 500$ (Non remboursable)\u00a0<\/strong><\/h6>\n<p>pour chaque membre de votre groupe est requis lors de l&#8217;inscription (pour ceux qui s&#8217;inscrivent en ligne et paient imm\u00e9diatement par paypal), ou lors de la prochaine rencontre des responsables de groupes JMJ, our par rendez-vous, selon la date d&#8217;inscription.<\/li>\n<\/ul>\n<\/li>\n<\/ul>\n<h5><\/h5>\n<h5>MISE-\u00c0-JOUR SEULEMENT<\/h5>\n<ul>\n<li style=\"list-style-type: none\">\n<ul>\n<li>\n<h6>Preuve d\u2019assurance seulement pour chaque individu qui d\u00e9sire recevoir l\u2019exemption<\/h6>\n<\/li>\n<li>\n<h6>Photocopie lisible du passeport mis-\u00e0-jour<\/h6>\n<\/li>\n<\/ul>\n<\/li>\n<\/ul>\n<h4><strong>Prenez soin de conserver une copie personnelle de chacune des fiches individuelles et des courriels re\u00e7us.<\/strong><\/h4>\n<h4><strong>Les inscriptions SANS le premier paiement non-remboursable de 500$ ne seront pas accept\u00e9es<\/strong><\/h4>\n<p>&nbsp;<\/p>\n<p>[\/et_pb_text][\/et_pb_column][\/et_pb_row][\/et_pb_section][et_pb_section bb_built=&#8221;1&#8243; module_id=&#8221;mjym&#8221; _builder_version=&#8221;3.0.93&#8243; saved_tabs=&#8221;all&#8221; global_module=&#8221;3147&#8243;][et_pb_row global_parent=&#8221;3147&#8243; custom_width_percent=&#8221;85%&#8221; custom_padding=&#8221;|||&#8221; _builder_version=&#8221;3.0.93&#8243;][et_pb_column type=&#8221;1_4&#8243;][et_pb_image global_parent=&#8221;3147&#8243; src=&#8221;https:\/\/microsites.diocesemontreal.org\/microsites\/jmj\/wp-content\/uploads\/sites\/5\/2017\/12\/mj_logomark_color-w160.png&#8221; url=&#8221;http:\/\/missionjeunessemtl.org&#8221; align=&#8221;center&#8221; _builder_version=&#8221;3.0.93&#8243;]<\/p>\n<p>&nbsp;<\/p>\n<p>[\/et_pb_image][\/et_pb_column][et_pb_column type=&#8221;1_4&#8243;][et_pb_text global_parent=&#8221;3147&#8243; _builder_version=&#8221;3.0.93&#8243; text_text_color=&#8221;#000000&#8243; text_line_height=&#8221;1.5em&#8221; text_font=&#8221;||||||||&#8221; text_font_size=&#8221;15px&#8221;]<\/p>\n<p><strong>Mission Jeunesse Montr\u00e9al<\/strong><br \/>\n2000 rue Sherbrooke O.<br \/>\nMontr\u00e9al, QC H3H 1G4<br \/>\n<a href=\"mailto:missionjeunesse@diocesemontreal.org\">jeunesse@diocesemontreal.org<\/a><br \/>\n(514) 925-4300<\/p>\n<p>[\/et_pb_text][\/et_pb_column][et_pb_column type=&#8221;1_2&#8243;][et_pb_text global_parent=&#8221;3147&#8243; _builder_version=&#8221;3.0.93&#8243; text_font_size=&#8221;12px&#8221; text_line_height=&#8221;1.5em&#8221;]<\/p>\n<p><strong>Qui sommes-nous?<\/strong><\/p>\n<p>L\u2019\u00e9quipe Mission Jeunesse Montr\u00e9al est mandat\u00e9 par l\u2019Archev\u00eaque de Montr\u00e9al pour promouvoir et soutenir le potentiel de la jeunesse (13-35 ans) et la mission aupr\u00e8s des jeunes \u00e0 travers la communication, la formation, l\u2019animation et le r\u00e9sautage dans l\u2019Archidioc\u00e8se en communion avec sa vision pastorale.<\/p>\n<p>Mission Jeunesse Montr\u00e9al apporte soutien, vision et formation aupr\u00e8s des paroisses, communaut\u00e9s, groupes et mouvements de jeunes dans la mission. Ce soutien se concr\u00e9tise \u00e0 travers des services de coordination, de consultation, de conseil, d\u2019\u00e9coute, de formation, d\u2019\u00e9quipes locales et des occasions pour le r\u00e9seautage et le partage de ressources.<\/p>\n<p>[\/et_pb_text][\/et_pb_column][\/et_pb_row][\/et_pb_section]<\/p>\n","protected":false},"excerpt":{"rendered":"<p>Proc\u00e9dures d&#8217;inscription \u00c9tape 1: Inscription de groupe &nbsp; CONSIGNES Le responsable de groupe: Inscrit le groupe en ligne recevra un courriel qui contient un code unique \u00e0 chaque groupe avec les consignes pour l\u2019inscription individuelle de chaque membre du groupe. &nbsp; \u00c9L\u00c9MENTS N\u00c9CESSAIRES Le responsable de groupe aura besoin: I. Formulaire d\u2019attestation Formulaire doit \u00eatre [&hellip;]<\/p>\n","protected":false},"author":6,"featured_media":0,"parent":0,"menu_order":0,"comment_status":"closed","ping_status":"closed","template":"","meta":{"_et_pb_use_builder":"on","_et_pb_old_content":"","_et_gb_content_width":"","_monsterinsights_skip_tracking":false,"_monsterinsights_sitenote_active":false,"_monsterinsights_sitenote_note":"","_monsterinsights_sitenote_category":0,"footnotes":""},"class_list":["post-3809","page","type-page","status-publish","hentry"],"yoast_head":"<!-- This site is optimized with the Yoast SEO plugin v26.4 - https:\/\/yoast.com\/wordpress\/plugins\/seo\/ -->\n<title>Proc\u00e9dures d&#039;inscription - JMJWYDMTL<\/title>\n<meta name=\"robots\" content=\"index, follow, max-snippet:-1, max-image-preview:large, max-video-preview:-1\" \/>\n<link rel=\"canonical\" href=\"https:\/\/microsites.diocesemontreal.org\/microsites\/jmj\/en\/procedures-inscription\/\" \/>\n<meta property=\"og:locale\" content=\"en_US\" \/>\n<meta property=\"og:type\" content=\"article\" \/>\n<meta property=\"og:title\" content=\"Proc\u00e9dures d&#039;inscription - JMJWYDMTL\" \/>\n<meta property=\"og:description\" content=\"Proc\u00e9dures d&#039;inscription \u00c9tape 1: Inscription de groupe &nbsp; CONSIGNES Le responsable de groupe: Inscrit le groupe en ligne recevra un courriel qui contient un code unique \u00e0 chaque groupe avec les consignes pour l\u2019inscription individuelle de chaque membre du groupe. &nbsp; \u00c9L\u00c9MENTS N\u00c9CESSAIRES Le responsable de groupe aura besoin: I. Formulaire d\u2019attestation Formulaire doit \u00eatre [&hellip;]\" \/>\n<meta property=\"og:url\" content=\"https:\/\/microsites.diocesemontreal.org\/microsites\/jmj\/en\/procedures-inscription\/\" \/>\n<meta property=\"og:site_name\" content=\"JMJWYDMTL\" \/>\n<meta property=\"article:modified_time\" content=\"2018-02-05T17:55:15+00:00\" \/>\n<meta name=\"twitter:card\" content=\"summary_large_image\" \/>\n<meta name=\"twitter:label1\" content=\"Est. reading time\" \/>\n\t<meta name=\"twitter:data1\" content=\"6 minutes\" \/>\n<script type=\"application\/ld+json\" class=\"yoast-schema-graph\">{\"@context\":\"https:\/\/schema.org\",\"@graph\":[{\"@type\":\"WebPage\",\"@id\":\"https:\/\/microsites.diocesemontreal.org\/microsites\/jmj\/en\/procedures-inscription\/\",\"url\":\"https:\/\/microsites.diocesemontreal.org\/microsites\/jmj\/en\/procedures-inscription\/\",\"name\":\"Proc\u00e9dures d'inscription - JMJWYDMTL\",\"isPartOf\":{\"@id\":\"https:\/\/microsites.diocesemontreal.org\/microsites\/jmj\/#website\"},\"datePublished\":\"2018-02-01T23:05:00+00:00\",\"dateModified\":\"2018-02-05T17:55:15+00:00\",\"breadcrumb\":{\"@id\":\"https:\/\/microsites.diocesemontreal.org\/microsites\/jmj\/en\/procedures-inscription\/#breadcrumb\"},\"inLanguage\":\"en-CA\",\"potentialAction\":[{\"@type\":\"ReadAction\",\"target\":[\"https:\/\/microsites.diocesemontreal.org\/microsites\/jmj\/en\/procedures-inscription\/\"]}]},{\"@type\":\"BreadcrumbList\",\"@id\":\"https:\/\/microsites.diocesemontreal.org\/microsites\/jmj\/en\/procedures-inscription\/#breadcrumb\",\"itemListElement\":[{\"@type\":\"ListItem\",\"position\":1,\"name\":\"Accueil\",\"item\":\"https:\/\/microsites.diocesemontreal.org\/microsites\/jmj\/\"},{\"@type\":\"ListItem\",\"position\":2,\"name\":\"Proc\u00e9dures d&#8217;inscription\"}]},{\"@type\":\"WebSite\",\"@id\":\"https:\/\/microsites.diocesemontreal.org\/microsites\/jmj\/#website\",\"url\":\"https:\/\/microsites.diocesemontreal.org\/microsites\/jmj\/\",\"name\":\"JMJWYDMTL\",\"description\":\"D\u00e9l\u00e9gation Mission Jeunesse MTL\",\"publisher\":{\"@id\":\"https:\/\/microsites.diocesemontreal.org\/microsites\/jmj\/#organization\"},\"potentialAction\":[{\"@type\":\"SearchAction\",\"target\":{\"@type\":\"EntryPoint\",\"urlTemplate\":\"https:\/\/microsites.diocesemontreal.org\/microsites\/jmj\/?s={search_term_string}\"},\"query-input\":{\"@type\":\"PropertyValueSpecification\",\"valueRequired\":true,\"valueName\":\"search_term_string\"}}],\"inLanguage\":\"en-CA\"},{\"@type\":\"Organization\",\"@id\":\"https:\/\/microsites.diocesemontreal.org\/microsites\/jmj\/#organization\",\"name\":\"JMJWYDMTL\",\"url\":\"https:\/\/microsites.diocesemontreal.org\/microsites\/jmj\/\",\"logo\":{\"@type\":\"ImageObject\",\"inLanguage\":\"en-CA\",\"@id\":\"https:\/\/microsites.diocesemontreal.org\/microsites\/jmj\/#\/schema\/logo\/image\/\",\"url\":\"https:\/\/microsites.diocesemontreal.org\/microsites\/jmj\/wp-content\/uploads\/sites\/5\/2022\/02\/jmjwydmtl_logo-stamp-red.png\",\"contentUrl\":\"https:\/\/microsites.diocesemontreal.org\/microsites\/jmj\/wp-content\/uploads\/sites\/5\/2022\/02\/jmjwydmtl_logo-stamp-red.png\",\"width\":1280,\"height\":1280,\"caption\":\"JMJWYDMTL\"},\"image\":{\"@id\":\"https:\/\/microsites.diocesemontreal.org\/microsites\/jmj\/#\/schema\/logo\/image\/\"}}]}<\/script>\n<!-- \/ Yoast SEO plugin. -->","yoast_head_json":{"title":"Proc\u00e9dures d'inscription - JMJWYDMTL","robots":{"index":"index","follow":"follow","max-snippet":"max-snippet:-1","max-image-preview":"max-image-preview:large","max-video-preview":"max-video-preview:-1"},"canonical":"https:\/\/microsites.diocesemontreal.org\/microsites\/jmj\/en\/procedures-inscription\/","og_locale":"en_US","og_type":"article","og_title":"Proc\u00e9dures d'inscription - JMJWYDMTL","og_description":"Proc\u00e9dures d'inscription \u00c9tape 1: Inscription de groupe &nbsp; CONSIGNES Le responsable de groupe: Inscrit le groupe en ligne recevra un courriel qui contient un code unique \u00e0 chaque groupe avec les consignes pour l\u2019inscription individuelle de chaque membre du groupe. &nbsp; \u00c9L\u00c9MENTS N\u00c9CESSAIRES Le responsable de groupe aura besoin: I. Formulaire d\u2019attestation Formulaire doit \u00eatre [&hellip;]","og_url":"https:\/\/microsites.diocesemontreal.org\/microsites\/jmj\/en\/procedures-inscription\/","og_site_name":"JMJWYDMTL","article_modified_time":"2018-02-05T17:55:15+00:00","twitter_card":"summary_large_image","twitter_misc":{"Est. reading time":"6 minutes"},"schema":{"@context":"https:\/\/schema.org","@graph":[{"@type":"WebPage","@id":"https:\/\/microsites.diocesemontreal.org\/microsites\/jmj\/en\/procedures-inscription\/","url":"https:\/\/microsites.diocesemontreal.org\/microsites\/jmj\/en\/procedures-inscription\/","name":"Proc\u00e9dures d'inscription - JMJWYDMTL","isPartOf":{"@id":"https:\/\/microsites.diocesemontreal.org\/microsites\/jmj\/#website"},"datePublished":"2018-02-01T23:05:00+00:00","dateModified":"2018-02-05T17:55:15+00:00","breadcrumb":{"@id":"https:\/\/microsites.diocesemontreal.org\/microsites\/jmj\/en\/procedures-inscription\/#breadcrumb"},"inLanguage":"en-CA","potentialAction":[{"@type":"ReadAction","target":["https:\/\/microsites.diocesemontreal.org\/microsites\/jmj\/en\/procedures-inscription\/"]}]},{"@type":"BreadcrumbList","@id":"https:\/\/microsites.diocesemontreal.org\/microsites\/jmj\/en\/procedures-inscription\/#breadcrumb","itemListElement":[{"@type":"ListItem","position":1,"name":"Accueil","item":"https:\/\/microsites.diocesemontreal.org\/microsites\/jmj\/"},{"@type":"ListItem","position":2,"name":"Proc\u00e9dures d&#8217;inscription"}]},{"@type":"WebSite","@id":"https:\/\/microsites.diocesemontreal.org\/microsites\/jmj\/#website","url":"https:\/\/microsites.diocesemontreal.org\/microsites\/jmj\/","name":"JMJWYDMTL","description":"D\u00e9l\u00e9gation Mission Jeunesse MTL","publisher":{"@id":"https:\/\/microsites.diocesemontreal.org\/microsites\/jmj\/#organization"},"potentialAction":[{"@type":"SearchAction","target":{"@type":"EntryPoint","urlTemplate":"https:\/\/microsites.diocesemontreal.org\/microsites\/jmj\/?s={search_term_string}"},"query-input":{"@type":"PropertyValueSpecification","valueRequired":true,"valueName":"search_term_string"}}],"inLanguage":"en-CA"},{"@type":"Organization","@id":"https:\/\/microsites.diocesemontreal.org\/microsites\/jmj\/#organization","name":"JMJWYDMTL","url":"https:\/\/microsites.diocesemontreal.org\/microsites\/jmj\/","logo":{"@type":"ImageObject","inLanguage":"en-CA","@id":"https:\/\/microsites.diocesemontreal.org\/microsites\/jmj\/#\/schema\/logo\/image\/","url":"https:\/\/microsites.diocesemontreal.org\/microsites\/jmj\/wp-content\/uploads\/sites\/5\/2022\/02\/jmjwydmtl_logo-stamp-red.png","contentUrl":"https:\/\/microsites.diocesemontreal.org\/microsites\/jmj\/wp-content\/uploads\/sites\/5\/2022\/02\/jmjwydmtl_logo-stamp-red.png","width":1280,"height":1280,"caption":"JMJWYDMTL"},"image":{"@id":"https:\/\/microsites.diocesemontreal.org\/microsites\/jmj\/#\/schema\/logo\/image\/"}}]}},"_links":{"self":[{"href":"https:\/\/microsites.diocesemontreal.org\/microsites\/jmj\/wp-json\/wp\/v2\/pages\/3809","targetHints":{"allow":["GET"]}}],"collection":[{"href":"https:\/\/microsites.diocesemontreal.org\/microsites\/jmj\/wp-json\/wp\/v2\/pages"}],"about":[{"href":"https:\/\/microsites.diocesemontreal.org\/microsites\/jmj\/wp-json\/wp\/v2\/types\/page"}],"author":[{"embeddable":true,"href":"https:\/\/microsites.diocesemontreal.org\/microsites\/jmj\/wp-json\/wp\/v2\/users\/6"}],"replies":[{"embeddable":true,"href":"https:\/\/microsites.diocesemontreal.org\/microsites\/jmj\/wp-json\/wp\/v2\/comments?post=3809"}],"version-history":[{"count":6,"href":"https:\/\/microsites.diocesemontreal.org\/microsites\/jmj\/wp-json\/wp\/v2\/pages\/3809\/revisions"}],"predecessor-version":[{"id":3975,"href":"https:\/\/microsites.diocesemontreal.org\/microsites\/jmj\/wp-json\/wp\/v2\/pages\/3809\/revisions\/3975"}],"wp:attachment":[{"href":"https:\/\/microsites.diocesemontreal.org\/microsites\/jmj\/wp-json\/wp\/v2\/media?parent=3809"}],"curies":[{"name":"wp","href":"https:\/\/api.w.org\/{rel}","templated":true}]}}