{"id":4324,"date":"2018-05-10T13:22:17","date_gmt":"2018-05-10T18:22:17","guid":{"rendered":"http:\/\/microsites.diocesemontreal.org\/microsites\/jmj\/?page_id=4324"},"modified":"2018-09-21T15:28:07","modified_gmt":"2018-09-21T20:28:07","slug":"pas-de-groupe-pas-de-probleme","status":"publish","type":"page","link":"https:\/\/microsites.diocesemontreal.org\/microsites\/jmj\/en\/pas-de-groupe-pas-de-probleme\/","title":{"rendered":"Pas de groupe? Pas de probl\u00e8me!"},"content":{"rendered":"<p>[et_pb_section bb_built=&#8221;1&#8243; _builder_version=&#8221;3.2.1&#8243; background_image=&#8221;https:\/\/microsites.diocesemontreal.org\/microsites\/jmj\/wp-content\/uploads\/sites\/5\/2018\/05\/14242390_1764475773812169_1606712466512226259_o-e1525975886369.jpg&#8221; custom_margin=&#8221;|||&#8221; custom_padding=&#8221;200px|||&#8221; next_background_color=&#8221;#ff3636&#8243;][\/et_pb_section][et_pb_section bb_built=&#8221;1&#8243; _builder_version=&#8221;3.2.1&#8243; background_color=&#8221;#ff3636&#8243; prev_background_color=&#8221;#ffffff&#8221; next_background_color=&#8221;#ffffff&#8221;][et_pb_row _builder_version=&#8221;3.2.1&#8243;][et_pb_column type=&#8221;4_4&#8243;][et_pb_text _builder_version=&#8221;3.2.1&#8243; header_font=&#8221;|800|||||||&#8221; header_text_color=&#8221;#ffffff&#8221;]<\/p>\n<h1>Pas de groupe? Pas de probl\u00e8me!<\/h1>\n<p>[\/et_pb_text][\/et_pb_column][\/et_pb_row][\/et_pb_section][et_pb_section bb_built=&#8221;1&#8243; _builder_version=&#8221;3.0.47&#8243; prev_background_color=&#8221;#ff3636&#8243; next_background_color=&#8221;#ff3636&#8243;][et_pb_row _builder_version=&#8221;3.0.47&#8243; background_size=&#8221;initial&#8221; background_position=&#8221;top_left&#8221; background_repeat=&#8221;repeat&#8221;][et_pb_column type=&#8221;1_2&#8243;][et_pb_text _builder_version=&#8221;3.2.1&#8243; header_font=&#8221;||||||||&#8221; header_3_font=&#8221;|700|||||||&#8221; header_3_text_color=&#8221;#ff3636&#8243;]<\/p>\n<h3 style=\"text-align: justify\">Pour permettre aux jeunes adultes qui ne font pas partie d\u2019un groupe&#8230;mais..<\/h3>\n<p style=\"text-align: justify\">&#8230;qui aimeraient participer aux JMJ Panama 2019, le Service Mission Jeunesse Montr\u00e9al organise un groupe qui se nomme GROUPE JMJ MTL.<\/p>\n<ul style=\"text-align: justify\">\n<li>Ce groupe sera form\u00e9 de jeunes adultes de diff\u00e9rents mouvements, paroisses et communaut\u00e9s du dioc\u00e8se de Montr\u00e9al et de dioc\u00e8ses environnant.<\/li>\n<\/ul>\n<ul>\n<li style=\"text-align: justify\">Un responsable de groupe sera nomm\u00e9 par le Service Mission Jeunesse pour animer et coordonner le groupe.<\/li>\n<\/ul>\n<p>[\/et_pb_text][\/et_pb_column][et_pb_column type=&#8221;1_2&#8243;][et_pb_image src=&#8221;https:\/\/microsites.diocesemontreal.org\/microsites\/jmj\/wp-content\/uploads\/sites\/5\/2018\/05\/20627060_1764084797222785_946213374895734744_o.jpg&#8221; url=&#8221;http:\/\/bit.ly\/2uGviiL&#8221; _builder_version=&#8221;3.2.1&#8243; custom_margin=&#8221;-100px|||&#8221;]<br \/>\n[\/et_pb_image][\/et_pb_column][\/et_pb_row][\/et_pb_section][et_pb_section bb_built=&#8221;1&#8243; next_background_color=&#8221;#ffffff&#8221; _builder_version=&#8221;3.2.1&#8243; background_color=&#8221;#ff3636&#8243; bottom_divider_style=&#8221;slant2&#8243; prev_background_color=&#8221;#ffffff&#8221;][et_pb_row _builder_version=&#8221;3.2.1&#8243;][et_pb_column type=&#8221;4_4&#8243;][et_pb_text _builder_version=&#8221;3.2.1&#8243; text_font=&#8221;||||||||&#8221; text_text_color=&#8221;#ffffff&#8221; header_font=&#8221;|700|||||||&#8221; header_text_color=&#8221;#ffffff&#8221; header_font_size=&#8221;38px&#8221; header_2_font=&#8221;||||||||&#8221; header_2_text_color=&#8221;#ffffff&#8221; header_3_font=&#8221;|700|||||||&#8221; header_3_text_color=&#8221;#ffffff&#8221; header_3_font_size=&#8221;34px&#8221; header_4_font=&#8221;||||||||&#8221; header_4_text_color=&#8221;#ffffff&#8221; header_5_font=&#8221;||||||||&#8221; header_5_text_color=&#8221;#ffffff&#8221; header_6_font=&#8221;||||||||&#8221; header_6_text_color=&#8221;#ffffff&#8221; custom_margin=&#8221;-50px||20px|&#8221; custom_margin_tablet=&#8221;0px||0px|&#8221; custom_margin_last_edited=&#8221;on|desktop&#8221; custom_padding=&#8221;10px||59px|&#8221;]<\/p>\n<h1>CRIT\u00c8RES ET DOCUMENTATION N\u00c9CESSAIRES<\/h1>\n<h3>POUR LES P\u00c8LERINS DU GROUPE JMJ MTL<\/h3>\n<p>[\/et_pb_text][\/et_pb_column][\/et_pb_row][\/et_pb_section][et_pb_section bb_built=&#8221;1&#8243; _builder_version=&#8221;3.2.1&#8243; prev_background_color=&#8221;#ff3636&#8243; next_background_color=&#8221;#ff3636&#8243;][et_pb_row _builder_version=&#8221;3.2.1&#8243;][et_pb_column type=&#8221;1_2&#8243;][et_pb_text _builder_version=&#8221;3.2.1&#8243; header_font=&#8221;|700|||||||&#8221; header_text_color=&#8221;#ff3636&#8243;]<\/p>\n<h3>\u00c9TAPE 1 :<\/h3>\n<h1>DEMANDE D\u2019INSCRIPTION<\/h1>\n<p>[\/et_pb_text][et_pb_text _builder_version=&#8221;3.2.1&#8243; header_font=&#8221;|600||on|||||&#8221; header_5_font=&#8221;|||on|||||&#8221;]<\/p>\n<h5><strong>Avant de s\u2019inscrire,<br \/>\nle p\u00e8lerin en question devra :<\/strong><\/h5>\n<p>&nbsp;<\/p>\n<ul>\n<li>Contacter le Service <a href=\"mailto:jmjwyd@diocesemontreal.org\">Mission Jeunesse Montr\u00e9al<\/a> avec son choix de <a href=\"https:\/\/microsites.diocesemontreal.org\/microsites\/jmj\/#forfaits\">forfait<\/a> (F2, F3, SV2 ou SV3)<\/li>\n<li>Participer \u00e0 un minimum d\u2019une <a href=\"https:\/\/microsites.diocesemontreal.org\/microsites\/jmj\/#sessioninfo\">session d\u2019information<\/a> JMJ (diff\u00e9rentes options existent)<\/li>\n<\/ul>\n<p><strong>Une fois que <em>Mission Jeunesse ait envoy\u00e9 le courriel avec les consignes pour l\u2019inscription, le p\u00e8lerin pourra passer \u00e0 l\u2019\u00c9tape 2 pour s\u2019inscrire.<\/em><\/strong><\/p>\n<p>[\/et_pb_text][\/et_pb_column][et_pb_column type=&#8221;1_2&#8243;][et_pb_text _builder_version=&#8221;3.2.1&#8243; header_font=&#8221;|700|||||||&#8221; header_text_color=&#8221;#ff3636&#8243;]<\/p>\n<h3>\u00c9TAPE 2 :<\/h3>\n<h1>INSCRIPTION DU P\u00c8LERIN<\/h1>\n<p>[\/et_pb_text][et_pb_accordion _builder_version=&#8221;3.2.1&#8243;][et_pb_accordion_item title=&#8221;COPIE LISIBLE DE SON PASSEPORT AVEC LA PAGE PHOTO VISIBLE.&#8221; open=&#8221;on&#8221; _builder_version=&#8221;3.2.1&#8243; title_text_shadow_horizontal_length=&#8221;0em&#8221; title_text_shadow_vertical_length=&#8221;0em&#8221; title_text_shadow_blur_strength=&#8221;0em&#8221; body_text_shadow_horizontal_length=&#8221;0em&#8221; body_text_shadow_vertical_length=&#8221;0em&#8221; body_text_shadow_blur_strength=&#8221;0em&#8221;]<\/p>\n<p>FORMAT : PDF, max 400KB<br \/>\nNOM DU FICHIER : CODE DE GROUPE JMJ_PR\u00c9NOM_NOM_PASSEPORT.pdf<br \/>\nex. F1001F_JOSEPH_ST-JEAN_PASSEPORT.pdf<\/p>\n<p>[\/et_pb_accordion_item][et_pb_accordion_item title=&#8221;PHOTO INDIVIDUELLE (selon les crit\u00e8res du photo JMJ)&#8221; open=&#8221;off&#8221; _builder_version=&#8221;3.2.1&#8243; title_text_shadow_horizontal_length=&#8221;0em&#8221; title_text_shadow_vertical_length=&#8221;0em&#8221; title_text_shadow_blur_strength=&#8221;0em&#8221; body_text_shadow_horizontal_length=&#8221;0em&#8221; body_text_shadow_vertical_length=&#8221;0em&#8221; body_text_shadow_blur_strength=&#8221;0em&#8221;]<\/p>\n<p><a href=\"https:\/\/microsites.diocesemontreal.org\/microsites\/jmj\/jmj-ressources\/\">PHOTO INDIVIDUELLE (selon les crit\u00e8res du photo JMJ)<\/a><\/p>\n<p>FORMAT : JPG, JPEG, PNG, max 400KB NOM DU FICHIER: CODE DE GROUPE JMJ_PR\u00c9NOM_NOM_PHOTO.jpg<br \/>\nex. F1001F_JOSEPH_ST-JEAN_PHOTO.jpg<\/p>\n<p>[\/et_pb_accordion_item][et_pb_accordion_item title=&#8221;COURRIEL DE MISSION JEUNESSE qui contient :&#8221; open=&#8221;off&#8221; _builder_version=&#8221;3.2.1&#8243; title_text_shadow_horizontal_length=&#8221;0em&#8221; title_text_shadow_vertical_length=&#8221;0em&#8221; title_text_shadow_blur_strength=&#8221;0em&#8221; body_text_shadow_horizontal_length=&#8221;0em&#8221; body_text_shadow_vertical_length=&#8221;0em&#8221; body_text_shadow_blur_strength=&#8221;0em&#8221;]<\/p>\n<ul>\n<li>CODE UNIQUE DE SON GROUPE<\/li>\n<li>ADRESSE DE COURRIEL VALIDE DU RESPONSABLE DE GROUPE<\/li>\n<li>CONSIGNES POUR L\u2019INSCRIPTION INDIVIDUELLE<\/li>\n<li>Preuve d\u2019assurance seulement pour les individus qui d\u00e9sirent recevoir l\u2019exemption. Format PDF, 400KB max<\/li>\n<\/ul>\n<p>[\/et_pb_accordion_item][et_pb_accordion_item title=&#8221;PREMIER D\u00c9P\u00d4T de 500$ (NON REMBOURSABLE-sans exception)&#8221; open=&#8221;off&#8221; _builder_version=&#8221;3.2.1&#8243; title_text_shadow_horizontal_length=&#8221;0em&#8221; title_text_shadow_vertical_length=&#8221;0em&#8221; title_text_shadow_blur_strength=&#8221;0em&#8221; body_text_shadow_horizontal_length=&#8221;0em&#8221; body_text_shadow_vertical_length=&#8221;0em&#8221; body_text_shadow_blur_strength=&#8221;0em&#8221;]<\/p>\n<p>est requis lors de l&#8217;inscription (pour ceux qui s&#8217;inscrivent en ligne et paient imm\u00e9diatement par paypal), ou par rendez-vous dans un d\u00e9lai de 5 jours ouvrables.<\/p>\n<p>[\/et_pb_accordion_item][\/et_pb_accordion][\/et_pb_column][\/et_pb_row][et_pb_row _builder_version=&#8221;3.2.1&#8243;][et_pb_column type=&#8221;4_4&#8243;][et_pb_text _builder_version=&#8221;3.2.1&#8243; header_font=&#8221;||||||||&#8221; header_3_font=&#8221;|700|||||||&#8221; header_3_text_color=&#8221;#ff3636&#8243;]<\/p>\n<h3>POUR COMPL\u00c9TER&#8230;<\/h3>\n<p>&nbsp;<\/p>\n<p>Pour faire partie du groupe JMJ MTL, il est n\u00e9cessaire de fournir les \u00e9l\u00e9ments suivants, dans un d\u00e9lai maximum de 5 jours ouvrables apr\u00e8s l\u2019inscription du p\u00e8lerin. Cliquez sur les liens pour plus de d\u00e9tails.<\/p>\n<p>&nbsp;<\/p>\n<ul>\n<li><a href=\"https:\/\/microsites.diocesemontreal.org\/microsites\/jmj\/jmj-ressources\/\">Une lettre de motivation.<\/a><\/li>\n<li><a href=\"https:\/\/microsites.diocesemontreal.org\/microsites\/jmj\/jmj-ressources\/\">Trois r\u00e9f\u00e9rences.<\/a><\/li>\n<\/ul>\n<p>&nbsp;<\/p>\n<p>[\/et_pb_text][\/et_pb_column][\/et_pb_row][\/et_pb_section][et_pb_section bb_built=&#8221;1&#8243; prev_background_color=&#8221;#ffffff&#8221; _builder_version=&#8221;3.2.1&#8243; background_color=&#8221;#ff3636&#8243; top_divider_style=&#8221;ramp&#8221; next_background_color=&#8221;#ffffff&#8221;][et_pb_row _builder_version=&#8221;3.2.1&#8243;][et_pb_column type=&#8221;4_4&#8243;][et_pb_text _builder_version=&#8221;3.2.1&#8243; header_font=&#8221;|700|||||||&#8221; header_text_color=&#8221;#ffffff&#8221; custom_margin=&#8221;50px|||&#8221; custom_margin_tablet=&#8221;100px|||&#8221; custom_margin_last_edited=&#8221;on|desktop&#8221;]<\/p>\n<h1>PARTICIPER AUX RENCONTRES DE<br \/>\nPR\u00c9-D\u00c9PART ET DE RETROUVAILLES JMJ<\/h1>\n<p>[\/et_pb_text][\/et_pb_column][\/et_pb_row][\/et_pb_section][et_pb_section bb_built=&#8221;1&#8243; _builder_version=&#8221;3.2.1&#8243; prev_background_color=&#8221;#ff3636&#8243; next_background_color=&#8221;#000000&#8243;][et_pb_row _builder_version=&#8221;3.2.1&#8243;][et_pb_column type=&#8221;1_3&#8243;][et_pb_blurb title=&#8221;ALLEZ! GO! &#8211; \u00c9dition MJ &#8211; JMJ&#8221; url=&#8221;https:\/\/microsites.diocesemontreal.org\/microsites\/missionjeunesse\/allez-go\/&#8221; image=&#8221;https:\/\/microsites.diocesemontreal.org\/microsites\/jmj\/wp-content\/uploads\/sites\/5\/2018\/05\/ag_logoyellow-w240.png&#8221; _builder_version=&#8221;3.15&#8243; header_text_color=&#8221;#ff3636&#8243; box_shadow_style=&#8221;preset4&#8243; box_shadow_color=&#8221;rgba(1,92,226,0.35)&#8221;]<\/p>\n<h6><\/h6>\n<h6><\/h6>\n<h6>29 septembre 2018<\/h6>\n<p>13h &#8211; 17h<br \/>\nFormation (Commmunications, Vision, Dynamique de groupe, Gestion de conflits)<br \/>\nRencontre IMPORTANTE JMJ<\/p>\n<p>[\/et_pb_blurb][\/et_pb_column][et_pb_column type=&#8221;1_3&#8243;][et_pb_blurb title=&#8221;F\u00eate Christ-Roi \u2013 Envoi des p\u00e8lerins JMJ Panama &#8221; image=&#8221;https:\/\/microsites.diocesemontreal.org\/microsites\/jmj\/wp-content\/uploads\/sites\/5\/2018\/05\/Christ-Roi.png&#8221; _builder_version=&#8221;3.2.1&#8243; header_font=&#8221;||||||||&#8221; header_text_color=&#8221;#ff3636&#8243; box_shadow_style=&#8221;preset4&#8243; box_shadow_color=&#8221;rgba(1,92,226,0.35)&#8221;]<\/p>\n<h6><\/h6>\n<h6><\/h6>\n<h6>23 novembre 2018<\/h6>\n<p>18h &#8211; Souper fraternel des p\u00e8lerins et responsables de groupes JMJ<\/p>\n<p>19h30 &#8211; 22hh<br \/>\nVigile de la solennit\u00e9 du Christ-Roi, soir\u00e9e de pri\u00e8re anim\u00e9e par groupes jeunesse.<\/p>\n<p>B\u00e9n\u00e9diction et envoi des p\u00e8lerins JMJ Panama<\/p>\n<p>[\/et_pb_blurb][\/et_pb_column][et_pb_column type=&#8221;1_3&#8243;][et_pb_blurb title=&#8221;Rencontre IMPORTANTE JMJ&#8221; image=&#8221;https:\/\/microsites.diocesemontreal.org\/microsites\/jmj\/wp-content\/uploads\/sites\/5\/2018\/01\/jmjwydmtl_textlogo-w480.png&#8221; _builder_version=&#8221;3.2.1&#8243; header_font=&#8221;||||||||&#8221; header_text_color=&#8221;#ff3636&#8243; box_shadow_style=&#8221;preset4&#8243; box_shadow_color=&#8221;rgba(1,92,226,0.35)&#8221;]<\/p>\n<h6><\/h6>\n<h6><\/h6>\n<h6>15 decembre 2018<\/h6>\n<p>13h &#8211; 16h Rencontre IMPORTANTE JMJ<\/p>\n<p>[\/et_pb_blurb][et_pb_blurb title=&#8221;JMJ Montr\u00e9al 2019&#8243; url=&#8221;https:\/\/microsites.diocesemontreal.org\/microsites\/missionjeunesse\/jmj-montreal-2018\/&#8221; image=&#8221;https:\/\/microsites.diocesemontreal.org\/microsites\/jmj\/wp-content\/uploads\/sites\/5\/2018\/05\/mjcal_jmjdio_logo.png&#8221; _builder_version=&#8221;3.2.1&#8243; header_level=&#8221;h3&#8243; header_font=&#8221;|600|||||||&#8221; header_text_color=&#8221;#ff3636&#8243; box_shadow_style=&#8221;preset4&#8243; box_shadow_color=&#8221;rgba(1,92,226,0.35)&#8221;]<\/p>\n<h5>13 avril 2019<\/h5>\n<p>Retrouvailles JMJ Panama 2019<\/p>\n<p>[\/et_pb_blurb][\/et_pb_column][\/et_pb_row][\/et_pb_section][et_pb_section bb_built=&#8221;1&#8243; module_id=&#8221;mjym&#8221; _builder_version=&#8221;3.0.47&#8243; saved_tabs=&#8221;all&#8221; prev_background_color=&#8221;#000000&#8243;][\/et_pb_section]<\/p>\n","protected":false},"excerpt":{"rendered":"<p>Pas de groupe? Pas de probl\u00e8me! Pour permettre aux jeunes adultes qui ne font pas partie d\u2019un groupe&#8230;mais.. &#8230;qui aimeraient participer aux JMJ Panama 2019, le Service Mission Jeunesse Montr\u00e9al organise un groupe qui se nomme GROUPE JMJ MTL. Ce groupe sera form\u00e9 de jeunes adultes de diff\u00e9rents mouvements, paroisses et communaut\u00e9s du dioc\u00e8se de [&hellip;]<\/p>\n","protected":false},"author":6,"featured_media":0,"parent":0,"menu_order":0,"comment_status":"closed","ping_status":"closed","template":"","meta":{"_et_pb_use_builder":"on","_et_pb_old_content":"","_et_gb_content_width":"","_monsterinsights_skip_tracking":false,"_monsterinsights_sitenote_active":false,"_monsterinsights_sitenote_note":"","_monsterinsights_sitenote_category":0,"footnotes":""},"class_list":["post-4324","page","type-page","status-publish","hentry"],"yoast_head":"<!-- This site is optimized with the Yoast SEO plugin v26.4 - https:\/\/yoast.com\/wordpress\/plugins\/seo\/ -->\n<title>Pas de groupe? Pas de probl\u00e8me! - JMJWYDMTL<\/title>\n<meta name=\"robots\" content=\"index, follow, max-snippet:-1, max-image-preview:large, max-video-preview:-1\" \/>\n<link rel=\"canonical\" href=\"https:\/\/microsites.diocesemontreal.org\/microsites\/jmj\/en\/pas-de-groupe-pas-de-probleme\/\" \/>\n<meta property=\"og:locale\" content=\"en_US\" \/>\n<meta property=\"og:type\" content=\"article\" \/>\n<meta property=\"og:title\" content=\"Pas de groupe? Pas de probl\u00e8me! - JMJWYDMTL\" \/>\n<meta property=\"og:description\" content=\"Pas de groupe? Pas de probl\u00e8me! Pour permettre aux jeunes adultes qui ne font pas partie d\u2019un groupe...mais.. ...qui aimeraient participer aux JMJ Panama 2019, le Service Mission Jeunesse Montr\u00e9al organise un groupe qui se nomme GROUPE JMJ MTL. Ce groupe sera form\u00e9 de jeunes adultes de diff\u00e9rents mouvements, paroisses et communaut\u00e9s du dioc\u00e8se de [&hellip;]\" \/>\n<meta property=\"og:url\" content=\"https:\/\/microsites.diocesemontreal.org\/microsites\/jmj\/en\/pas-de-groupe-pas-de-probleme\/\" \/>\n<meta property=\"og:site_name\" content=\"JMJWYDMTL\" \/>\n<meta property=\"article:modified_time\" content=\"2018-09-21T20:28:07+00:00\" \/>\n<meta name=\"twitter:card\" content=\"summary_large_image\" \/>\n<meta name=\"twitter:label1\" content=\"Est. reading time\" \/>\n\t<meta name=\"twitter:data1\" content=\"7 minutes\" \/>\n<script type=\"application\/ld+json\" class=\"yoast-schema-graph\">{\"@context\":\"https:\/\/schema.org\",\"@graph\":[{\"@type\":\"WebPage\",\"@id\":\"https:\/\/microsites.diocesemontreal.org\/microsites\/jmj\/en\/pas-de-groupe-pas-de-probleme\/\",\"url\":\"https:\/\/microsites.diocesemontreal.org\/microsites\/jmj\/en\/pas-de-groupe-pas-de-probleme\/\",\"name\":\"Pas de groupe? Pas de probl\u00e8me! - JMJWYDMTL\",\"isPartOf\":{\"@id\":\"https:\/\/microsites.diocesemontreal.org\/microsites\/jmj\/#website\"},\"datePublished\":\"2018-05-10T18:22:17+00:00\",\"dateModified\":\"2018-09-21T20:28:07+00:00\",\"breadcrumb\":{\"@id\":\"https:\/\/microsites.diocesemontreal.org\/microsites\/jmj\/en\/pas-de-groupe-pas-de-probleme\/#breadcrumb\"},\"inLanguage\":\"en-CA\",\"potentialAction\":[{\"@type\":\"ReadAction\",\"target\":[\"https:\/\/microsites.diocesemontreal.org\/microsites\/jmj\/en\/pas-de-groupe-pas-de-probleme\/\"]}]},{\"@type\":\"BreadcrumbList\",\"@id\":\"https:\/\/microsites.diocesemontreal.org\/microsites\/jmj\/en\/pas-de-groupe-pas-de-probleme\/#breadcrumb\",\"itemListElement\":[{\"@type\":\"ListItem\",\"position\":1,\"name\":\"Accueil\",\"item\":\"https:\/\/microsites.diocesemontreal.org\/microsites\/jmj\/\"},{\"@type\":\"ListItem\",\"position\":2,\"name\":\"Pas de groupe? Pas de probl\u00e8me!\"}]},{\"@type\":\"WebSite\",\"@id\":\"https:\/\/microsites.diocesemontreal.org\/microsites\/jmj\/#website\",\"url\":\"https:\/\/microsites.diocesemontreal.org\/microsites\/jmj\/\",\"name\":\"JMJWYDMTL\",\"description\":\"D\u00e9l\u00e9gation Mission Jeunesse MTL\",\"publisher\":{\"@id\":\"https:\/\/microsites.diocesemontreal.org\/microsites\/jmj\/#organization\"},\"potentialAction\":[{\"@type\":\"SearchAction\",\"target\":{\"@type\":\"EntryPoint\",\"urlTemplate\":\"https:\/\/microsites.diocesemontreal.org\/microsites\/jmj\/?s={search_term_string}\"},\"query-input\":{\"@type\":\"PropertyValueSpecification\",\"valueRequired\":true,\"valueName\":\"search_term_string\"}}],\"inLanguage\":\"en-CA\"},{\"@type\":\"Organization\",\"@id\":\"https:\/\/microsites.diocesemontreal.org\/microsites\/jmj\/#organization\",\"name\":\"JMJWYDMTL\",\"url\":\"https:\/\/microsites.diocesemontreal.org\/microsites\/jmj\/\",\"logo\":{\"@type\":\"ImageObject\",\"inLanguage\":\"en-CA\",\"@id\":\"https:\/\/microsites.diocesemontreal.org\/microsites\/jmj\/#\/schema\/logo\/image\/\",\"url\":\"https:\/\/microsites.diocesemontreal.org\/microsites\/jmj\/wp-content\/uploads\/sites\/5\/2022\/02\/jmjwydmtl_logo-stamp-red.png\",\"contentUrl\":\"https:\/\/microsites.diocesemontreal.org\/microsites\/jmj\/wp-content\/uploads\/sites\/5\/2022\/02\/jmjwydmtl_logo-stamp-red.png\",\"width\":1280,\"height\":1280,\"caption\":\"JMJWYDMTL\"},\"image\":{\"@id\":\"https:\/\/microsites.diocesemontreal.org\/microsites\/jmj\/#\/schema\/logo\/image\/\"}}]}<\/script>\n<!-- \/ Yoast SEO plugin. -->","yoast_head_json":{"title":"Pas de groupe? Pas de probl\u00e8me! - JMJWYDMTL","robots":{"index":"index","follow":"follow","max-snippet":"max-snippet:-1","max-image-preview":"max-image-preview:large","max-video-preview":"max-video-preview:-1"},"canonical":"https:\/\/microsites.diocesemontreal.org\/microsites\/jmj\/en\/pas-de-groupe-pas-de-probleme\/","og_locale":"en_US","og_type":"article","og_title":"Pas de groupe? Pas de probl\u00e8me! - JMJWYDMTL","og_description":"Pas de groupe? Pas de probl\u00e8me! Pour permettre aux jeunes adultes qui ne font pas partie d\u2019un groupe...mais.. ...qui aimeraient participer aux JMJ Panama 2019, le Service Mission Jeunesse Montr\u00e9al organise un groupe qui se nomme GROUPE JMJ MTL. Ce groupe sera form\u00e9 de jeunes adultes de diff\u00e9rents mouvements, paroisses et communaut\u00e9s du dioc\u00e8se de [&hellip;]","og_url":"https:\/\/microsites.diocesemontreal.org\/microsites\/jmj\/en\/pas-de-groupe-pas-de-probleme\/","og_site_name":"JMJWYDMTL","article_modified_time":"2018-09-21T20:28:07+00:00","twitter_card":"summary_large_image","twitter_misc":{"Est. reading time":"7 minutes"},"schema":{"@context":"https:\/\/schema.org","@graph":[{"@type":"WebPage","@id":"https:\/\/microsites.diocesemontreal.org\/microsites\/jmj\/en\/pas-de-groupe-pas-de-probleme\/","url":"https:\/\/microsites.diocesemontreal.org\/microsites\/jmj\/en\/pas-de-groupe-pas-de-probleme\/","name":"Pas de groupe? Pas de probl\u00e8me! - JMJWYDMTL","isPartOf":{"@id":"https:\/\/microsites.diocesemontreal.org\/microsites\/jmj\/#website"},"datePublished":"2018-05-10T18:22:17+00:00","dateModified":"2018-09-21T20:28:07+00:00","breadcrumb":{"@id":"https:\/\/microsites.diocesemontreal.org\/microsites\/jmj\/en\/pas-de-groupe-pas-de-probleme\/#breadcrumb"},"inLanguage":"en-CA","potentialAction":[{"@type":"ReadAction","target":["https:\/\/microsites.diocesemontreal.org\/microsites\/jmj\/en\/pas-de-groupe-pas-de-probleme\/"]}]},{"@type":"BreadcrumbList","@id":"https:\/\/microsites.diocesemontreal.org\/microsites\/jmj\/en\/pas-de-groupe-pas-de-probleme\/#breadcrumb","itemListElement":[{"@type":"ListItem","position":1,"name":"Accueil","item":"https:\/\/microsites.diocesemontreal.org\/microsites\/jmj\/"},{"@type":"ListItem","position":2,"name":"Pas de groupe? Pas de probl\u00e8me!"}]},{"@type":"WebSite","@id":"https:\/\/microsites.diocesemontreal.org\/microsites\/jmj\/#website","url":"https:\/\/microsites.diocesemontreal.org\/microsites\/jmj\/","name":"JMJWYDMTL","description":"D\u00e9l\u00e9gation Mission Jeunesse MTL","publisher":{"@id":"https:\/\/microsites.diocesemontreal.org\/microsites\/jmj\/#organization"},"potentialAction":[{"@type":"SearchAction","target":{"@type":"EntryPoint","urlTemplate":"https:\/\/microsites.diocesemontreal.org\/microsites\/jmj\/?s={search_term_string}"},"query-input":{"@type":"PropertyValueSpecification","valueRequired":true,"valueName":"search_term_string"}}],"inLanguage":"en-CA"},{"@type":"Organization","@id":"https:\/\/microsites.diocesemontreal.org\/microsites\/jmj\/#organization","name":"JMJWYDMTL","url":"https:\/\/microsites.diocesemontreal.org\/microsites\/jmj\/","logo":{"@type":"ImageObject","inLanguage":"en-CA","@id":"https:\/\/microsites.diocesemontreal.org\/microsites\/jmj\/#\/schema\/logo\/image\/","url":"https:\/\/microsites.diocesemontreal.org\/microsites\/jmj\/wp-content\/uploads\/sites\/5\/2022\/02\/jmjwydmtl_logo-stamp-red.png","contentUrl":"https:\/\/microsites.diocesemontreal.org\/microsites\/jmj\/wp-content\/uploads\/sites\/5\/2022\/02\/jmjwydmtl_logo-stamp-red.png","width":1280,"height":1280,"caption":"JMJWYDMTL"},"image":{"@id":"https:\/\/microsites.diocesemontreal.org\/microsites\/jmj\/#\/schema\/logo\/image\/"}}]}},"_links":{"self":[{"href":"https:\/\/microsites.diocesemontreal.org\/microsites\/jmj\/wp-json\/wp\/v2\/pages\/4324","targetHints":{"allow":["GET"]}}],"collection":[{"href":"https:\/\/microsites.diocesemontreal.org\/microsites\/jmj\/wp-json\/wp\/v2\/pages"}],"about":[{"href":"https:\/\/microsites.diocesemontreal.org\/microsites\/jmj\/wp-json\/wp\/v2\/types\/page"}],"author":[{"embeddable":true,"href":"https:\/\/microsites.diocesemontreal.org\/microsites\/jmj\/wp-json\/wp\/v2\/users\/6"}],"replies":[{"embeddable":true,"href":"https:\/\/microsites.diocesemontreal.org\/microsites\/jmj\/wp-json\/wp\/v2\/comments?post=4324"}],"version-history":[{"count":13,"href":"https:\/\/microsites.diocesemontreal.org\/microsites\/jmj\/wp-json\/wp\/v2\/pages\/4324\/revisions"}],"predecessor-version":[{"id":4767,"href":"https:\/\/microsites.diocesemontreal.org\/microsites\/jmj\/wp-json\/wp\/v2\/pages\/4324\/revisions\/4767"}],"wp:attachment":[{"href":"https:\/\/microsites.diocesemontreal.org\/microsites\/jmj\/wp-json\/wp\/v2\/media?parent=4324"}],"curies":[{"name":"wp","href":"https:\/\/api.w.org\/{rel}","templated":true}]}}