{"id":3609,"date":"2021-07-19T14:08:06","date_gmt":"2021-07-19T18:08:06","guid":{"rendered":"https:\/\/microsites.diocesemontreal.org\/microsites\/sasmad\/?page_id=3609"},"modified":"2021-07-29T16:56:16","modified_gmt":"2021-07-29T20:56:16","slug":"1ere-journee-mondiale-des-grands-parents-et-des-personnes-agees","status":"publish","type":"page","link":"https:\/\/microsites.diocesemontreal.org\/microsites\/sasmad\/1ere-journee-mondiale-des-grands-parents-et-des-personnes-agees\/","title":{"rendered":"1\u00e8re Journ\u00e9e mondiale des grands-parents et des personnes \u00e2g\u00e9es"},"content":{"rendered":"<p>[et_pb_section fb_built=&#8221;1&#8243; fullwidth=&#8221;on&#8221; _builder_version=&#8221;4.9.4&#8243; _module_preset=&#8221;default&#8221;][et_pb_fullwidth_header title=&#8221;1\u00e8re Journ\u00e9e mondiale des grands-parents et des personnes \u00e2g\u00e9es&#8221; subhead=&#8221;First World Day for Grandparents and the Elderly&#8221; text_orientation=&#8221;center&#8221; _builder_version=&#8221;4.9.4&#8243; _module_preset=&#8221;default&#8221; title_text_color=&#8221;#389E9C&#8221; content_text_color=&#8221;#389E9C&#8221; content_font_size=&#8221;20px&#8221; content_line_height=&#8221;1.8em&#8221; subhead_text_color=&#8221;#389E9C&#8221; subhead_font_size=&#8221;28px&#8221; subhead_line_height=&#8221;1.5em&#8221; background_enable_color=&#8221;off&#8221; box_shadow_style=&#8221;preset6&#8243;]<\/p>\n<p>&nbsp;<\/p>\n<p>\u00ab Je suis avec toi tous les jours \u00bb (cf. Mt 28,20)<\/p>\n<p>&#8220;I Am With You Always&#8221; (cf. Mt 28,20)<\/p>\n<p>[\/et_pb_fullwidth_header][\/et_pb_section][et_pb_section fb_built=&#8221;1&#8243; fullwidth=&#8221;on&#8221; _builder_version=&#8221;4.6.0&#8243; _module_preset=&#8221;default&#8221; background_color=&#8221;rgba(0,0,0,0)&#8221; animation_style=&#8221;zoom&#8221;][et_pb_fullwidth_header button_one_text=&#8221;Vid\u00e9o sur le message du Pape&#8221; button_one_url=&#8221;https:\/\/www.youtube.com\/watch?v=PRJgnYybP1o&#8221; header_image_url=&#8221;https:\/\/microsites.diocesemontreal.org\/microsites\/sasmad\/wp-content\/uploads\/sites\/27\/2021\/07\/adam-niescioruk-9ChfwZzv4ys-unsplash-scaled.jpg&#8221; _builder_version=&#8221;4.9.4&#8243; _module_preset=&#8221;default&#8221; title_level=&#8221;h2&#8243; background_color=&#8221;#389E9C&#8221; link_option_url_new_window=&#8221;on&#8221;]<\/p>\n<h3><\/h3>\n<h3><\/h3>\n<h3><\/h3>\n<h3><\/h3>\n<h3><\/h3>\n<h3><span style=\"font-size: large\">Vous avez sans doute entendu la nouvelle! Le Pape Fran\u00e7ois a d\u00e9cr\u00e9t\u00e9 la 1\u00e8re Journ\u00e9e mondiale des grands-parents et des personnes \u00e2g\u00e9es, qui aura lieu le dimanche 25 juillet 2021.<\/span><\/h3>\n<h3><span style=\"font-size: large\">Le th\u00e8me de cette premi\u00e8re Journ\u00e9e mondiale est \u00ab Je suis avec toi tous les jours \u00bb (cf. Mt 28,20). Ce th\u00e8me vise \u00e0 manifester la sollicitude du Seigneur et de l\u2019\u00c9glise aux personnes \u00e2g\u00e9es et \u00e0 souligner la proximit\u00e9 interg\u00e9n\u00e9rationnelle entre les jeunes et les personnes \u00e2g\u00e9es.<\/span><\/h3>\n<h3><\/h3>\n<h3><span style=\"font-size: large\">En pr\u00e9vision de cette belle journ\u00e9e, nos coll\u00e8gues du Centre dioc\u00e9sain\u00a0pour le mariage, la vie et la \u00a0famille \u00a0offrent quelques ressources qui pourront vous \u00eatre utiles pour c\u00e9l\u00e9brer dans votre communaut\u00e9. Au SASMAD, nous sommes tr\u00e8s contents \u00a0d&#8217;aider \u00e0 diffuser ce information.<\/span><\/h3>\n<h3><\/h3>\n<h3><\/h3>\n<h3><span style=\"font-size: large\">De plus, nous saisissons l&#8217;opportunit\u00e9 pour rendre hommage \u00e0 nos b\u00e9n\u00e9voles \u00e2g\u00e9s. Nous vous partageons des belles pens\u00e9es et images dans les PDF pr\u00e9par\u00e9s par nos coordonnatrices Francine, Maria-Regina et Cathie en anglais et fran\u00e7ais et mis en ligne par mon adjointe B\u00e9r\u00e9nice. Bonne lecture et F\u00e9licitations! \u00a0&#8211; Andr\u00e9 Dupr\u00e9, Directeur SAMSAD\/ PHC.<\/span><\/h3>\n<p>Photo by <a href=\"https:\/\/unsplash.com\/@adamsky1973?utm_source=unsplash&amp;utm_medium=referral&amp;utm_content=creditCopyText\">Adam Nie\u015bcioruk<\/a> on <a href=\"https:\/\/unsplash.com\/s\/photos\/old-person-phone?utm_source=unsplash&amp;utm_medium=referral&amp;utm_content=creditCopyText\">Unsplash<\/a><\/p>\n<p>[\/et_pb_fullwidth_header][\/et_pb_section][et_pb_section fb_built=&#8221;1&#8243; _builder_version=&#8221;4.6.0&#8243; _module_preset=&#8221;default&#8221;][et_pb_row column_structure=&#8221;1_3,2_3&#8243; _builder_version=&#8221;4.6.0&#8243; _module_preset=&#8221;default&#8221; custom_margin=&#8221;|auto|-602px|auto||&#8221; custom_padding=&#8221;||0px|||&#8221;][et_pb_column type=&#8221;1_3&#8243; _builder_version=&#8221;4.6.0&#8243; _module_preset=&#8221;default&#8221;][et_pb_text _builder_version=&#8221;4.9.10&#8243; _module_preset=&#8221;default&#8221; text_text_color=&#8221;#000000&#8243; text_font_size=&#8221;33px&#8221; text_line_height=&#8221;1.8em&#8221; custom_margin=&#8221;|-287px||||&#8221; custom_padding=&#8221;|218px||||&#8221;]<\/p>\n<p><strong>Diverses ressources<\/strong><br \/><strong>sont mises \u00e0 la disposition de nos communaut\u00e9s&#8230;<\/strong><\/p>\n<p><strong>A variety of resources\u202f <br \/>are available to our communities. <br \/><\/strong><\/p>\n<p class=\"x_MsoListParagraph\">[\/et_pb_text][\/et_pb_column][et_pb_column type=&#8221;2_3&#8243; _builder_version=&#8221;4.6.0&#8243; _module_preset=&#8221;default&#8221;][et_pb_image src=&#8221;https:\/\/microsites.diocesemontreal.org\/microsites\/sasmad\/wp-content\/uploads\/sites\/27\/2021\/07\/Grandparents-day-Photo.png&#8221; title_text=&#8221;Grandparents day Photo&#8221; _builder_version=&#8221;4.9.4&#8243; _module_preset=&#8221;default&#8221; width=&#8221;99.2%&#8221; custom_margin=&#8221;|-76px||||&#8221; custom_padding=&#8221;0px|77px|75px|||&#8221;][\/et_pb_image][\/et_pb_column][\/et_pb_row][et_pb_row column_structure=&#8221;1_2,1_2&#8243; _builder_version=&#8221;4.6.0&#8243; _module_preset=&#8221;default&#8221; custom_padding=&#8221;||0px|||&#8221;][et_pb_column type=&#8221;1_2&#8243; _builder_version=&#8221;4.6.0&#8243; _module_preset=&#8221;default&#8221;][\/et_pb_column][et_pb_column type=&#8221;1_2&#8243; _builder_version=&#8221;4.6.0&#8243; _module_preset=&#8221;default&#8221;][\/et_pb_column][\/et_pb_row][et_pb_row column_structure=&#8221;1_2,1_2&#8243; _builder_version=&#8221;4.6.0&#8243; _module_preset=&#8221;default&#8221;][et_pb_column type=&#8221;1_2&#8243; _builder_version=&#8221;4.6.0&#8243; _module_preset=&#8221;default&#8221;][et_pb_image src=&#8221;https:\/\/microsites.diocesemontreal.org\/microsites\/sasmad\/wp-content\/uploads\/sites\/27\/2021\/07\/Screen-Shot-2021-07-19-at-12.33.14-PM.png&#8221; title_text=&#8221;Screen Shot 2021-07-19 at 12.33.14 PM&#8221; _builder_version=&#8221;4.9.4&#8243; _module_preset=&#8221;default&#8221; custom_margin=&#8221;|-95px|46px|||&#8221; custom_padding=&#8221;|0px||||&#8221;][\/et_pb_image][et_pb_image src=&#8221;https:\/\/microsites.diocesemontreal.org\/microsites\/sasmad\/wp-content\/uploads\/sites\/27\/2021\/07\/Screen-Shot-2021-07-29-at-4.53.55-PM.png&#8221; title_text=&#8221;Screen Shot 2021-07-29 at 4.53.55 PM&#8221; _builder_version=&#8221;4.9.10&#8243; _module_preset=&#8221;default&#8221; custom_margin=&#8221;|-95px|46px|||&#8221; custom_padding=&#8221;|0px||||&#8221;][\/et_pb_image][\/et_pb_column][et_pb_column type=&#8221;1_2&#8243; _builder_version=&#8221;4.6.0&#8243; _module_preset=&#8221;default&#8221;][et_pb_text _builder_version=&#8221;4.9.10&#8243; _module_preset=&#8221;default&#8221; text_text_color=&#8221;#000000&#8243; custom_padding=&#8221;||0px|109px||&#8221;]<\/p>\n<h1><strong>\u00a0&#8230;En voici une s\u00e9lection: &#8230;Here is a selection:<\/strong><\/h1>\n<p>&nbsp;<\/p>\n<p>[\/et_pb_text][et_pb_button button_url=&#8221;https:\/\/mcusercontent.com\/61cca60f61d83a20ce2fbc745\/files\/ab6b961f-1807-a3fb-99d7-2c03c4359efd\/Message_du_Pape_Francois.01.pdf&#8221; url_new_window=&#8221;on&#8221; button_text=&#8221;Le message du Pape Fran\u00e7ois&#8221; _builder_version=&#8221;4.9.4&#8243; _module_preset=&#8221;default&#8221; custom_button=&#8221;on&#8221; button_text_color=&#8221;#8300e9&#8243; button_icon=&#8221;%%24%%&#8221; custom_margin=&#8221;|186px||||&#8221; custom_padding=&#8221;25px|82px||||&#8221; box_shadow_style=&#8221;preset4&#8243; box_shadow_color=&#8221;#8300e9&#8243;][\/et_pb_button][et_pb_button button_url=&#8221;https:\/\/mcusercontent.com\/61cca60f61d83a20ce2fbc745\/files\/a375e8e5-c438-df20-f0ee-67c19cbc8b94\/Message_of_Pope_Francis.01.pdf&#8221; url_new_window=&#8221;on&#8221; button_text=&#8221;The message of Pope Francis (ENG)&#8221; button_alignment=&#8221;left&#8221; _builder_version=&#8221;4.9.10&#8243; _module_preset=&#8221;default&#8221; custom_button=&#8221;on&#8221; button_text_color=&#8221;#8300e9&#8243; button_icon=&#8221;%%24%%&#8221; custom_margin=&#8221;|186px||||&#8221; custom_padding=&#8221;25px|82px||||&#8221; box_shadow_style=&#8221;preset4&#8243; box_shadow_color=&#8221;#8300e9&#8243;][\/et_pb_button][et_pb_button button_url=&#8221;https:\/\/mcusercontent.com\/61cca60f61d83a20ce2fbc745\/files\/9be03e06-1d1c-f842-e97c-c585f7aa3466\/Priere.01.pdf&#8221; url_new_window=&#8221;on&#8221; button_text=&#8221;Le texte de la pri\u00e8re&#8221; _builder_version=&#8221;4.9.10&#8243; _module_preset=&#8221;default&#8221; custom_button=&#8221;on&#8221; button_text_color=&#8221;#8300e9&#8243; button_icon=&#8221;%%24%%&#8221; custom_margin=&#8221;|186px||||&#8221; custom_padding=&#8221;25px|82px||||&#8221; box_shadow_style=&#8221;preset4&#8243; box_shadow_color=&#8221;#8300e9&#8243;][\/et_pb_button][et_pb_button button_url=&#8221;https:\/\/mcusercontent.com\/61cca60f61d83a20ce2fbc745\/files\/ecf38816-48a6-099c-b02a-31658cbc082c\/Prayer.01.pdf&#8221; url_new_window=&#8221;on&#8221; button_text=&#8221;The prayer (ENG)&#8221; _builder_version=&#8221;4.9.10&#8243; _module_preset=&#8221;default&#8221; custom_button=&#8221;on&#8221; button_text_color=&#8221;#8300e9&#8243; button_icon=&#8221;%%24%%&#8221; custom_margin=&#8221;|186px||||&#8221; custom_padding=&#8221;25px|82px||||&#8221; box_shadow_style=&#8221;preset4&#8243; box_shadow_color=&#8221;#8300e9&#8243;][\/et_pb_button][et_pb_button button_url=&#8221;https:\/\/mcusercontent.com\/61cca60f61d83a20ce2fbc745\/files\/6a8ce01f-ddf9-34d8-41fc-6d7bc0883daf\/Livret_liturgique.01.pdf&#8221; url_new_window=&#8221;on&#8221; button_text=&#8221;Le contenu du livret liturgique&#8221; _builder_version=&#8221;4.9.4&#8243; _module_preset=&#8221;default&#8221; custom_button=&#8221;on&#8221; button_text_color=&#8221;#8300e9&#8243; button_icon=&#8221;%%24%%&#8221; custom_margin=&#8221;|186px||||&#8221; custom_padding=&#8221;25px|82px||||&#8221; box_shadow_style=&#8221;preset4&#8243; box_shadow_color=&#8221;#8300e9&#8243;][\/et_pb_button][et_pb_button button_url=&#8221;https:\/\/mcusercontent.com\/61cca60f61d83a20ce2fbc745\/files\/8426dc04-a70b-eeed-c79c-d8c245285649\/Liturgy_notes.01.pdf&#8221; url_new_window=&#8221;on&#8221; button_text=&#8221;The liturgy notes (ENG)&#8221; _builder_version=&#8221;4.9.10&#8243; _module_preset=&#8221;default&#8221; custom_button=&#8221;on&#8221; button_text_color=&#8221;#8300e9&#8243; button_icon=&#8221;%%24%%&#8221; custom_margin=&#8221;|186px||||&#8221; custom_padding=&#8221;25px|82px||||&#8221; box_shadow_style=&#8221;preset4&#8243; box_shadow_color=&#8221;#8300e9&#8243;][\/et_pb_button][et_pb_button button_url=&#8221;http:\/\/www.laityfamilylife.va\/content\/laityfamilylife\/fr\/amoris-laetitia\/iniziative-e-risorse\/giornata-mondiale-e-anziani.html&#8221; url_new_window=&#8221;on&#8221; button_text=&#8221;Autre information et ressources&#8221; _builder_version=&#8221;4.9.4&#8243; _module_preset=&#8221;default&#8221; custom_button=&#8221;on&#8221; button_text_color=&#8221;#8300e9&#8243; button_icon=&#8221;%%24%%&#8221; custom_margin=&#8221;|186px||||&#8221; custom_padding=&#8221;25px|82px||||&#8221; box_shadow_style=&#8221;preset4&#8243; box_shadow_color=&#8221;#8300e9&#8243;][\/et_pb_button][et_pb_button button_url=&#8221;http:\/\/www.laityfamilylife.va\/content\/laityfamilylife\/en\/amoris-laetitia\/iniziative-e-risorse\/giornata-mondiale-e-anziani.html&#8221; url_new_window=&#8221;on&#8221; button_text=&#8221;A link for other information and resources (ENG)&#8221; _builder_version=&#8221;4.9.10&#8243; _module_preset=&#8221;default&#8221; custom_button=&#8221;on&#8221; button_text_color=&#8221;#8300e9&#8243; button_icon=&#8221;%%24%%&#8221; custom_margin=&#8221;|186px||||&#8221; custom_padding=&#8221;25px|82px||||&#8221; hover_enabled=&#8221;0&#8243; box_shadow_style=&#8221;preset4&#8243; box_shadow_color=&#8221;#8300e9&#8243; sticky_enabled=&#8221;0&#8243;][\/et_pb_button][\/et_pb_column][\/et_pb_row][et_pb_row column_structure=&#8221;1_2,1_2&#8243; _builder_version=&#8221;4.6.0&#8243; _module_preset=&#8221;default&#8221; custom_padding=&#8221;||0px|||&#8221;][et_pb_column type=&#8221;1_2&#8243; _builder_version=&#8221;4.6.0&#8243; _module_preset=&#8221;default&#8221;][et_pb_text _builder_version=&#8221;4.6.0&#8243; _module_preset=&#8221;default&#8221; text_text_color=&#8221;#000000&#8243; custom_margin=&#8221;||158px|||&#8221;]<\/p>\n<p><span style=\"font-size: xx-large\">\u00a0<\/span><\/p>\n<p>&nbsp;<\/p>\n<p><span style=\"font-size: xx-large\">Hommage aux b\u00e9n\u00e9voles <\/span><\/p>\n<p><span style=\"font-size: xx-large\">SASMAD (texte en fran\u00e7ais)\u00a0<\/span><\/p>\n<p>&nbsp;<\/p>\n<p>[\/et_pb_text][et_pb_button button_url=&#8221;https:\/\/microsites.diocesemontreal.org\/microsites\/sasmad\/wp-content\/uploads\/sites\/27\/2021\/07\/Grands-parents.pdf&#8221; url_new_window=&#8221;on&#8221; button_text=&#8221;T\u00e9l\u00e9charger le PDF en fran\u00e7ais&#8221; _builder_version=&#8221;4.9.4&#8243; _module_preset=&#8221;default&#8221; custom_button=&#8221;on&#8221; button_text_color=&#8221;#8300e9&#8243; button_icon=&#8221;%%24%%&#8221; custom_margin=&#8221;|186px||||&#8221; custom_padding=&#8221;25px|82px||||&#8221; box_shadow_style=&#8221;preset4&#8243; box_shadow_color=&#8221;#8300e9&#8243;][\/et_pb_button][\/et_pb_column][et_pb_column type=&#8221;1_2&#8243; _builder_version=&#8221;4.6.0&#8243; _module_preset=&#8221;default&#8221;][et_pb_image src=&#8221;https:\/\/microsites.diocesemontreal.org\/microsites\/sasmad\/wp-content\/uploads\/sites\/27\/2021\/07\/Screen-Shot-2021-07-19-at-12.44.32-PM.png&#8221; title_text=&#8221;Screen Shot 2021-07-19 at 12.44.32 PM&#8221; _builder_version=&#8221;4.9.4&#8243; _module_preset=&#8221;default&#8221; width=&#8221;100%&#8221; custom_margin=&#8221;||-204px|||&#8221; custom_padding=&#8221;0px|0px|0px|||&#8221;][\/et_pb_image][\/et_pb_column][\/et_pb_row][et_pb_row column_structure=&#8221;1_2,1_2&#8243; _builder_version=&#8221;4.6.0&#8243; _module_preset=&#8221;default&#8221; min_height=&#8221;489px&#8221;][et_pb_column type=&#8221;1_2&#8243; _builder_version=&#8221;4.6.0&#8243; _module_preset=&#8221;default&#8221;][et_pb_image src=&#8221;https:\/\/microsites.diocesemontreal.org\/microsites\/sasmad\/wp-content\/uploads\/sites\/27\/2021\/07\/Screen-Shot-2021-07-19-at-1.13.14-PM.png&#8221; title_text=&#8221;Screen Shot 2021-07-19 at 1.13.14 PM&#8221; _builder_version=&#8221;4.9.4&#8243; _module_preset=&#8221;default&#8221; width=&#8221;100%&#8221; custom_padding=&#8221;85px|0px|146px|59px||&#8221;][\/et_pb_image][\/et_pb_column][et_pb_column type=&#8221;1_2&#8243; _builder_version=&#8221;4.6.0&#8243; _module_preset=&#8221;default&#8221;][et_pb_button button_url=&#8221;https:\/\/microsites.diocesemontreal.org\/microsites\/sasmad\/wp-content\/uploads\/sites\/27\/2021\/07\/Grands-parents-ENG-1.pdf&#8221; url_new_window=&#8221;on&#8221; button_text=&#8221;Download the PDF in English&#8221; _builder_version=&#8221;4.9.4&#8243; _module_preset=&#8221;default&#8221; custom_button=&#8221;on&#8221; button_text_color=&#8221;#8300e9&#8243; button_icon=&#8221;%%24%%&#8221; custom_margin=&#8221;|186px||||&#8221; custom_padding=&#8221;25px|82px||||&#8221; box_shadow_style=&#8221;preset4&#8243; box_shadow_color=&#8221;#8300e9&#8243;][\/et_pb_button][et_pb_text _builder_version=&#8221;4.6.0&#8243; _module_preset=&#8221;default&#8221; text_text_color=&#8221;#000000&#8243; custom_margin=&#8221;53px|||||&#8221; custom_padding=&#8221;|||65px||&#8221;]<\/p>\n<p>&nbsp;<\/p>\n<p>&nbsp;<\/p>\n<p><span style=\"font-size: xx-large\">Hommage aux b\u00e9n\u00e9voles<\/span><\/p>\n<p>\u00a0<span style=\"font-size: xx-large\">SASMAD \/PHC <\/span><\/p>\n<p><span style=\"font-size: xx-large\">(texte en <\/span><span style=\"font-size: xx-large\">anglais).<\/span><\/p>\n<p>&nbsp;<\/p>\n<p>[\/et_pb_text][\/et_pb_column][\/et_pb_row][et_pb_row _builder_version=&#8221;4.6.0&#8243; _module_preset=&#8221;default&#8221;][et_pb_column type=&#8221;4_4&#8243; _builder_version=&#8221;4.6.0&#8243; _module_preset=&#8221;default&#8221;][et_pb_text _builder_version=&#8221;4.9.4&#8243; _module_preset=&#8221;default&#8221; text_font=&#8221;|700|||||||&#8221; text_text_color=&#8221;#000000&#8243; text_font_size=&#8221;49px&#8221;]Souvenirs, souvenirs&#8230;<\/p>\n<p>&nbsp;<br \/>\n[\/et_pb_text][\/et_pb_column][\/et_pb_row][\/et_pb_section][et_pb_section fb_built=&#8221;1&#8243; admin_label=&#8221;Footer&#8221; _builder_version=&#8221;4.9.4&#8243; background_image=&#8221;https:\/\/microsites.diocesemontreal.org\/microsites\/sasmad\/wp-content\/uploads\/sites\/27\/2021\/07\/adam-niescioruk-9ChfwZzv4ys-unsplash-scaled.jpg&#8221; parallax=&#8221;on&#8221; parallax_method=&#8221;off&#8221; min_height=&#8221;971px&#8221; overflow-x=&#8221;visible&#8221; overflow-y=&#8221;visible&#8221; custom_margin=&#8221;-37px|40px|40px|40px|false|true&#8221; custom_margin_tablet=&#8221;0px||||false|false&#8221; custom_margin_phone=&#8221;|20px||20px|false|true&#8221; custom_margin_last_edited=&#8221;on|phone&#8221; custom_padding=&#8221;469px||0px|||&#8221;][et_pb_row column_structure=&#8221;3_5,2_5&#8243; _builder_version=&#8221;3.27.4&#8243; width=&#8221;88%&#8221; width_tablet=&#8221;&#8221; width_phone=&#8221;90%&#8221; width_last_edited=&#8221;on|phone&#8221; custom_margin=&#8221;|141px||66px||&#8221; custom_padding=&#8221;|0px|0px|||&#8221;][et_pb_column type=&#8221;3_5&#8243; _builder_version=&#8221;3.26&#8243; custom_padding=&#8221;20px||||false|false&#8221;][et_pb_text _builder_version=&#8221;4.6.0&#8243; text_font=&#8221;Taviraj|300|||||||&#8221; text_font_size=&#8221;18px&#8221; text_line_height=&#8221;1.8em&#8221; header_2_font=&#8221;Taviraj||||||||&#8221; header_2_font_size=&#8221;46px&#8221; header_2_line_height=&#8221;1.2em&#8221; background_color=&#8221;rgba(0,0,0,0)&#8221; custom_padding=&#8221;|42px|||false|false&#8221; custom_padding_tablet=&#8221;|30px||50px|true|false&#8221; custom_padding_phone=&#8221;|30px|||true|false&#8221; custom_padding_last_edited=&#8221;off|tablet&#8221; header_2_font_size_tablet=&#8221;40px&#8221; header_2_font_size_phone=&#8221;30px&#8221; header_2_font_size_last_edited=&#8221;on|phone&#8221;]<\/p>\n<h2><span style=\"color: #ffffff\">Mon souvenir est&#8230;<\/span><\/h2>\n<p>[\/et_pb_text][et_pb_contact_form captcha=&#8221;off&#8221; email=&#8221;sasmad@diocesemontreal.org&#8221; success_message=&#8221;Merci de partager ! Thank you for sharing ! &#8221; submit_button_text=&#8221;Partager mon souvenir&#8221; _builder_version=&#8221;4.9.4&#8243; _dynamic_attributes=&#8221;link_option_url&#8221; form_field_background_color=&#8221;rgba(255,255,255,0.7)&#8221; form_field_text_color=&#8221;#000000&#8243; form_field_focus_background_color=&#8221;#ffffff&#8221; form_field_focus_text_color=&#8221;#000000&#8243; form_field_custom_margin=&#8221;||30px||false|false&#8221; form_field_font_size=&#8221;17px&#8221; form_field_line_height=&#8221;1.8em&#8221; custom_button=&#8221;on&#8221; button_text_size=&#8221;16px&#8221; button_text_color=&#8221;#ffffff&#8221; button_bg_color=&#8221;#8857f2&#8243; button_bg_use_color_gradient=&#8221;on&#8221; button_bg_color_gradient_start=&#8221;#fc5400&#8243; button_bg_color_gradient_end=&#8221;#edf000&#8243; button_bg_color_gradient_direction=&#8221;172deg&#8221; button_border_width=&#8221;0px&#8221; button_border_color=&#8221;rgba(0,0,0,0)&#8221; button_border_radius=&#8221;0px&#8221; button_font=&#8221;Hind|600|||||||&#8221; button_icon=&#8221;%%24%%&#8221; button_custom_padding=&#8221;13px||10px||false|true&#8221; custom_padding=&#8221;|40px||||&#8221; link_option_url=&#8221;@ET-DC@eyJkeW5hbWljIjp0cnVlLCJjb250ZW50IjoicG9zdF9saW5rX3VybCIsInNldHRpbmdzIjp7fX0=@&#8221; box_shadow_style=&#8221;preset3&#8243; box_shadow_vertical=&#8221;27px&#8221; box_shadow_blur=&#8221;50px&#8221; box_shadow_spread=&#8221;0px&#8221; box_shadow_color=&#8221;rgba(131,146,167,0.2)&#8221; box_shadow_style_button=&#8221;preset3&#8243; box_shadow_vertical_button=&#8221;10px&#8221; box_shadow_blur_button=&#8221;40px&#8221; box_shadow_color_button=&#8221;#9274cd&#8221; button_bg_color__hover_enabled=&#8221;off&#8221;][et_pb_contact_field field_id=&#8221;Pr\u00e9nom_et_Nom&#8221; field_title=&#8221;Votre nom (optionnel)&#8221; fullwidth_field=&#8221;on&#8221; _builder_version=&#8221;4.9.4&#8243;][\/et_pb_contact_field][et_pb_contact_field field_id=&#8221;Message&#8221; field_title=&#8221;Mon \/ mes souvenirs &#8230; (texte)&#8221; field_type=&#8221;text&#8221; fullwidth_field=&#8221;on&#8221; _builder_version=&#8221;4.9.4&#8243; button_text_size__hover_enabled=&#8221;off&#8221; button_one_text_size__hover_enabled=&#8221;off&#8221; button_two_text_size__hover_enabled=&#8221;off&#8221; button_text_color__hover_enabled=&#8221;off&#8221; button_one_text_color__hover_enabled=&#8221;off&#8221; button_two_text_color__hover_enabled=&#8221;off&#8221; button_border_width__hover_enabled=&#8221;off&#8221; button_one_border_width__hover_enabled=&#8221;off&#8221; button_two_border_width__hover_enabled=&#8221;off&#8221; button_border_color__hover_enabled=&#8221;off&#8221; button_one_border_color__hover_enabled=&#8221;off&#8221; button_two_border_color__hover_enabled=&#8221;off&#8221; button_border_radius__hover_enabled=&#8221;off&#8221; button_one_border_radius__hover_enabled=&#8221;off&#8221; button_two_border_radius__hover_enabled=&#8221;off&#8221; button_letter_spacing__hover_enabled=&#8221;off&#8221; button_one_letter_spacing__hover_enabled=&#8221;off&#8221; button_two_letter_spacing__hover_enabled=&#8221;off&#8221; button_bg_color__hover_enabled=&#8221;off&#8221; button_one_bg_color__hover_enabled=&#8221;off&#8221; button_two_bg_color__hover_enabled=&#8221;off&#8221;][\/et_pb_contact_field][et_pb_contact_field field_id=&#8221;Courriel&#8221; field_title=&#8221;Courriel&#8221; fullwidth_field=&#8221;on&#8221; _builder_version=&#8221;4.6.0&#8243;][\/et_pb_contact_field][\/et_pb_contact_form][\/et_pb_column][et_pb_column type=&#8221;2_5&#8243; _builder_version=&#8221;3.26&#8243; background_color=&#8221;rgba(255,255,255,0.3)&#8221; background_enable_image=&#8221;off&#8221; parallax=&#8221;on&#8221; transform_scale_tablet=&#8221;&#8221; transform_scale_phone=&#8221;&#8221; transform_scale_last_edited=&#8221;on|desktop&#8221; transform_translate=&#8221;0px|-160px&#8221; transform_translate_tablet=&#8221;0px|0px&#8221; transform_translate_phone=&#8221;&#8221; transform_translate_last_edited=&#8221;on|phone&#8221; transform_translate_linked=&#8221;off&#8221; transform_rotate_last_edited=&#8221;off|desktop&#8221; transform_skew_last_edited=&#8221;off|desktop&#8221; transform_origin_last_edited=&#8221;off|desktop&#8221; transform_styles_last_edited=&#8221;on|phone&#8221; custom_padding=&#8221;150px|50px|50px|50px|false|true&#8221; custom_padding_tablet=&#8221;&#8221; custom_padding_phone=&#8221;20px|20px|20px|20px|true|true&#8221; custom_padding_last_edited=&#8221;on|desktop&#8221; filter_opacity=&#8221;94%&#8221; transform_styles_tablet=&#8221;&#8221; transform_styles_phone=&#8221;&#8221; box_shadow_style=&#8221;preset3&#8243; box_shadow_vertical=&#8221;30px&#8221; box_shadow_blur=&#8221;100px&#8221; box_shadow_spread=&#8221;40px&#8221; box_shadow_color=&#8221;rgba(102,100,126,0.16)&#8221;][et_pb_text _builder_version=&#8221;4.9.4&#8243; text_font=&#8221;Taviraj|600|||||||&#8221; text_text_color=&#8221;#000000&#8243; text_font_size=&#8221;15px&#8221; text_letter_spacing=&#8221;1px&#8221; text_line_height=&#8221;2em&#8221; header_text_color=&#8221;#000000&#8243; header_font_size=&#8221;40px&#8221; header_3_font=&#8221;Taviraj|600|||||||&#8221; header_3_text_color=&#8221;rgba(0,0,0,0.36)&#8221; header_3_font_size=&#8221;18px&#8221; header_3_line_height=&#8221;1.2em&#8221; custom_margin=&#8221;||60px||false|false&#8221; custom_margin_tablet=&#8221;&#8221; custom_margin_phone=&#8221;||30px||false|false&#8221; custom_margin_last_edited=&#8221;on|desktop&#8221; custom_padding=&#8221;5px|||||&#8221; inline_fonts=&#8221;Arial&#8221;]<\/p>\n<h1 align=\"center\"><\/h1>\n<p>&nbsp;<\/p>\n<h4 style=\"text-align: right\"><span style=\"color: #000000;font-family: Arial;font-size: 18px\">Et si vous ressortiez vos photos de famille? Prenez le temps de vous rem\u00e9morer les bons moments pass\u00e9s ensemble, de vous raconter des anecdotes insolites et, pourquoi pas, vos plus grandes le\u00e7ons de vie.<br \/>Et, si vous voulez bien les partager avec nous, nous serons heureux de les recevoir et les publier.<\/span><\/h4>\n<p>Pour nous envoyer des photos, vous pouvez le faire par courriel \u00e0 sasmad@diocesemontreal.org<span style=\"color: #000000;font-family: Arial;font-size: 18px\"><\/span><\/p>\n<p>&nbsp;<\/p>\n<p>[\/et_pb_text][\/et_pb_column][\/et_pb_row][\/et_pb_section]<\/p>\n","protected":false},"excerpt":{"rendered":"<p>&nbsp; \u00ab Je suis avec toi tous les jours \u00bb (cf. Mt 28,20) &#8220;I Am With You Always&#8221; (cf. Mt 28,20) Vous avez sans doute entendu la nouvelle! Le Pape Fran\u00e7ois a d\u00e9cr\u00e9t\u00e9 la 1\u00e8re Journ\u00e9e mondiale des grands-parents et des personnes \u00e2g\u00e9es, qui aura lieu le dimanche 25 juillet 2021. Le th\u00e8me de cette [&hellip;]<\/p>\n","protected":false},"author":196,"featured_media":0,"parent":0,"menu_order":0,"comment_status":"closed","ping_status":"closed","template":"","meta":{"_et_pb_use_builder":"on","_et_pb_old_content":"","_et_gb_content_width":"","_monsterinsights_skip_tracking":false,"_monsterinsights_sitenote_active":false,"_monsterinsights_sitenote_note":"","_monsterinsights_sitenote_category":0,"footnotes":""},"class_list":["post-3609","page","type-page","status-publish","hentry"],"_links":{"self":[{"href":"https:\/\/microsites.diocesemontreal.org\/microsites\/sasmad\/wp-json\/wp\/v2\/pages\/3609","targetHints":{"allow":["GET"]}}],"collection":[{"href":"https:\/\/microsites.diocesemontreal.org\/microsites\/sasmad\/wp-json\/wp\/v2\/pages"}],"about":[{"href":"https:\/\/microsites.diocesemontreal.org\/microsites\/sasmad\/wp-json\/wp\/v2\/types\/page"}],"author":[{"embeddable":true,"href":"https:\/\/microsites.diocesemontreal.org\/microsites\/sasmad\/wp-json\/wp\/v2\/users\/196"}],"replies":[{"embeddable":true,"href":"https:\/\/microsites.diocesemontreal.org\/microsites\/sasmad\/wp-json\/wp\/v2\/comments?post=3609"}],"version-history":[{"count":29,"href":"https:\/\/microsites.diocesemontreal.org\/microsites\/sasmad\/wp-json\/wp\/v2\/pages\/3609\/revisions"}],"predecessor-version":[{"id":3743,"href":"https:\/\/microsites.diocesemontreal.org\/microsites\/sasmad\/wp-json\/wp\/v2\/pages\/3609\/revisions\/3743"}],"wp:attachment":[{"href":"https:\/\/microsites.diocesemontreal.org\/microsites\/sasmad\/wp-json\/wp\/v2\/media?parent=3609"}],"curies":[{"name":"wp","href":"https:\/\/api.w.org\/{rel}","templated":true}]}}