{"id":6297,"date":"2023-09-13T14:45:39","date_gmt":"2023-09-13T18:45:39","guid":{"rendered":"https:\/\/microsites.diocesemontreal.org\/microsites\/sasmad\/?page_id=6297"},"modified":"2025-05-04T19:48:30","modified_gmt":"2025-05-04T23:48:30","slug":"formation-continue","status":"publish","type":"page","link":"https:\/\/microsites.diocesemontreal.org\/microsites\/sasmad\/formation-continue\/","title":{"rendered":"Formation Continue"},"content":{"rendered":"<p>[et_pb_section fb_built=&#8221;1&#8243; inner_shadow=&#8221;on&#8221; fullwidth=&#8221;on&#8221; _builder_version=&#8221;4.18.0&#8243; _module_preset=&#8221;default&#8221; background_enable_image=&#8221;off&#8221; background_size=&#8221;contain&#8221; custom_padding=&#8221;0px||0px|||&#8221; animation_style=&#8221;bounce&#8221; global_colors_info=&#8221;{}&#8221;][\/et_pb_section][et_pb_section fb_built=&#8221;1&#8243; _builder_version=&#8221;4.18.0&#8243; _module_preset=&#8221;default&#8221; background_image=&#8221;https:\/\/microsites.diocesemontreal.org\/microsites\/sasmad\/wp-content\/uploads\/sites\/27\/2025\/05\/Formation-continue-2.png&#8221; width=&#8221;100%&#8221; max_width=&#8221;100%&#8221; min_height=&#8221;848px&#8221; custom_margin=&#8221;-95px||-6px|0px|false|false&#8221; custom_padding=&#8221;44px||0px||false|false&#8221; hover_enabled=&#8221;0&#8243; global_colors_info=&#8221;{}&#8221; title_text=&#8221;Formation continue&#8221; sticky_enabled=&#8221;0&#8243;][et_pb_row _builder_version=&#8221;4.18.0&#8243; _module_preset=&#8221;default&#8221; min_height=&#8221;436px&#8221; global_colors_info=&#8221;{}&#8221;][et_pb_column type=&#8221;4_4&#8243; _builder_version=&#8221;4.16&#8243; _module_preset=&#8221;default&#8221; global_colors_info=&#8221;{}&#8221;][et_pb_text _builder_version=&#8221;4.16&#8243; _dynamic_attributes=&#8221;content&#8221; _module_preset=&#8221;default&#8221; text_font=&#8221;|600|||||||&#8221; text_text_color=&#8221;#ffffff&#8221; text_font_size=&#8221;69px&#8221; text_line_height=&#8221;1.6em&#8221; header_2_text_color=&#8221;#ffffff&#8221; header_2_font_size=&#8221;61px&#8221; background_layout=&#8221;dark&#8221; min_height=&#8221;144px&#8221; custom_margin=&#8221;||231px|||&#8221; custom_padding=&#8221;||0px|||&#8221; global_colors_info=&#8221;{}&#8221;]@ET-DC@eyJkeW5hbWljIjp0cnVlLCJjb250ZW50IjoicG9zdF90aXRsZSIsInNldHRpbmdzIjp7ImJlZm9yZSI6IiIsImFmdGVyIjoiIn19@[\/et_pb_text][et_pb_text _builder_version=&#8221;4.18.0&#8243; _module_preset=&#8221;default&#8221; text_font=&#8221;||||||||&#8221; text_font_size=&#8221;22px&#8221; text_letter_spacing=&#8221;1px&#8221; text_line_height=&#8221;3em&#8221; header_text_color=&#8221;#FFFFFF&#8221; header_font_size=&#8221;37px&#8221; header_2_text_color=&#8221;#FFFFFF&#8221; header_2_font_size=&#8221;42px&#8221; header_3_font=&#8221;||on||||||&#8221; header_3_text_color=&#8221;#FFFFFF&#8221; header_3_font_size=&#8221;24px&#8221; header_3_line_height=&#8221;1.5em&#8221; background_color=&#8221;rgba(0,0,0,0)&#8221; width=&#8221;96.8%&#8221; min_height=&#8221;140px&#8221; custom_margin=&#8221;-300px||53px|-1px|false|false&#8221; custom_padding=&#8221;43px|109px|4px|24px||&#8221; header_text_shadow_style=&#8221;preset1&#8243; global_colors_info=&#8221;{}&#8221;]<\/p>\n<h3>Tout au long de l\u2019ann\u00e9e, nous offrons une s\u00e9rie d\u2019ateliers enrichissants pour accompagner nos b\u00e9n\u00e9voles dans leur cheminement. Ces rencontres abordent des th\u00e8mes sensibles et essentiels tels que la vuln\u00e9rabilit\u00e9, les soins palliatifs et de fin de vie, ainsi que l\u2019aide m\u00e9dicale \u00e0 mourir. Des conf\u00e9renciers et intervenants de qualit\u00e9 sont invit\u00e9s \u00e0 partager leur expertise et \u00e0 dialoguer avec les participants.<\/h3>\n<p>[\/et_pb_text][\/et_pb_column][\/et_pb_row][\/et_pb_section][et_pb_section fb_built=&#8221;1&#8243; _builder_version=&#8221;4.16&#8243; _module_preset=&#8221;default&#8221; custom_padding=&#8221;||0px|||&#8221; global_colors_info=&#8221;{}&#8221;][\/et_pb_section][et_pb_section fb_built=&#8221;1&#8243; _builder_version=&#8221;4.16&#8243; _module_preset=&#8221;default&#8221; min_height=&#8221;1828px&#8221; custom_margin=&#8221;-103px|||||&#8221; custom_padding=&#8221;||0px|||&#8221; global_colors_info=&#8221;{}&#8221;][et_pb_row column_structure=&#8221;1_2,1_2&#8243; _builder_version=&#8221;4.16&#8243; _module_preset=&#8221;default&#8221; custom_padding=&#8221;||0px|||&#8221; global_colors_info=&#8221;{}&#8221;][et_pb_column type=&#8221;1_2&#8243; _builder_version=&#8221;4.16&#8243; _module_preset=&#8221;default&#8221; global_colors_info=&#8221;{}&#8221;][et_pb_text _builder_version=&#8221;4.16&#8243; _module_preset=&#8221;default&#8221; global_colors_info=&#8221;{}&#8221;]<\/p>\n<p>&nbsp;<\/p>\n<p><span style=\"color: #000000;font-size: large\"><\/span><\/p>\n<p><span style=\"color: #000000;font-size: large\">Des\u00a0<\/span><strong style=\"color: #000000;font-size: large\">formations continues<\/strong><span style=\"color: #000000;font-size: large\">\u00a0sont aussi offertes lors\u00a0des sessions de ressourcement adapt\u00e9es aux besoins des b\u00e9n\u00e9voles et aux exigences du SASMAD. <\/span> <span style=\"color: #000000;font-size: large\">De plus, le soutien de l\u2019\u00e9quipe de chaque secteur aide \u00e0 nourrir le \u00abfeu sacr\u00e9\u00bb des b\u00e9n\u00e9voles\u00a0permettant \u00e0 chacun de partager son v\u00e9cu dans l&#8217;accompagnement tout en\u00a0donnant les outils n\u00e9cessaires \u00e0 l\u2019approfondissement de leurs connaissances ainsi qu&#8217;\u00e0 l&#8217;enrichissement de leurs comp\u00e9tences.<\/span> \u00a0 \u00a0<\/p>\n<p>[\/et_pb_text][\/et_pb_column][et_pb_column type=&#8221;1_2&#8243; _builder_version=&#8221;4.16&#8243; _module_preset=&#8221;default&#8221; global_colors_info=&#8221;{}&#8221;][et_pb_image src=&#8221;https:\/\/microsites.diocesemontreal.org\/microsites\/sasmad\/wp-content\/uploads\/sites\/27\/2020\/11\/neonbrand-1-aA2Fadydc-unsplash-scaled.jpg&#8221; title_text=&#8221;neonbrand-1-aA2Fadydc-unsplash&#8221; _builder_version=&#8221;4.16&#8243; _module_preset=&#8221;default&#8221; global_colors_info=&#8221;{}&#8221;][\/et_pb_image][\/et_pb_column][\/et_pb_row][\/et_pb_section]<\/p>\n","protected":false},"excerpt":{"rendered":"<p>Tout au long de l\u2019ann\u00e9e, nous offrons une s\u00e9rie d\u2019ateliers enrichissants pour accompagner nos b\u00e9n\u00e9voles dans leur cheminement. Ces rencontres abordent des th\u00e8mes sensibles et essentiels tels que la vuln\u00e9rabilit\u00e9, les soins palliatifs et de fin de vie, ainsi que l\u2019aide m\u00e9dicale \u00e0 mourir. Des conf\u00e9renciers et intervenants de qualit\u00e9 sont invit\u00e9s \u00e0 partager leur [&hellip;]<\/p>\n","protected":false},"author":196,"featured_media":0,"parent":0,"menu_order":0,"comment_status":"closed","ping_status":"closed","template":"","meta":{"_et_pb_use_builder":"on","_et_pb_old_content":"","_et_gb_content_width":"","_monsterinsights_skip_tracking":false,"_monsterinsights_sitenote_active":false,"_monsterinsights_sitenote_note":"","_monsterinsights_sitenote_category":0,"footnotes":""},"class_list":["post-6297","page","type-page","status-publish","hentry"],"_links":{"self":[{"href":"https:\/\/microsites.diocesemontreal.org\/microsites\/sasmad\/wp-json\/wp\/v2\/pages\/6297","targetHints":{"allow":["GET"]}}],"collection":[{"href":"https:\/\/microsites.diocesemontreal.org\/microsites\/sasmad\/wp-json\/wp\/v2\/pages"}],"about":[{"href":"https:\/\/microsites.diocesemontreal.org\/microsites\/sasmad\/wp-json\/wp\/v2\/types\/page"}],"author":[{"embeddable":true,"href":"https:\/\/microsites.diocesemontreal.org\/microsites\/sasmad\/wp-json\/wp\/v2\/users\/196"}],"replies":[{"embeddable":true,"href":"https:\/\/microsites.diocesemontreal.org\/microsites\/sasmad\/wp-json\/wp\/v2\/comments?post=6297"}],"version-history":[{"count":38,"href":"https:\/\/microsites.diocesemontreal.org\/microsites\/sasmad\/wp-json\/wp\/v2\/pages\/6297\/revisions"}],"predecessor-version":[{"id":6930,"href":"https:\/\/microsites.diocesemontreal.org\/microsites\/sasmad\/wp-json\/wp\/v2\/pages\/6297\/revisions\/6930"}],"wp:attachment":[{"href":"https:\/\/microsites.diocesemontreal.org\/microsites\/sasmad\/wp-json\/wp\/v2\/media?parent=6297"}],"curies":[{"name":"wp","href":"https:\/\/api.w.org\/{rel}","templated":true}]}}