{"id":6806,"date":"2025-02-02T17:04:42","date_gmt":"2025-02-02T22:04:42","guid":{"rendered":"https:\/\/microsites.diocesemontreal.org\/microsites\/sasmad\/?page_id=6806"},"modified":"2025-02-02T18:10:41","modified_gmt":"2025-02-02T23:10:41","slug":"jmm-2025-3","status":"publish","type":"page","link":"https:\/\/microsites.diocesemontreal.org\/microsites\/sasmad\/jmm-2025-3\/","title":{"rendered":"JMM 2025"},"content":{"rendered":"<p>[et_pb_section fb_built=&#8221;1&#8243; _builder_version=&#8221;4.18.0&#8243; _module_preset=&#8221;default&#8221; background_image=&#8221;https:\/\/microsites.diocesemontreal.org\/microsites\/sasmad\/wp-content\/uploads\/sites\/27\/2025\/02\/Priere-JMM2025-FRA.jpg&#8221; min_height=&#8221;923px&#8221; custom_margin=&#8221;||790px|||&#8221; custom_padding=&#8221;||0px|||&#8221; global_colors_info=&#8221;{}&#8221;][et_pb_row _builder_version=&#8221;4.18.0&#8243; _module_preset=&#8221;default&#8221; global_colors_info=&#8221;{}&#8221;][et_pb_column type=&#8221;4_4&#8243; _builder_version=&#8221;4.18.0&#8243; _module_preset=&#8221;default&#8221; global_colors_info=&#8221;{}&#8221;][et_pb_text _builder_version=&#8221;4.18.0&#8243; _module_preset=&#8221;default&#8221; hover_enabled=&#8221;0&#8243; global_colors_info=&#8221;{}&#8221; sticky_enabled=&#8221;0&#8243;]<\/p>\n<h3><strong>Cher.\u00e8re.s ami.e.s du SASMAD et \u00e0 tous nos b\u00e9n\u00e9voles<\/strong><\/h3>\n<p>&nbsp;<\/p>\n<p>Comme vous le savez, la Journ\u00e9e mondiale du malade est le moment fort de notre mission au SASMAD. Toutes les personnes b\u00e9n\u00e9voles, malades, proches aidantes, intervenantes aupr\u00e8s de la clientelle ou amies de la mission du SASMAD aupr\u00e8s des personnes malades ou \u00e2g\u00e9es, isol\u00e9es et plus ou moins prises en charge par le syst\u00e8me de sant\u00e9, \u2026 vous \u00eates toutes et tous invit\u00e9.e.s \u00e0 vous joindre \u00e0 nous. C\u2019est toujours une belle journ\u00e9e pour l\u2019\u00e2me, pieuse, \u00e9mouvante, riche de gr\u00e2ces pour nous et les personnes pour lesquelles nous prions. C\u2019est un temps de pri\u00e8re anim\u00e9e pour nous permettre de vivre un moment de m\u00e9ditation int\u00e9rieure et aussi un temps d\u2019esp\u00e9rance partag\u00e9e en groupe devant le Seigneur qui nous appelle \u00e0 le visiter dans ses malades. Portons-les dans la joie, la foi et la charit\u00e9 en priant Marie, Notre-Dame de Lourdes, l\u00e0 o\u00f9 se produisent tant et tant de miracles de gu\u00e9rison.<\/p>\n<p>La fondation les ami.e.s de Jeanne Mance, vous invite gracieusement \u00e0 un repas communautaire qui sera propos\u00e9 apr\u00e8s la messe. (voir programme ci-dessous)<\/p>\n<p><a href=\"https:\/\/drive.google.com\/file\/d\/1WIEfBrw145yIA0voLpapXWeLFfCn8_Vb\/view?usp=sharing\" target=\"_blank\" rel=\"noopener\" title=\"Programme JMM 2025\">T\u00e9l\u00e9charger le programme en cliquant sur ce lien &#8230;<\/a><\/p>\n<p>Inscrivez bien la date dans votre agenda et invitez des connaissances \u00e0 venir avec vous chez nous.<\/p>\n<p><strong>Toute l&#8217;\u00e9quipe du SASMAD vous remercie de votre participation.<\/strong><\/p>\n<blockquote>\n<p>Adressez-nous vos intentions de pri\u00e8res \u00e0 l&#8217;adresse courriel suivante : <a href=\"mailto:misericorde.mercysasmad@gmail.com\">misericorde.mercysasmad@gmail.com<\/a><\/p>\n<\/blockquote>\n<p>&nbsp;<\/p>\n<p><strong><\/strong><\/p>\n<p>[\/et_pb_text][\/et_pb_column][\/et_pb_row][et_pb_row column_structure=&#8221;1_2,1_2&#8243; _builder_version=&#8221;4.18.0&#8243; _module_preset=&#8221;default&#8221; custom_padding=&#8221;||106px|||&#8221; global_colors_info=&#8221;{}&#8221;][et_pb_column type=&#8221;1_2&#8243; _builder_version=&#8221;4.18.0&#8243; _module_preset=&#8221;default&#8221; global_colors_info=&#8221;{}&#8221;][et_pb_blurb title=&#8221;Pri\u00e8re du JMM 2025 (SASMAD)&#8221; image=&#8221;https:\/\/microsites.diocesemontreal.org\/microsites\/sasmad\/wp-content\/uploads\/sites\/27\/2024\/06\/dreamstime_xxl_99367009_small-scaled.jpg&#8221; _builder_version=&#8221;4.18.0&#8243; _module_preset=&#8221;default&#8221; global_colors_info=&#8221;{}&#8221;]<\/p>\n<p>Seigneur Dieu de tout Amour,<br \/>Nous te pr\u00e9sentons les personnes \u00e2g\u00e9es, les malades<br \/>et toutes les personnes qui attendent une vie meilleure.<br \/>Fais jaillir en leurs c\u0153urs ton Esp\u00e9rance source de Joie et de Paix.<br \/>Que cette \u00c9toile de la nuit attire<br \/>des messagers pr\u00eats \u00e0 se donner<br \/>pour visiter ceux et celles<br \/>qui ont soif de ta Pr\u00e9sence<br \/>au c\u0153ur de leur solitude.<br \/>J\u00e9sus, grand Messager d&#8217;Esp\u00e9rance, comble nos c\u0153urs assoiff\u00e9s de v\u00e9rit\u00e9, de justice et de tendresse.<br \/>Reste proche et tiens notre main<br \/>dans les moments de doute.<br \/>Sois notre Phare tout au long<br \/>de cette ann\u00e9e jubilaire.<\/p>\n<p>Amen<\/p>\n<p><em>S.lr\u00e8ne Riopel ssa,<\/em><br \/><span style=\"text-decoration: underline\">marraine de l&#8217;\u00e9quipe SASMAD<\/span><\/p>\n<p>&nbsp;<\/p>\n<p>[\/et_pb_blurb][\/et_pb_column][et_pb_column type=&#8221;1_2&#8243; _builder_version=&#8221;4.18.0&#8243; _module_preset=&#8221;default&#8221; global_colors_info=&#8221;{}&#8221;][et_pb_blurb title=&#8221;Lettre du Pape Fran\u00e7ois&#8221; url=&#8221;https:\/\/drive.google.com\/file\/d\/1QUeTDRVe43kIgci2itKg1jzXWYo4D5ye\/view?usp=sharing&#8221; image=&#8221;https:\/\/microsites.diocesemontreal.org\/microsites\/sasmad\/wp-content\/uploads\/sites\/27\/2025\/02\/1619990-le-pape-francois-place-saint-pierre-au-vatican-le-22-mars-2023.jpg&#8221; _builder_version=&#8221;4.18.0&#8243; _module_preset=&#8221;default&#8221; link_option_url_new_window=&#8221;on&#8221; global_colors_info=&#8221;{}&#8221;]<\/p>\n<p><strong>MESSAGE DU PAPE FRAN\u00c7OIS<\/strong><\/p>\n<p><strong>\u00c0 L&#8217;OCCASION DE LA XXXIIIe JOURN\u00c9E MONDIALE DU MALADE<\/strong><\/p>\n<p>11 f\u00e9vrier 2025<\/p>\n<p>\u00ab <strong>L\u2019esp\u00e9rance ne d\u00e9\u00e7oit pas<\/strong> \u00bb (Rm 5, 5)et nous rend forts dans l\u2019\u00e9preuve<\/p>\n<p>Chers fr\u00e8res et s\u0153urs,nous c\u00e9l\u00e9brons la 33\u00e8me Journ\u00e9e mondiale du Malade de l\u2019ann\u00e9e jubilaire 2025 o\u00f9 l\u2019\u00c9glise nous invite \u00e0 devenir des \u00ab p\u00e8lerins de l\u2019esp\u00e9rance \u00bb. Nous sommes accompagn\u00e9s en cela par la Parole de Dieu. Saint Paul nous donne un message tr\u00e8s encourageant : \u00ab L\u2019esp\u00e9rance ne d\u00e9\u00e7oit pas \u00bb (Rm 5, 5), elle nous rend m\u00eame forts dans les \u00e9preuves&#8230;.<\/p>\n<p><a href=\"https:\/\/drive.google.com\/file\/d\/1QUeTDRVe43kIgci2itKg1jzXWYo4D5ye\/view?usp=sharing\">Cliquez pour t\u00e9lecharger la lettre en entier &#8230;<\/a><\/p>\n<p>&nbsp;<\/p>\n<p>&nbsp;<\/p>\n<div class=\"article-media-figcaption-title\"><em>Le pape Fran\u00e7ois, place Saint-Pierre, au Vatican, le 22 mars 2023.<\/em><\/div>\n<div class=\"article-media-figcaption-credits\"><em>Cr\u00e9dit : Andreas SOLARO \/ AFP<\/em><\/div>\n<p>[\/et_pb_blurb][\/et_pb_column][\/et_pb_row][\/et_pb_section]<\/p>\n","protected":false},"excerpt":{"rendered":"<p>Cher.\u00e8re.s ami.e.s du SASMAD et \u00e0 tous nos b\u00e9n\u00e9voles &nbsp; Comme vous le savez, la Journ\u00e9e mondiale du malade est le moment fort de notre mission au SASMAD. Toutes les personnes b\u00e9n\u00e9voles, malades, proches aidantes, intervenantes aupr\u00e8s de la clientelle ou amies de la mission du SASMAD aupr\u00e8s des personnes malades ou \u00e2g\u00e9es, isol\u00e9es et [&hellip;]<\/p>\n","protected":false},"author":369,"featured_media":0,"parent":0,"menu_order":0,"comment_status":"closed","ping_status":"closed","template":"","meta":{"_et_pb_use_builder":"on","_et_pb_old_content":"","_et_gb_content_width":"","_monsterinsights_skip_tracking":false,"_monsterinsights_sitenote_active":false,"_monsterinsights_sitenote_note":"","_monsterinsights_sitenote_category":0,"footnotes":""},"class_list":["post-6806","page","type-page","status-publish","hentry"],"_links":{"self":[{"href":"https:\/\/microsites.diocesemontreal.org\/microsites\/sasmad\/wp-json\/wp\/v2\/pages\/6806","targetHints":{"allow":["GET"]}}],"collection":[{"href":"https:\/\/microsites.diocesemontreal.org\/microsites\/sasmad\/wp-json\/wp\/v2\/pages"}],"about":[{"href":"https:\/\/microsites.diocesemontreal.org\/microsites\/sasmad\/wp-json\/wp\/v2\/types\/page"}],"author":[{"embeddable":true,"href":"https:\/\/microsites.diocesemontreal.org\/microsites\/sasmad\/wp-json\/wp\/v2\/users\/369"}],"replies":[{"embeddable":true,"href":"https:\/\/microsites.diocesemontreal.org\/microsites\/sasmad\/wp-json\/wp\/v2\/comments?post=6806"}],"version-history":[{"count":12,"href":"https:\/\/microsites.diocesemontreal.org\/microsites\/sasmad\/wp-json\/wp\/v2\/pages\/6806\/revisions"}],"predecessor-version":[{"id":6838,"href":"https:\/\/microsites.diocesemontreal.org\/microsites\/sasmad\/wp-json\/wp\/v2\/pages\/6806\/revisions\/6838"}],"wp:attachment":[{"href":"https:\/\/microsites.diocesemontreal.org\/microsites\/sasmad\/wp-json\/wp\/v2\/media?parent=6806"}],"curies":[{"name":"wp","href":"https:\/\/api.w.org\/{rel}","templated":true}]}}

<p>[et_pb_section fb_built=&#8221;1&#8243; _builder_version=&#8221;4.18.0&#8243; _module_preset=&#8221;default&#8221; background_image=&#8221;https://microsites.diocesemontreal.org/microsites/sasmad/wp-content/uploads/sites/27/2025/02/Priere-JMM2025-FRA.jpg&#8221; min_height=&#8221;923px&#8221; custom_margin=&#8221;||790px|||&#8221; custom_padding=&#8221;||0px|||&#8221; global_colors_info=&#8221;{}&#8221;][et_pb_row _builder_version=&#8221;4.18.0&#8243; _module_preset=&#8221;default&#8221; global_colors_info=&#8221;{}&#8221;][et_pb_column type=&#8221;4_4&#8243; _builder_version=&#8221;4.18.0&#8243; _module_preset=&#8221;default&#8221; global_colors_info=&#8221;{}&#8221;][et_pb_text _builder_version=&#8221;4.18.0&#8243; _module_preset=&#8221;default&#8221; hover_enabled=&#8221;0&#8243; global_colors_info=&#8221;{}&#8221; sticky_enabled=&#8221;0&#8243;]</p>
<h3><strong>Cher.ère.s ami.e.s du SASMAD et à tous nos bénévoles</strong></h3>
<p>&nbsp;</p>
<p>Comme vous le savez, la Journée mondiale du malade est le moment fort de notre mission au SASMAD. Toutes les personnes bénévoles, malades, proches aidantes, intervenantes auprès de la clientelle ou amies de la mission du SASMAD auprès des personnes malades ou âgées, isolées et plus ou moins prises en charge par le système de santé, … vous êtes toutes et tous invité.e.s à vous joindre à nous. C’est toujours une belle journée pour l’âme, pieuse, émouvante, riche de grâces pour nous et les personnes pour lesquelles nous prions. C’est un temps de prière animée pour nous permettre de vivre un moment de méditation intérieure et aussi un temps d’espérance partagée en groupe devant le Seigneur qui nous appelle à le visiter dans ses malades. Portons-les dans la joie, la foi et la charité en priant Marie, Notre-Dame de Lourdes, là où se produisent tant et tant de miracles de guérison.</p>
<p>La fondation les ami.e.s de Jeanne Mance, vous invite gracieusement à un repas communautaire qui sera proposé après la messe. (voir programme ci-dessous)</p>
<p><a href="https://drive.google.com/file/d/1WIEfBrw145yIA0voLpapXWeLFfCn8_Vb/view?usp=sharing" target="_blank" rel="noopener" title="Programme JMM 2025">Télécharger le programme en cliquant sur ce lien &#8230;</a></p>
<p>Inscrivez bien la date dans votre agenda et invitez des connaissances à venir avec vous chez nous.</p>
<p><strong>Toute l&#8217;équipe du SASMAD vous remercie de votre participation.</strong></p>
<blockquote>
<p>Adressez-nous vos intentions de prières à l&#8217;adresse courriel suivante : <a href="mailto:misericorde.mercysasmad@gmail.com">misericorde.mercysasmad@gmail.com</a></p>
</blockquote>
<p>&nbsp;</p>
<p><strong></strong></p>
<p>[/et_pb_text][/et_pb_column][/et_pb_row][et_pb_row column_structure=&#8221;1_2,1_2&#8243; _builder_version=&#8221;4.18.0&#8243; _module_preset=&#8221;default&#8221; custom_padding=&#8221;||106px|||&#8221; global_colors_info=&#8221;{}&#8221;][et_pb_column type=&#8221;1_2&#8243; _builder_version=&#8221;4.18.0&#8243; _module_preset=&#8221;default&#8221; global_colors_info=&#8221;{}&#8221;][et_pb_blurb title=&#8221;Prière du JMM 2025 (SASMAD)&#8221; image=&#8221;https://microsites.diocesemontreal.org/microsites/sasmad/wp-content/uploads/sites/27/2024/06/dreamstime_xxl_99367009_small-scaled.jpg&#8221; _builder_version=&#8221;4.18.0&#8243; _module_preset=&#8221;default&#8221; global_colors_info=&#8221;{}&#8221;]</p>
<p>Seigneur Dieu de tout Amour,<br />Nous te présentons les personnes âgées, les malades<br />et toutes les personnes qui attendent une vie meilleure.<br />Fais jaillir en leurs cœurs ton Espérance source de Joie et de Paix.<br />Que cette Étoile de la nuit attire<br />des messagers prêts à se donner<br />pour visiter ceux et celles<br />qui ont soif de ta Présence<br />au cœur de leur solitude.<br />Jésus, grand Messager d&#8217;Espérance, comble nos cœurs assoiffés de vérité, de justice et de tendresse.<br />Reste proche et tiens notre main<br />dans les moments de doute.<br />Sois notre Phare tout au long<br />de cette année jubilaire.</p>
<p>Amen</p>
<p><em>S.lrène Riopel ssa,</em><br /><span style="text-decoration: underline">marraine de l&#8217;équipe SASMAD</span></p>
<p>&nbsp;</p>
<p>[/et_pb_blurb][/et_pb_column][et_pb_column type=&#8221;1_2&#8243; _builder_version=&#8221;4.18.0&#8243; _module_preset=&#8221;default&#8221; global_colors_info=&#8221;{}&#8221;][et_pb_blurb title=&#8221;Lettre du Pape François&#8221; url=&#8221;https://drive.google.com/file/d/1QUeTDRVe43kIgci2itKg1jzXWYo4D5ye/view?usp=sharing&#8221; image=&#8221;https://microsites.diocesemontreal.org/microsites/sasmad/wp-content/uploads/sites/27/2025/02/1619990-le-pape-francois-place-saint-pierre-au-vatican-le-22-mars-2023.jpg&#8221; _builder_version=&#8221;4.18.0&#8243; _module_preset=&#8221;default&#8221; link_option_url_new_window=&#8221;on&#8221; global_colors_info=&#8221;{}&#8221;]</p>
<p><strong>MESSAGE DU PAPE FRANÇOIS</strong></p>
<p><strong>À L&#8217;OCCASION DE LA XXXIIIe JOURNÉE MONDIALE DU MALADE</strong></p>
<p>11 février 2025</p>
<p>« <strong>L’espérance ne déçoit pas</strong> » (Rm 5, 5)et nous rend forts dans l’épreuve</p>
<p>Chers frères et sœurs,nous célébrons la 33ème Journée mondiale du Malade de l’année jubilaire 2025 où l’Église nous invite à devenir des « pèlerins de l’espérance ». Nous sommes accompagnés en cela par la Parole de Dieu. Saint Paul nous donne un message très encourageant : « L’espérance ne déçoit pas » (Rm 5, 5), elle nous rend même forts dans les épreuves&#8230;.</p>
<p><a href="https://drive.google.com/file/d/1QUeTDRVe43kIgci2itKg1jzXWYo4D5ye/view?usp=sharing">Cliquez pour télecharger la lettre en entier &#8230;</a></p>
<p>&nbsp;</p>
<p>&nbsp;</p>
<div class="article-media-figcaption-title"><em>Le pape François, place Saint-Pierre, au Vatican, le 22 mars 2023.</em></div>
<div class="article-media-figcaption-credits"><em>Crédit : Andreas SOLARO / AFP</em></div>
<p>[/et_pb_blurb][/et_pb_column][/et_pb_row][/et_pb_section]</p>

<p>Cher.ère.s ami.e.s du SASMAD et à tous nos bénévoles &nbsp; Comme vous le savez, la Journée mondiale du malade est le moment fort de notre mission au SASMAD. Toutes les personnes bénévoles, malades, proches aidantes, intervenantes auprès de la clientelle ou amies de la mission du SASMAD auprès des personnes malades ou âgées, isolées et [&hellip;]</p>
