{"id":994,"date":"2020-11-20T21:48:10","date_gmt":"2020-11-20T20:48:10","guid":{"rendered":"https:\/\/microsites.diocesemontreal.org\/microsites\/semaine-sainte-et-paques\/?page_id=994"},"modified":"2021-03-22T22:00:01","modified_gmt":"2021-03-22T21:00:01","slug":"watching-children-families","status":"publish","type":"page","link":"https:\/\/microsites.diocesemontreal.org\/microsites\/semaine-sainte-et-paques\/en\/children-families\/watching-children-families\/","title":{"rendered":"Watching Children &#038; Families"},"content":{"rendered":"<p>[et_pb_section fb_built=\u00a0\u00bb1&Prime; fullwidth=\u00a0\u00bbon\u00a0\u00bb admin_label=\u00a0\u00bbHeader\u00a0\u00bb _builder_version=\u00a0\u00bb4.9.2&Prime; background_image=\u00a0\u00bbhttps:\/\/microsites.diocesemontreal.org\/microsites\/semaine-sainte-et-paques\/wp-content\/uploads\/sites\/47\/2021\/03\/famille-1.jpg\u00a0\u00bb parallax=\u00a0\u00bbon\u00a0\u00bb hover_enabled=\u00a0\u00bb0&Prime; disabled_on=\u00a0\u00bbon|off|off\u00a0\u00bb sticky_enabled=\u00a0\u00bb0&Prime;][et_pb_fullwidth_header title=\u00a0\u00bbWatching\u00a0\u00bb subhead=\u00a0\u00bbArticles and videos to better understand and experience this blessed time\u00a0\u00bb text_orientation=\u00a0\u00bbcenter\u00a0\u00bb button_one_text=\u00a0\u00bbHoly Week\u00a0\u00bb button_one_url=\u00a0\u00bb#watch-family-hw\u00a0\u00bb button_two_text=\u00a0\u00bbEaster\u00a0\u00bb button_two_url=\u00a0\u00bb#watch-family-easter\u00a0\u00bb _builder_version=\u00a0\u00bb4.8.2&Prime; title_font=\u00a0\u00bbAcme|700|||||||\u00a0\u00bb title_font_size=\u00a0\u00bb120px\u00a0\u00bb title_line_height=\u00a0\u00bb1.3em\u00a0\u00bb content_font=\u00a0\u00bb||||||||\u00a0\u00bb content_font_size=\u00a0\u00bb16px\u00a0\u00bb content_line_height=\u00a0\u00bb2em\u00a0\u00bb subhead_font=\u00a0\u00bbABeeZee||||||||\u00a0\u00bb subhead_font_size=\u00a0\u00bb24px\u00a0\u00bb subhead_line_height=\u00a0\u00bb1.5em\u00a0\u00bb background_color=\u00a0\u00bbrgba(0,0,0,0)\u00a0\u00bb use_background_color_gradient=\u00a0\u00bbon\u00a0\u00bb background_color_gradient_start=\u00a0\u00bbrgba(102,133,221,0.37)\u00a0\u00bb background_color_gradient_end=\u00a0\u00bbrgba(31,31,71,0.81)\u00a0\u00bb background_color_gradient_type=\u00a0\u00bbradial\u00a0\u00bb background_color_gradient_end_position=\u00a0\u00bb53%\u00a0\u00bb custom_button_one=\u00a0\u00bbon\u00a0\u00bb button_one_text_size=\u00a0\u00bb40px\u00a0\u00bb button_one_text_color=\u00a0\u00bb#ffffff\u00a0\u00bb button_one_bg_color=\u00a0\u00bb#7e1a7f\u00a0\u00bb button_one_border_width=\u00a0\u00bb2px\u00a0\u00bb button_one_border_color=\u00a0\u00bbrgba(0,0,0,0)\u00a0\u00bb button_one_border_radius=\u00a0\u00bb21px\u00a0\u00bb button_one_letter_spacing=\u00a0\u00bb3px\u00a0\u00bb button_one_font=\u00a0\u00bbDidact Gothic|700||on|||||\u00a0\u00bb button_one_use_icon=\u00a0\u00bboff\u00a0\u00bb custom_button_two=\u00a0\u00bbon\u00a0\u00bb button_two_text_size=\u00a0\u00bb40px\u00a0\u00bb button_two_text_color=\u00a0\u00bb#FFFFFF\u00a0\u00bb button_two_bg_color=\u00a0\u00bb#E09900&Prime; button_two_border_width=\u00a0\u00bb0px\u00a0\u00bb button_two_border_color=\u00a0\u00bb#ffffff\u00a0\u00bb button_two_border_radius=\u00a0\u00bb19px\u00a0\u00bb button_two_letter_spacing=\u00a0\u00bb3px\u00a0\u00bb button_two_font=\u00a0\u00bbDidact Gothic|700||on|||||\u00a0\u00bb button_two_use_icon=\u00a0\u00bboff\u00a0\u00bb custom_padding=\u00a0\u00bb10vw||7vw|||\u00a0\u00bb custom_padding_tablet=\u00a0\u00bb\u00a0\u00bb custom_padding_phone=\u00a0\u00bb||80px\u00a0\u00bb custom_padding_last_edited=\u00a0\u00bbon|phone\u00a0\u00bb animation_style=\u00a0\u00bbfade\u00a0\u00bb animation_starting_opacity=\u00a0\u00bb45%\u00a0\u00bb title_font_size_tablet=\u00a0\u00bb40px\u00a0\u00bb title_font_size_phone=\u00a0\u00bb30px\u00a0\u00bb title_font_size_last_edited=\u00a0\u00bbon|phone\u00a0\u00bb title_text_shadow_style=\u00a0\u00bbpreset1&Prime; button_one_text_shadow_style=\u00a0\u00bbpreset1&Prime; button_two_text_shadow_style=\u00a0\u00bbpreset1&Prime;][\/et_pb_fullwidth_header][\/et_pb_section][et_pb_section fb_built=\u00a0\u00bb1&Prime; fullwidth=\u00a0\u00bbon\u00a0\u00bb admin_label=\u00a0\u00bbHeader\u00a0\u00bb _builder_version=\u00a0\u00bb4.9.2&Prime; background_image=\u00a0\u00bbhttps:\/\/microsites.diocesemontreal.org\/microsites\/semaine-sainte-et-paques\/wp-content\/uploads\/sites\/47\/2021\/03\/famille-1.jpg\u00a0\u00bb parallax=\u00a0\u00bbon\u00a0\u00bb hover_enabled=\u00a0\u00bb0&Prime; disabled_on=\u00a0\u00bboff|on|on\u00a0\u00bb sticky_enabled=\u00a0\u00bb0&Prime;][et_pb_fullwidth_header title=\u00a0\u00bbWatching\u00a0\u00bb subhead=\u00a0\u00bbArticles and videos to better understand and experience this blessed time\u00a0\u00bb text_orientation=\u00a0\u00bbcenter\u00a0\u00bb button_one_text=\u00a0\u00bbHoly Week\u00a0\u00bb button_one_url=\u00a0\u00bb#watch-family-hw\u00a0\u00bb button_two_text=\u00a0\u00bbEaster\u00a0\u00bb button_two_url=\u00a0\u00bb#watch-family-easter\u00a0\u00bb _builder_version=\u00a0\u00bb4.9.2&Prime; title_font=\u00a0\u00bbAcme|700|||||||\u00a0\u00bb title_font_size=\u00a0\u00bb120px\u00a0\u00bb title_line_height=\u00a0\u00bb1.3em\u00a0\u00bb content_font=\u00a0\u00bb||||||||\u00a0\u00bb content_font_size=\u00a0\u00bb16px\u00a0\u00bb content_line_height=\u00a0\u00bb2em\u00a0\u00bb subhead_font=\u00a0\u00bbABeeZee||||||||\u00a0\u00bb subhead_font_size=\u00a0\u00bb24px\u00a0\u00bb subhead_line_height=\u00a0\u00bb1.5em\u00a0\u00bb background_color=\u00a0\u00bbrgba(0,0,0,0)\u00a0\u00bb use_background_color_gradient=\u00a0\u00bbon\u00a0\u00bb background_color_gradient_start=\u00a0\u00bbrgba(102,133,221,0.37)\u00a0\u00bb background_color_gradient_end=\u00a0\u00bbrgba(31,31,71,0.81)\u00a0\u00bb background_color_gradient_type=\u00a0\u00bbradial\u00a0\u00bb background_color_gradient_end_position=\u00a0\u00bb53%\u00a0\u00bb custom_button_one=\u00a0\u00bbon\u00a0\u00bb button_one_text_size=\u00a0\u00bb21px\u00a0\u00bb button_one_text_color=\u00a0\u00bb#ffffff\u00a0\u00bb button_one_bg_color=\u00a0\u00bb#7e1a7f\u00a0\u00bb button_one_border_width=\u00a0\u00bb2px\u00a0\u00bb button_one_border_color=\u00a0\u00bbrgba(0,0,0,0)\u00a0\u00bb button_one_border_radius=\u00a0\u00bb21px\u00a0\u00bb button_one_letter_spacing=\u00a0\u00bb3px\u00a0\u00bb button_one_font=\u00a0\u00bbDidact Gothic|700||on|||||\u00a0\u00bb button_one_use_icon=\u00a0\u00bboff\u00a0\u00bb custom_button_two=\u00a0\u00bbon\u00a0\u00bb button_two_text_size=\u00a0\u00bb23px\u00a0\u00bb button_two_text_color=\u00a0\u00bb#FFFFFF\u00a0\u00bb button_two_bg_color=\u00a0\u00bb#E09900&Prime; button_two_border_width=\u00a0\u00bb0px\u00a0\u00bb button_two_border_color=\u00a0\u00bb#ffffff\u00a0\u00bb button_two_border_radius=\u00a0\u00bb19px\u00a0\u00bb button_two_letter_spacing=\u00a0\u00bb3px\u00a0\u00bb button_two_font=\u00a0\u00bbDidact Gothic|700||on|||||\u00a0\u00bb button_two_use_icon=\u00a0\u00bboff\u00a0\u00bb custom_padding=\u00a0\u00bb10vw||7vw|||\u00a0\u00bb custom_padding_tablet=\u00a0\u00bb\u00a0\u00bb custom_padding_phone=\u00a0\u00bb||80px\u00a0\u00bb custom_padding_last_edited=\u00a0\u00bbon|phone\u00a0\u00bb animation_style=\u00a0\u00bbfade\u00a0\u00bb animation_starting_opacity=\u00a0\u00bb45%\u00a0\u00bb hover_enabled=\u00a0\u00bb0&Prime; title_font_size_tablet=\u00a0\u00bb40px\u00a0\u00bb title_font_size_phone=\u00a0\u00bb30px\u00a0\u00bb title_font_size_last_edited=\u00a0\u00bbon|phone\u00a0\u00bb title_text_shadow_style=\u00a0\u00bbpreset1&Prime; button_one_text_shadow_style=\u00a0\u00bbpreset1&Prime; button_two_text_shadow_style=\u00a0\u00bbpreset1&Prime; sticky_enabled=\u00a0\u00bb0&Prime;][\/et_pb_fullwidth_header][\/et_pb_section][et_pb_section fb_built=\u00a0\u00bb1&Prime; module_id=\u00a0\u00bbwatch-family-hw\u00a0\u00bb _builder_version=\u00a0\u00bb4.8.2&Prime; _module_preset=\u00a0\u00bbdefault\u00a0\u00bb min_height=\u00a0\u00bb257px\u00a0\u00bb][et_pb_row _builder_version=\u00a0\u00bb4.6.0&Prime; _module_preset=\u00a0\u00bbdefault\u00a0\u00bb][et_pb_column type=\u00a0\u00bb4_4&Prime; _builder_version=\u00a0\u00bb4.6.0&Prime; _module_preset=\u00a0\u00bbdefault\u00a0\u00bb][et_pb_text _builder_version=\u00a0\u00bb4.8.2&Prime; _module_preset=\u00a0\u00bbdefault\u00a0\u00bb text_text_color=\u00a0\u00bb#8300e9&Prime; header_font=\u00a0\u00bbABeeZee||||||||\u00a0\u00bb header_text_align=\u00a0\u00bbleft\u00a0\u00bb header_text_color=\u00a0\u00bb#7e1a7f\u00a0\u00bb header_font_size=\u00a0\u00bb66px\u00a0\u00bb header_2_font=\u00a0\u00bbABeeZee|700|||||||\u00a0\u00bb header_2_text_color=\u00a0\u00bb#7e1a7f\u00a0\u00bb header_2_font_size=\u00a0\u00bb35px\u00a0\u00bb header_4_font=\u00a0\u00bbABeeZee||||||||\u00a0\u00bb header_4_text_color=\u00a0\u00bb#6b6b6b\u00a0\u00bb header_4_line_height=\u00a0\u00bb1.6em\u00a0\u00bb filter_saturate=\u00a0\u00bb103%\u00a0\u00bb]<\/p>\n<h1><b><i>HOLY WEEK<\/i><\/b><\/h1>\n<p><em><strong><\/strong><\/em><\/p>\n<h2><b>Watching with Hope<\/b><\/h2>\n<p>[\/et_pb_text][\/et_pb_column][\/et_pb_row][et_pb_row column_structure=\u00a0\u00bb1_3,1_3,1_3&Prime; _builder_version=\u00a0\u00bb4.6.0&Prime; _module_preset=\u00a0\u00bbdefault\u00a0\u00bb][et_pb_column type=\u00a0\u00bb1_3&Prime; _builder_version=\u00a0\u00bb4.6.0&Prime; _module_preset=\u00a0\u00bbdefault\u00a0\u00bb][et_pb_video src=\u00a0\u00bbhttps:\/\/youtu.be\/1ssgKEadTL8&Prime; _builder_version=\u00a0\u00bb4.8.2&Prime; _module_preset=\u00a0\u00bbdefault\u00a0\u00bb][\/et_pb_video][et_pb_blurb alt=\u00a0\u00bbchurch-11-enfants\u00a0\u00bb _builder_version=\u00a0\u00bb4.9.2&Prime; _module_preset=\u00a0\u00bbdefault\u00a0\u00bb header_font=\u00a0\u00bbABeeZee|700|||||||\u00a0\u00bb body_font=\u00a0\u00bbABeeZee||||||||\u00a0\u00bb body_font_size=\u00a0\u00bb15px\u00a0\u00bb body_line_height=\u00a0\u00bb1.8em\u00a0\u00bb]<\/p>\n<p><strong><span style=\"color: #800080;\"><span>Palm Sunday and the Passion \u2013 For kids<\/span><\/span><\/strong><br \/>An animated kids&rsquo; movie about Palm Sunday and the Passion, adapted from the gospel of Mark.<\/p>\n<p>[\/et_pb_blurb][\/et_pb_column][et_pb_column type=\u00a0\u00bb1_3&Prime; _builder_version=\u00a0\u00bb4.6.0&Prime; _module_preset=\u00a0\u00bbdefault\u00a0\u00bb][et_pb_video src=\u00a0\u00bbhttps:\/\/youtu.be\/P_naREZKXy0?list=PLDxnX2653-wo_73ip38AzsSmfJ__CCRsI\u00a0\u00bb _builder_version=\u00a0\u00bb4.8.2&Prime; _module_preset=\u00a0\u00bbdefault\u00a0\u00bb][\/et_pb_video][et_pb_blurb alt=\u00a0\u00bbchurch-11-enfants\u00a0\u00bb _builder_version=\u00a0\u00bb4.9.2&Prime; _module_preset=\u00a0\u00bbdefault\u00a0\u00bb header_font=\u00a0\u00bbABeeZee|700|||||||\u00a0\u00bb body_font=\u00a0\u00bbABeeZee||||||||\u00a0\u00bb body_font_size=\u00a0\u00bb15px\u00a0\u00bb body_line_height=\u00a0\u00bb1.8em\u00a0\u00bb border_radii=\u00a0\u00bbon|16px|16px|16px|16px\u00a0\u00bb]<strong><span style=\"color: #800080;\"><span>God\u2019s Guidelines<\/span><\/span><\/strong><br \/>\nGod has taught us how to live so we will be safe and happy. When we don&rsquo;t do what He&rsquo;s told us, we hurt ourselves, we hurt God, and we hurt others as well.[\/et_pb_blurb][\/et_pb_column][et_pb_column type=\u00a0\u00bb1_3&Prime; _builder_version=\u00a0\u00bb4.6.0&Prime; _module_preset=\u00a0\u00bbdefault\u00a0\u00bb][et_pb_video src=\u00a0\u00bbhttps:\/\/youtu.be\/fhphVKNUX8k?list=PLDxnX2653-wo_73ip38AzsSmfJ__CCRsI\u00a0\u00bb _builder_version=\u00a0\u00bb4.8.2&Prime; _module_preset=\u00a0\u00bbdefault\u00a0\u00bb][\/et_pb_video][et_pb_blurb alt=\u00a0\u00bbchurch-11-enfants\u00a0\u00bb _builder_version=\u00a0\u00bb4.9.2&Prime; _module_preset=\u00a0\u00bbdefault\u00a0\u00bb header_font=\u00a0\u00bbABeeZee|700|||||||\u00a0\u00bb body_font=\u00a0\u00bbABeeZee||||||||\u00a0\u00bb body_font_size=\u00a0\u00bb15px\u00a0\u00bb body_line_height=\u00a0\u00bb1.8em\u00a0\u00bb custom_padding=\u00a0\u00bb||0px|||\u00a0\u00bb]<\/p>\n<p><strong><span style=\"color: #800080;\">The Sacrament of Confession<\/span><\/strong><br \/>Many times we carry the heavy weight of our sins in our hearts which makes us sad. When all the while we could be happier, by confessing our sins and seeking forgiveness!<\/p>\n<p>[\/et_pb_blurb][\/et_pb_column][\/et_pb_row][\/et_pb_section][et_pb_section fb_built=\u00a0\u00bb1&Prime; module_id=\u00a0\u00bbwatch-family-easter\u00a0\u00bb _builder_version=\u00a0\u00bb4.8.2&Prime; _module_preset=\u00a0\u00bbdefault\u00a0\u00bb min_height=\u00a0\u00bb257px\u00a0\u00bb][et_pb_row _builder_version=\u00a0\u00bb4.6.0&Prime; _module_preset=\u00a0\u00bbdefault\u00a0\u00bb][et_pb_column type=\u00a0\u00bb4_4&Prime; _builder_version=\u00a0\u00bb4.6.0&Prime; _module_preset=\u00a0\u00bbdefault\u00a0\u00bb][et_pb_text _builder_version=\u00a0\u00bb4.8.2&Prime; _module_preset=\u00a0\u00bbdefault\u00a0\u00bb text_text_color=\u00a0\u00bb#8300e9&Prime; header_font=\u00a0\u00bbABeeZee||||||||\u00a0\u00bb header_text_align=\u00a0\u00bbleft\u00a0\u00bb header_text_color=\u00a0\u00bb#E09900&Prime; header_font_size=\u00a0\u00bb66px\u00a0\u00bb header_2_font=\u00a0\u00bbABeeZee|700|||||||\u00a0\u00bb header_2_text_color=\u00a0\u00bb#E09900&Prime; header_2_font_size=\u00a0\u00bb35px\u00a0\u00bb header_4_font=\u00a0\u00bbABeeZee||||||||\u00a0\u00bb header_4_text_color=\u00a0\u00bb#6b6b6b\u00a0\u00bb header_4_line_height=\u00a0\u00bb1.6em\u00a0\u00bb filter_saturate=\u00a0\u00bb103%\u00a0\u00bb]<\/p>\n<h1><em><strong>EASTER<\/strong><\/em><\/h1>\n<p><em><strong><\/strong><\/em><\/p>\n<h2><b>Watching with Joy<\/b><\/h2>\n<p>[\/et_pb_text][\/et_pb_column][\/et_pb_row][et_pb_row column_structure=\u00a0\u00bb1_2,1_2&Prime; _builder_version=\u00a0\u00bb4.6.0&Prime; _module_preset=\u00a0\u00bbdefault\u00a0\u00bb][et_pb_column type=\u00a0\u00bb1_2&Prime; _builder_version=\u00a0\u00bb4.6.0&Prime; _module_preset=\u00a0\u00bbdefault\u00a0\u00bb][et_pb_video src=\u00a0\u00bbhttps:\/\/youtu.be\/Siv3MQcHrq8&Prime; _builder_version=\u00a0\u00bb4.8.2&Prime; _module_preset=\u00a0\u00bbdefault\u00a0\u00bb][\/et_pb_video][et_pb_blurb alt=\u00a0\u00bbchurch-11-enfants\u00a0\u00bb _builder_version=\u00a0\u00bb4.9.2&Prime; _module_preset=\u00a0\u00bbdefault\u00a0\u00bb header_font=\u00a0\u00bbABeeZee|700|||||||\u00a0\u00bb body_font=\u00a0\u00bbABeeZee||||||||\u00a0\u00bb body_font_size=\u00a0\u00bb15px\u00a0\u00bb body_line_height=\u00a0\u00bb1.8em\u00a0\u00bb]<\/p>\n<p><strong><span style=\"color: #800080;\"><span>Catholic Kids Homelies \u2013 Easter<\/span><\/span><\/strong><br \/>Easter Sunday! A fun Catholic reflection for kids based on the readings for Easter.<\/p>\n<p>[\/et_pb_blurb][\/et_pb_column][et_pb_column type=\u00a0\u00bb1_2&Prime; _builder_version=\u00a0\u00bb4.6.0&Prime; _module_preset=\u00a0\u00bbdefault\u00a0\u00bb][et_pb_video src=\u00a0\u00bbhttps:\/\/youtu.be\/HL8R158Ujp4?list=PLj67cMb5QRQniwDfjkCoHAaqMVM7CWL5A\u00a0\u00bb _builder_version=\u00a0\u00bb4.8.2&Prime; _module_preset=\u00a0\u00bbdefault\u00a0\u00bb][\/et_pb_video][et_pb_blurb alt=\u00a0\u00bbchurch-11-enfants\u00a0\u00bb _builder_version=\u00a0\u00bb4.9.2&Prime; _module_preset=\u00a0\u00bbdefault\u00a0\u00bb header_font=\u00a0\u00bbABeeZee|700|||||||\u00a0\u00bb body_font=\u00a0\u00bbABeeZee||||||||\u00a0\u00bb body_font_size=\u00a0\u00bb15px\u00a0\u00bb body_line_height=\u00a0\u00bb1.8em\u00a0\u00bb]<\/p>\n<p><strong><span style=\"color: #800080;\"><span>The Story of Easter (Jesus\u2019 Sacrifice)\u00a0<\/span><\/span><\/strong><br \/>A cartoon telling the story of Jesus&rsquo; Sacrifice.<\/p>\n<p>[\/et_pb_blurb][\/et_pb_column][\/et_pb_row][et_pb_row column_structure=\u00a0\u00bb1_2,1_2&Prime; _builder_version=\u00a0\u00bb4.6.0&Prime; _module_preset=\u00a0\u00bbdefault\u00a0\u00bb][et_pb_column type=\u00a0\u00bb1_2&Prime; _builder_version=\u00a0\u00bb4.6.0&Prime; _module_preset=\u00a0\u00bbdefault\u00a0\u00bb][et_pb_video src=\u00a0\u00bbhttps:\/\/youtu.be\/lMSjv49b1qw?list=PLfFXjDog6Jf4pJ4i-IqeEHyP-y5VB1cNN\u00a0\u00bb _builder_version=\u00a0\u00bb4.8.2&Prime; _module_preset=\u00a0\u00bbdefault\u00a0\u00bb][\/et_pb_video][et_pb_blurb alt=\u00a0\u00bbchurch-11-enfants\u00a0\u00bb _builder_version=\u00a0\u00bb4.9.2&Prime; _module_preset=\u00a0\u00bbdefault\u00a0\u00bb header_font=\u00a0\u00bbABeeZee|700|||||||\u00a0\u00bb body_font=\u00a0\u00bbABeeZee||||||||\u00a0\u00bb body_font_size=\u00a0\u00bb15px\u00a0\u00bb body_line_height=\u00a0\u00bb1.8em\u00a0\u00bb]<\/p>\n<p><strong><span style=\"color: #800080;\"><span>The Resurrection<\/span><\/span><\/strong><br \/>From the series \u00ab\u00a0What is Easter?\u00a0\u00bb &#8211; Brother Francis (whole series accessible in the playlist).<\/p>\n<p>[\/et_pb_blurb][\/et_pb_column][et_pb_column type=\u00a0\u00bb1_2&Prime; _builder_version=\u00a0\u00bb4.6.0&Prime; _module_preset=\u00a0\u00bbdefault\u00a0\u00bb][et_pb_video src=\u00a0\u00bbhttps:\/\/youtu.be\/nF0vsJE9XHY?list=PLfFXjDog6Jf4pJ4i-IqeEHyP-y5VB1cNN\u00a0\u00bb _builder_version=\u00a0\u00bb4.8.2&Prime; _module_preset=\u00a0\u00bbdefault\u00a0\u00bb][\/et_pb_video][et_pb_blurb alt=\u00a0\u00bbchurch-11-enfants\u00a0\u00bb _builder_version=\u00a0\u00bb4.9.2&Prime; _module_preset=\u00a0\u00bbdefault\u00a0\u00bb header_font=\u00a0\u00bbABeeZee|700|||||||\u00a0\u00bb body_font=\u00a0\u00bbABeeZee||||||||\u00a0\u00bb body_font_size=\u00a0\u00bb15px\u00a0\u00bb body_line_height=\u00a0\u00bb1.8em\u00a0\u00bb border_radii=\u00a0\u00bbon|16px|16px|16px|16px\u00a0\u00bb]<strong><span style=\"color: #800080;\"><span>Sing for He is Risen\u00a0<\/span><\/span><\/strong><br \/>\nFrom the series \u00ab\u00a0What is Easter?\u00a0\u00bb &#8211; Brother Francis (whole series accessible in the playlist).[\/et_pb_blurb][\/et_pb_column][\/et_pb_row][\/et_pb_section]<\/p>\n","protected":false},"excerpt":{"rendered":"<p>HOLY WEEK Watching with HopePalm Sunday and the Passion \u2013 For kidsAn animated kids&rsquo; movie about Palm Sunday and the Passion, adapted from the gospel of Mark.God\u2019s Guidelines God has taught us how to live so we will be safe and happy. When we don&rsquo;t do what He&rsquo;s told us, we hurt ourselves, we hurt [&hellip;]<\/p>\n","protected":false},"author":359,"featured_media":0,"parent":675,"menu_order":0,"comment_status":"closed","ping_status":"closed","template":"","meta":{"_et_pb_use_builder":"on","_et_pb_old_content":"","_et_gb_content_width":"","_monsterinsights_skip_tracking":false,"_monsterinsights_sitenote_active":false,"_monsterinsights_sitenote_note":"","_monsterinsights_sitenote_category":0,"footnotes":""},"class_list":["post-994","page","type-page","status-publish","hentry"],"yoast_head":"<!-- This site is optimized with the Yoast SEO plugin v26.4 - https:\/\/yoast.com\/wordpress\/plugins\/seo\/ -->\n<title>Watching Children &amp; Families - Un site pour vivre la semaine Sainte et P\u00e2ques<\/title>\n<meta name=\"robots\" content=\"index, follow, max-snippet:-1, max-image-preview:large, max-video-preview:-1\" \/>\n<link rel=\"canonical\" href=\"https:\/\/microsites.diocesemontreal.org\/microsites\/semaine-sainte-et-paques\/en\/children-families\/watching-children-families\/\" \/>\n<meta property=\"og:locale\" content=\"fr_FR\" \/>\n<meta property=\"og:type\" content=\"article\" \/>\n<meta property=\"og:title\" content=\"Watching Children &amp; Families - Un site pour vivre la semaine Sainte et P\u00e2ques\" \/>\n<meta property=\"og:description\" content=\"HOLY WEEK Watching with HopePalm Sunday and the Passion \u2013 For kidsAn animated kids&#039; movie about Palm Sunday and the Passion, adapted from the gospel of Mark.God\u2019s Guidelines God has taught us how to live so we will be safe and happy. When we don&#039;t do what He&#039;s told us, we hurt ourselves, we hurt [&hellip;]\" \/>\n<meta property=\"og:url\" content=\"https:\/\/microsites.diocesemontreal.org\/microsites\/semaine-sainte-et-paques\/en\/children-families\/watching-children-families\/\" \/>\n<meta property=\"og:site_name\" content=\"Un site pour vivre la semaine Sainte et P\u00e2ques\" \/>\n<meta property=\"article:modified_time\" content=\"2021-03-22T21:00:01+00:00\" \/>\n<meta name=\"twitter:card\" content=\"summary_large_image\" \/>\n<meta name=\"twitter:label1\" content=\"Dur\u00e9e de lecture estim\u00e9e\" \/>\n\t<meta name=\"twitter:data1\" content=\"7 minutes\" \/>\n<script type=\"application\/ld+json\" class=\"yoast-schema-graph\">{\"@context\":\"https:\/\/schema.org\",\"@graph\":[{\"@type\":\"WebPage\",\"@id\":\"https:\/\/microsites.diocesemontreal.org\/microsites\/semaine-sainte-et-paques\/en\/children-families\/watching-children-families\/\",\"url\":\"https:\/\/microsites.diocesemontreal.org\/microsites\/semaine-sainte-et-paques\/en\/children-families\/watching-children-families\/\",\"name\":\"Watching Children & Families - Un site pour vivre la semaine Sainte et P\u00e2ques\",\"isPartOf\":{\"@id\":\"https:\/\/microsites.diocesemontreal.org\/microsites\/semaine-sainte-et-paques\/#website\"},\"datePublished\":\"2020-11-20T20:48:10+00:00\",\"dateModified\":\"2021-03-22T21:00:01+00:00\",\"breadcrumb\":{\"@id\":\"https:\/\/microsites.diocesemontreal.org\/microsites\/semaine-sainte-et-paques\/en\/children-families\/watching-children-families\/#breadcrumb\"},\"inLanguage\":\"fr-FR\",\"potentialAction\":[{\"@type\":\"ReadAction\",\"target\":[\"https:\/\/microsites.diocesemontreal.org\/microsites\/semaine-sainte-et-paques\/en\/children-families\/watching-children-families\/\"]}]},{\"@type\":\"BreadcrumbList\",\"@id\":\"https:\/\/microsites.diocesemontreal.org\/microsites\/semaine-sainte-et-paques\/en\/children-families\/watching-children-families\/#breadcrumb\",\"itemListElement\":[{\"@type\":\"ListItem\",\"position\":1,\"name\":\"Accueil\",\"item\":\"https:\/\/microsites.diocesemontreal.org\/microsites\/semaine-sainte-et-paques\/\"},{\"@type\":\"ListItem\",\"position\":2,\"name\":\"Children and Families\",\"item\":\"https:\/\/microsites.diocesemontreal.org\/microsites\/semaine-sainte-et-paques\/en\/children-families\/\"},{\"@type\":\"ListItem\",\"position\":3,\"name\":\"Watching Children &#038; Families\"}]},{\"@type\":\"WebSite\",\"@id\":\"https:\/\/microsites.diocesemontreal.org\/microsites\/semaine-sainte-et-paques\/#website\",\"url\":\"https:\/\/microsites.diocesemontreal.org\/microsites\/semaine-sainte-et-paques\/\",\"name\":\"Un site pour vivre la semaine Sainte et P\u00e2ques\",\"description\":\"En pr\u00e9paration \u00e0 la f\u00eate de P\u00e2ques\",\"potentialAction\":[{\"@type\":\"SearchAction\",\"target\":{\"@type\":\"EntryPoint\",\"urlTemplate\":\"https:\/\/microsites.diocesemontreal.org\/microsites\/semaine-sainte-et-paques\/?s={search_term_string}\"},\"query-input\":{\"@type\":\"PropertyValueSpecification\",\"valueRequired\":true,\"valueName\":\"search_term_string\"}}],\"inLanguage\":\"fr-FR\"}]}<\/script>\n<!-- \/ Yoast SEO plugin. -->","yoast_head_json":{"title":"Watching Children & Families - Un site pour vivre la semaine Sainte et P\u00e2ques","robots":{"index":"index","follow":"follow","max-snippet":"max-snippet:-1","max-image-preview":"max-image-preview:large","max-video-preview":"max-video-preview:-1"},"canonical":"https:\/\/microsites.diocesemontreal.org\/microsites\/semaine-sainte-et-paques\/en\/children-families\/watching-children-families\/","og_locale":"fr_FR","og_type":"article","og_title":"Watching Children & Families - Un site pour vivre la semaine Sainte et P\u00e2ques","og_description":"HOLY WEEK Watching with HopePalm Sunday and the Passion \u2013 For kidsAn animated kids' movie about Palm Sunday and the Passion, adapted from the gospel of Mark.God\u2019s Guidelines God has taught us how to live so we will be safe and happy. When we don't do what He's told us, we hurt ourselves, we hurt [&hellip;]","og_url":"https:\/\/microsites.diocesemontreal.org\/microsites\/semaine-sainte-et-paques\/en\/children-families\/watching-children-families\/","og_site_name":"Un site pour vivre la semaine Sainte et P\u00e2ques","article_modified_time":"2021-03-22T21:00:01+00:00","twitter_card":"summary_large_image","twitter_misc":{"Dur\u00e9e de lecture estim\u00e9e":"7 minutes"},"schema":{"@context":"https:\/\/schema.org","@graph":[{"@type":"WebPage","@id":"https:\/\/microsites.diocesemontreal.org\/microsites\/semaine-sainte-et-paques\/en\/children-families\/watching-children-families\/","url":"https:\/\/microsites.diocesemontreal.org\/microsites\/semaine-sainte-et-paques\/en\/children-families\/watching-children-families\/","name":"Watching Children & Families - Un site pour vivre la semaine Sainte et P\u00e2ques","isPartOf":{"@id":"https:\/\/microsites.diocesemontreal.org\/microsites\/semaine-sainte-et-paques\/#website"},"datePublished":"2020-11-20T20:48:10+00:00","dateModified":"2021-03-22T21:00:01+00:00","breadcrumb":{"@id":"https:\/\/microsites.diocesemontreal.org\/microsites\/semaine-sainte-et-paques\/en\/children-families\/watching-children-families\/#breadcrumb"},"inLanguage":"fr-FR","potentialAction":[{"@type":"ReadAction","target":["https:\/\/microsites.diocesemontreal.org\/microsites\/semaine-sainte-et-paques\/en\/children-families\/watching-children-families\/"]}]},{"@type":"BreadcrumbList","@id":"https:\/\/microsites.diocesemontreal.org\/microsites\/semaine-sainte-et-paques\/en\/children-families\/watching-children-families\/#breadcrumb","itemListElement":[{"@type":"ListItem","position":1,"name":"Accueil","item":"https:\/\/microsites.diocesemontreal.org\/microsites\/semaine-sainte-et-paques\/"},{"@type":"ListItem","position":2,"name":"Children and Families","item":"https:\/\/microsites.diocesemontreal.org\/microsites\/semaine-sainte-et-paques\/en\/children-families\/"},{"@type":"ListItem","position":3,"name":"Watching Children &#038; Families"}]},{"@type":"WebSite","@id":"https:\/\/microsites.diocesemontreal.org\/microsites\/semaine-sainte-et-paques\/#website","url":"https:\/\/microsites.diocesemontreal.org\/microsites\/semaine-sainte-et-paques\/","name":"Un site pour vivre la semaine Sainte et P\u00e2ques","description":"En pr\u00e9paration \u00e0 la f\u00eate de P\u00e2ques","potentialAction":[{"@type":"SearchAction","target":{"@type":"EntryPoint","urlTemplate":"https:\/\/microsites.diocesemontreal.org\/microsites\/semaine-sainte-et-paques\/?s={search_term_string}"},"query-input":{"@type":"PropertyValueSpecification","valueRequired":true,"valueName":"search_term_string"}}],"inLanguage":"fr-FR"}]}},"_links":{"self":[{"href":"https:\/\/microsites.diocesemontreal.org\/microsites\/semaine-sainte-et-paques\/wp-json\/wp\/v2\/pages\/994","targetHints":{"allow":["GET"]}}],"collection":[{"href":"https:\/\/microsites.diocesemontreal.org\/microsites\/semaine-sainte-et-paques\/wp-json\/wp\/v2\/pages"}],"about":[{"href":"https:\/\/microsites.diocesemontreal.org\/microsites\/semaine-sainte-et-paques\/wp-json\/wp\/v2\/types\/page"}],"author":[{"embeddable":true,"href":"https:\/\/microsites.diocesemontreal.org\/microsites\/semaine-sainte-et-paques\/wp-json\/wp\/v2\/users\/359"}],"replies":[{"embeddable":true,"href":"https:\/\/microsites.diocesemontreal.org\/microsites\/semaine-sainte-et-paques\/wp-json\/wp\/v2\/comments?post=994"}],"version-history":[{"count":40,"href":"https:\/\/microsites.diocesemontreal.org\/microsites\/semaine-sainte-et-paques\/wp-json\/wp\/v2\/pages\/994\/revisions"}],"predecessor-version":[{"id":4851,"href":"https:\/\/microsites.diocesemontreal.org\/microsites\/semaine-sainte-et-paques\/wp-json\/wp\/v2\/pages\/994\/revisions\/4851"}],"up":[{"embeddable":true,"href":"https:\/\/microsites.diocesemontreal.org\/microsites\/semaine-sainte-et-paques\/wp-json\/wp\/v2\/pages\/675"}],"wp:attachment":[{"href":"https:\/\/microsites.diocesemontreal.org\/microsites\/semaine-sainte-et-paques\/wp-json\/wp\/v2\/media?parent=994"}],"curies":[{"name":"wp","href":"https:\/\/api.w.org\/{rel}","templated":true}]}}