{"id":2169,"date":"2023-04-17T14:15:34","date_gmt":"2023-04-17T18:15:34","guid":{"rendered":"https:\/\/microsites.diocesemontreal.org\/microsites\/synode\/?page_id=2169"},"modified":"2023-04-17T14:34:39","modified_gmt":"2023-04-17T18:34:39","slug":"visiteurs","status":"publish","type":"page","link":"https:\/\/microsites.diocesemontreal.org\/microsites\/synode\/visiteurs\/","title":{"rendered":"Devenir Visiteur"},"content":{"rendered":"<p>[et_pb_section fb_built=\u00a0\u00bb1&Prime; _builder_version=\u00a0\u00bb4.18.0&Prime; _module_preset=\u00a0\u00bbdefault\u00a0\u00bb global_colors_info=\u00a0\u00bb{}\u00a0\u00bb][et_pb_row admin_label=\u00a0\u00bbRow\u00a0\u00bb _builder_version=\u00a0\u00bb4.18.0&Prime; _module_preset=\u00a0\u00bbdefault\u00a0\u00bb global_colors_info=\u00a0\u00bb{}\u00a0\u00bb][et_pb_column type=\u00a0\u00bb4_4&Prime; _builder_version=\u00a0\u00bb4.18.0&Prime; _module_preset=\u00a0\u00bbdefault\u00a0\u00bb global_colors_info=\u00a0\u00bb{}\u00a0\u00bb][et_pb_text _builder_version=\u00a0\u00bb4.18.0&Prime; _module_preset=\u00a0\u00bbdefault\u00a0\u00bb global_colors_info=\u00a0\u00bb{}\u00a0\u00bb]<\/p>\n<p>Devenir visiteur c&rsquo;est participer \u00e0 la vie de l&rsquo;\u00c9glise dans le cadre du chantier de transformation synodale et missionnaire. C&rsquo;est vivre la mission en visitant 3 \u00e0 4 paroisses\/communaut\u00e9\/mission pour \u00e9couter et voir les pas de progression pos\u00e9s. Ils seront les r\u00e9v\u00e9lateurs de voir notre \u00c9glise combler les d\u00e9ficits v\u00e9cus pour que chacun trouve sa place et vive la pr\u00e9sence r\u00e9el du Christ ressuscit\u00e9.<\/p>\n<p>[\/et_pb_text][\/et_pb_column][\/et_pb_row][et_pb_row _builder_version=\u00a0\u00bb4.18.0&Prime; _module_preset=\u00a0\u00bbdefault\u00a0\u00bb global_colors_info=\u00a0\u00bb{}\u00a0\u00bb][et_pb_column type=\u00a0\u00bb4_4&Prime; _builder_version=\u00a0\u00bb4.18.0&Prime; _module_preset=\u00a0\u00bbdefault\u00a0\u00bb global_colors_info=\u00a0\u00bb{}\u00a0\u00bb][et_pb_code _builder_version=\u00a0\u00bb4.18.0&Prime; _module_preset=\u00a0\u00bbdefault\u00a0\u00bb hover_enabled=\u00a0\u00bb0&Prime; global_colors_info=\u00a0\u00bb{}\u00a0\u00bb sticky_enabled=\u00a0\u00bb0&Prime;]<script type=\"text\/javascript\">\n\/* <![CDATA[ *\/\nvar gform;gform||(document.addEventListener(\"gform_main_scripts_loaded\",function(){gform.scriptsLoaded=!0}),document.addEventListener(\"gform\/theme\/scripts_loaded\",function(){gform.themeScriptsLoaded=!0}),window.addEventListener(\"DOMContentLoaded\",function(){gform.domLoaded=!0}),gform={domLoaded:!1,scriptsLoaded:!1,themeScriptsLoaded:!1,isFormEditor:()=>\"function\"==typeof InitializeEditor,callIfLoaded:function(o){return!(!gform.domLoaded||!gform.scriptsLoaded||!gform.themeScriptsLoaded&&!gform.isFormEditor()||(gform.isFormEditor()&&console.warn(\"The use of gform.initializeOnLoaded() is deprecated in the form editor context and will be removed in Gravity Forms 3.1.\"),o(),0))},initializeOnLoaded:function(o){gform.callIfLoaded(o)||(document.addEventListener(\"gform_main_scripts_loaded\",()=>{gform.scriptsLoaded=!0,gform.callIfLoaded(o)}),document.addEventListener(\"gform\/theme\/scripts_loaded\",()=>{gform.themeScriptsLoaded=!0,gform.callIfLoaded(o)}),window.addEventListener(\"DOMContentLoaded\",()=>{gform.domLoaded=!0,gform.callIfLoaded(o)}))},hooks:{action:{},filter:{}},addAction:function(o,r,e,t){gform.addHook(\"action\",o,r,e,t)},addFilter:function(o,r,e,t){gform.addHook(\"filter\",o,r,e,t)},doAction:function(o){gform.doHook(\"action\",o,arguments)},applyFilters:function(o){return gform.doHook(\"filter\",o,arguments)},removeAction:function(o,r){gform.removeHook(\"action\",o,r)},removeFilter:function(o,r,e){gform.removeHook(\"filter\",o,r,e)},addHook:function(o,r,e,t,n){null==gform.hooks[o][r]&&(gform.hooks[o][r]=[]);var d=gform.hooks[o][r];null==n&&(n=r+\"_\"+d.length),gform.hooks[o][r].push({tag:n,callable:e,priority:t=null==t?10:t})},doHook:function(r,o,e){var t;if(e=Array.prototype.slice.call(e,1),null!=gform.hooks[r][o]&&((o=gform.hooks[r][o]).sort(function(o,r){return o.priority-r.priority}),o.forEach(function(o){\"function\"!=typeof(t=o.callable)&&(t=window[t]),\"action\"==r?t.apply(null,e):e[0]=t.apply(null,e)})),\"filter\"==r)return e[0]},removeHook:function(o,r,t,n){var e;null!=gform.hooks[o][r]&&(e=(e=gform.hooks[o][r]).filter(function(o,r,e){return!!(null!=n&&n!=o.tag||null!=t&&t!=o.priority)}),gform.hooks[o][r]=e)}});\n\/* ]]> *\/\n<\/script>\n\n                <div class='gf_browser_gecko gform_wrapper gravity-theme gform-theme--no-framework' data-form-theme='gravity-theme' data-form-index='0' id='gform_wrapper_7' >\n                        <div class='gform_heading'>\n                            <h2 class=\"gform_title\">Devenir visiteur<\/h2>\n                            <p class='gform_description'><\/p>\n                        <\/div><form method='post' enctype='multipart\/form-data'  id='gform_7'  action='\/microsites\/synode\/wp-json\/wp\/v2\/pages\/2169' data-formid='7' novalidate>\n                        <div class='gform-body gform_body'><div id='gform_fields_7' class='gform_fields top_label form_sublabel_below description_below validation_below'><div id=\"field_7_1\" class=\"gfield gfield--type-text gfield_contains_required field_sublabel_below gfield--no-description field_description_below field_validation_below gfield_visibility_visible\"  ><label class='gfield_label gform-field-label' for='input_7_1'>Votre nom et pr\u00e9nom<span class=\"gfield_required\"><span class=\"gfield_required gfield_required_text\">(N\u00e9cessaire)<\/span><\/span><\/label><div class='ginput_container ginput_container_text'><input name='input_1' id='input_7_1' type='text' value='' class='large'     aria-required=\"true\" aria-invalid=\"false\"   \/><\/div><\/div><fieldset id=\"field_7_3\" class=\"gfield gfield--type-radio gfield--type-choice gfield_contains_required field_sublabel_below gfield--no-description field_description_below field_validation_below gfield_visibility_visible\"  ><legend class='gfield_label gform-field-label' >\u00cates-vous ?<span class=\"gfield_required\"><span class=\"gfield_required gfield_required_text\">(N\u00e9cessaire)<\/span><\/span><\/legend><div class='ginput_container ginput_container_radio'><div class='gfield_radio' id='input_7_3'>\n\t\t\t<div class='gchoice gchoice_7_3_0'>\n\t\t\t\t\t<input class='gfield-choice-input' name='input_3' type='radio' value='La\u00efc attach\u00e9 \u00e0 une paroisse\/communaut\u00e9\/mission'  id='choice_7_3_0' onchange='gformToggleRadioOther( this )'    \/>\n\t\t\t\t\t<label for='choice_7_3_0' id='label_7_3_0' class='gform-field-label gform-field-label--type-inline'>La\u00efc attach\u00e9 \u00e0 une paroisse\/communaut\u00e9\/mission<\/label>\n\t\t\t<\/div>\n\t\t\t<div class='gchoice gchoice_7_3_1'>\n\t\t\t\t\t<input class='gfield-choice-input' name='input_3' type='radio' value='Diacre'  id='choice_7_3_1' onchange='gformToggleRadioOther( this )'    \/>\n\t\t\t\t\t<label for='choice_7_3_1' id='label_7_3_1' class='gform-field-label gform-field-label--type-inline'>Diacre<\/label>\n\t\t\t<\/div>\n\t\t\t<div class='gchoice gchoice_7_3_2'>\n\t\t\t\t\t<input class='gfield-choice-input' name='input_3' type='radio' value='Postulant au diaconat'  id='choice_7_3_2' onchange='gformToggleRadioOther( this )'    \/>\n\t\t\t\t\t<label for='choice_7_3_2' id='label_7_3_2' class='gform-field-label gform-field-label--type-inline'>Postulant au diaconat<\/label>\n\t\t\t<\/div>\n\t\t\t<div class='gchoice gchoice_7_3_3'>\n\t\t\t\t\t<input class='gfield-choice-input' name='input_3' type='radio' value='Pr\u00eatre'  id='choice_7_3_3' onchange='gformToggleRadioOther( this )'    \/>\n\t\t\t\t\t<label for='choice_7_3_3' id='label_7_3_3' class='gform-field-label gform-field-label--type-inline'>Pr\u00eatre<\/label>\n\t\t\t<\/div>\n\t\t\t<div class='gchoice gchoice_7_3_4'>\n\t\t\t\t\t<input class='gfield-choice-input' name='input_3' type='radio' value='Religieux ou religieuse'  id='choice_7_3_4' onchange='gformToggleRadioOther( this )'    \/>\n\t\t\t\t\t<label for='choice_7_3_4' id='label_7_3_4' class='gform-field-label gform-field-label--type-inline'>Religieux ou religieuse<\/label>\n\t\t\t<\/div><\/div><\/div><\/fieldset><div id=\"field_7_4\" class=\"gfield gfield--type-select gfield_contains_required field_sublabel_below gfield--no-description field_description_below field_validation_below gfield_visibility_visible\"  ><label class='gfield_label gform-field-label' for='input_7_4'>Quelle est votre paroisse\/communaut\u00e9\/mission ?<span class=\"gfield_required\"><span class=\"gfield_required gfield_required_text\">(N\u00e9cessaire)<\/span><\/span><\/label><div class='ginput_container ginput_container_select'><select name='input_4' id='input_7_4' class='large gfield_select'    aria-required=\"true\" aria-invalid=\"false\" ><option value='Saint-Nicholas-Tavelic ; Mission' >Saint-Nicholas-Tavelic ; Mission<\/option><option value='St. Michael&#039;s and St. Anthony&#039;s ; Mission' >St. Michael&#039;s and St. Anthony&#039;s ; Mission<\/option><option value='Notre-Dame-d&#039;\u00c9gypte ; Mission' >Notre-Dame-d&#039;\u00c9gypte ; Mission<\/option><option value='Autre' >Autre<\/option><\/select><\/div><\/div><div id=\"field_7_5\" class=\"gfield gfield--type-textarea field_sublabel_below gfield--no-description field_description_below field_validation_below gfield_visibility_visible\"  ><label class='gfield_label gform-field-label' for='input_7_5'>Pourquoi souhatiez-vous devenir visiteur ?<\/label><div class='ginput_container ginput_container_textarea'><textarea name='input_5' id='input_7_5' class='textarea large'      aria-invalid=\"false\"   rows='10' cols='50'><\/textarea><\/div><\/div><\/div><\/div>\n        <div class='gform-footer gform_footer top_label'> <input type='submit' id='gform_submit_button_7' class='gform_button button' onclick='gform.submission.handleButtonClick(this);' data-submission-type='submit' value='Envoyer'  \/> \n            <input type='hidden' class='gform_hidden' name='gform_submission_method' data-js='gform_submission_method_7' value='postback' \/>\n            <input type='hidden' class='gform_hidden' name='gform_theme' data-js='gform_theme_7' id='gform_theme_7' value='gravity-theme' \/>\n            <input type='hidden' class='gform_hidden' name='gform_style_settings' data-js='gform_style_settings_7' id='gform_style_settings_7' value='[]' \/>\n            <input type='hidden' class='gform_hidden' name='is_submit_7' value='1' \/>\n            <input type='hidden' class='gform_hidden' name='gform_submit' value='7' \/>\n            \n            <input type='hidden' class='gform_hidden' name='gform_currency' data-currency='CAD' value='LEq7CygH8prNpPnjyCtgatk5SCFjGAJr3+Cv3VU0+lwm6I11J0eqkxR\/5pqc9RO6tEvjSar6v0uz5su+JSn5xWXO3V3pvrlNImYxlIcm4Lgww7Y=' \/>\n            <input type='hidden' class='gform_hidden' name='gform_unique_id' value='' \/>\n            <input type='hidden' class='gform_hidden' name='state_7' value='WyJ7XCIzXCI6W1wiMWY0M2JjMjI0YTQ1Mjc1MTQ5YmY4ZTgyODAxOTg1NzRcIixcIjEzNzM3YmIzMWIzOGU5MjE3MmFiMDA4YjFmZGEzMDNiXCIsXCI4OWYwYWZmMzdmZTkyNzJlNTA2MzllNWFmMzhkYmJlOFwiLFwiYTNlNmI0NzNmNzVkN2I3Mzk2MjIwMTQxMzI3NDVlMDBcIixcIjg1NTZlZGMxNTU4M2IyMWJjODkyZGFjYmUwMGQ3OWEwXCJdLFwiNFwiOltcIjQxN2NjYTQzZTVjMjU3MzBmNGZiNjM1NGZjMjhlMDg2XCIsXCI2NGY2MDU5MGVlNDM5MTNhZDZhZDYyMjZlYWJkN2UwOFwiLFwiZmQyMjUwYzA0Mjg4MjBkY2Y1M2I3YTUzZWZjMDBhMDlcIixcIjc5MjgwNWM5Y2E5ZDgyZTQ3MzQ2NDhiZDk5ZGI4Yjk3XCJdfSIsImRiYjUyNTdlNTNmYmFhMTc5MzM0ZTUyNjQwOTE1MmVlIl0=' \/>\n            <input type='hidden' autocomplete='off' class='gform_hidden' name='gform_target_page_number_7' id='gform_target_page_number_7' value='0' \/>\n            <input type='hidden' autocomplete='off' class='gform_hidden' name='gform_source_page_number_7' id='gform_source_page_number_7' value='1' \/>\n            <input type='hidden' name='gform_field_values' value='' \/>\n            \n        <\/div>\n                        <p style=\"display: none !important;\" class=\"akismet-fields-container\" data-prefix=\"ak_\"><label>&#916;<textarea name=\"ak_hp_textarea\" cols=\"45\" rows=\"8\" maxlength=\"100\"><\/textarea><\/label><input type=\"hidden\" id=\"ak_js_1\" name=\"ak_js\" value=\"17\"\/><script>document.getElementById( \"ak_js_1\" ).setAttribute( \"value\", ( new Date() ).getTime() );<\/script><\/p><\/form>\n                        <\/div><script type=\"text\/javascript\">\n\/* <![CDATA[ *\/\n gform.initializeOnLoaded( function() {gformInitSpinner( 7, 'https:\/\/microsites.diocesemontreal.org\/microsites\/synode\/wp-content\/plugins\/gravityforms\/images\/spinner.svg', true );jQuery('#gform_ajax_frame_7').on('load',function(){var contents = jQuery(this).contents().find('*').html();var is_postback = contents.indexOf('GF_AJAX_POSTBACK') >= 0;if(!is_postback){return;}var form_content = jQuery(this).contents().find('#gform_wrapper_7');var is_confirmation = jQuery(this).contents().find('#gform_confirmation_wrapper_7').length > 0;var is_redirect = contents.indexOf('gformRedirect(){') >= 0;var is_form = form_content.length > 0 && ! is_redirect && ! is_confirmation;var mt = parseInt(jQuery('html').css('margin-top'), 10) + parseInt(jQuery('body').css('margin-top'), 10) + 100;if(is_form){jQuery('#gform_wrapper_7').html(form_content.html());if(form_content.hasClass('gform_validation_error')){jQuery('#gform_wrapper_7').addClass('gform_validation_error');} else {jQuery('#gform_wrapper_7').removeClass('gform_validation_error');}setTimeout( function() { \/* delay the scroll by 50 milliseconds to fix a bug in chrome *\/  }, 50 );if(window['gformInitDatepicker']) {gformInitDatepicker();}if(window['gformInitPriceFields']) {gformInitPriceFields();}var current_page = jQuery('#gform_source_page_number_7').val();gformInitSpinner( 7, 'https:\/\/microsites.diocesemontreal.org\/microsites\/synode\/wp-content\/plugins\/gravityforms\/images\/spinner.svg', true );jQuery(document).trigger('gform_page_loaded', [7, current_page]);window['gf_submitting_7'] = false;}else if(!is_redirect){var confirmation_content = jQuery(this).contents().find('.GF_AJAX_POSTBACK').html();if(!confirmation_content){confirmation_content = contents;}jQuery('#gform_wrapper_7').replaceWith(confirmation_content);jQuery(document).trigger('gform_confirmation_loaded', [7]);window['gf_submitting_7'] = false;wp.a11y.speak(jQuery('#gform_confirmation_message_7').text());}else{jQuery('#gform_7').append(contents);if(window['gformRedirect']) {gformRedirect();}}jQuery(document).trigger(\"gform_pre_post_render\", [{ formId: \"7\", currentPage: \"current_page\", abort: function() { this.preventDefault(); } }]);        if (event && event.defaultPrevented) {                return;        }        const gformWrapperDiv = document.getElementById( \"gform_wrapper_7\" );        if ( gformWrapperDiv ) {            const visibilitySpan = document.createElement( \"span\" );            visibilitySpan.id = \"gform_visibility_test_7\";            gformWrapperDiv.insertAdjacentElement( \"afterend\", visibilitySpan );        }        const visibilityTestDiv = document.getElementById( \"gform_visibility_test_7\" );        let postRenderFired = false;        function triggerPostRender() {            if ( postRenderFired ) {                return;            }            postRenderFired = true;            gform.core.triggerPostRenderEvents( 7, current_page );            if ( visibilityTestDiv ) {                visibilityTestDiv.parentNode.removeChild( visibilityTestDiv );            }        }        function debounce( func, wait, immediate ) {            var timeout;            return function() {                var context = this, args = arguments;                var later = function() {                    timeout = null;                    if ( !immediate ) func.apply( context, args );                };                var callNow = immediate && !timeout;                clearTimeout( timeout );                timeout = setTimeout( later, wait );                if ( callNow ) func.apply( context, args );            };        }        const debouncedTriggerPostRender = debounce( function() {            triggerPostRender();        }, 200 );        if ( visibilityTestDiv && visibilityTestDiv.offsetParent === null ) {            const observer = new MutationObserver( ( mutations ) => {                mutations.forEach( ( mutation ) => {                    if ( mutation.type === 'attributes' && visibilityTestDiv.offsetParent !== null ) {                        debouncedTriggerPostRender();                        observer.disconnect();                    }                });            });            observer.observe( document.body, {                attributes: true,                childList: false,                subtree: true,                attributeFilter: [ 'style', 'class' ],            });        } else {            triggerPostRender();        }    } );} ); \n\/* ]]> *\/\n<\/script>\n[\/et_pb_code][\/et_pb_column][\/et_pb_row][\/et_pb_section]<\/p>\n","protected":false},"excerpt":{"rendered":"<p>Devenir visiteur c&rsquo;est participer \u00e0 la vie de l&rsquo;\u00c9glise dans le cadre du chantier de transformation synodale et missionnaire. C&rsquo;est vivre la mission en visitant 3 \u00e0 4 paroisses\/communaut\u00e9\/mission pour \u00e9couter et voir les pas de progression pos\u00e9s. Ils seront les r\u00e9v\u00e9lateurs de voir notre \u00c9glise combler les d\u00e9ficits v\u00e9cus pour que chacun trouve sa [&hellip;]<\/p>\n","protected":false},"author":369,"featured_media":0,"parent":0,"menu_order":0,"comment_status":"closed","ping_status":"closed","template":"","meta":{"_et_pb_use_builder":"on","_et_pb_old_content":"","_et_gb_content_width":"","_monsterinsights_skip_tracking":false,"_monsterinsights_sitenote_active":false,"_monsterinsights_sitenote_note":"","_monsterinsights_sitenote_category":0,"footnotes":""},"class_list":["post-2169","page","type-page","status-publish","hentry"],"yoast_head":"<!-- This site is optimized with the Yoast SEO plugin v26.4 - https:\/\/yoast.com\/wordpress\/plugins\/seo\/ -->\n<title>Devenir Visiteur<\/title>\n<meta name=\"robots\" content=\"index, follow, max-snippet:-1, max-image-preview:large, max-video-preview:-1\" \/>\n<link rel=\"canonical\" href=\"https:\/\/microsites.diocesemontreal.org\/microsites\/synode\/visiteurs\/\" \/>\n<meta property=\"og:locale\" content=\"fr_CA\" \/>\n<meta property=\"og:type\" content=\"article\" \/>\n<meta property=\"og:title\" content=\"Devenir Visiteur\" \/>\n<meta property=\"og:description\" content=\"Devenir visiteur c&#039;est participer \u00e0 la vie de l&#039;\u00c9glise dans le cadre du chantier de transformation synodale et missionnaire. C&#039;est vivre la mission en visitant 3 \u00e0 4 paroisses\/communaut\u00e9\/mission pour \u00e9couter et voir les pas de progression pos\u00e9s. Ils seront les r\u00e9v\u00e9lateurs de voir notre \u00c9glise combler les d\u00e9ficits v\u00e9cus pour que chacun trouve sa [&hellip;]\" \/>\n<meta property=\"og:url\" content=\"https:\/\/microsites.diocesemontreal.org\/microsites\/synode\/visiteurs\/\" \/>\n<meta property=\"og:site_name\" content=\"Synode\" \/>\n<meta property=\"article:publisher\" content=\"https:\/\/www.facebook.com\/diocesemontreal\" \/>\n<meta property=\"article:modified_time\" content=\"2023-04-17T18:34:39+00:00\" \/>\n<meta name=\"twitter:card\" content=\"summary_large_image\" \/>\n<meta name=\"twitter:site\" content=\"@diocesemontreal\" \/>\n<script type=\"application\/ld+json\" class=\"yoast-schema-graph\">{\"@context\":\"https:\/\/schema.org\",\"@graph\":[{\"@type\":\"WebPage\",\"@id\":\"https:\/\/microsites.diocesemontreal.org\/microsites\/synode\/visiteurs\/\",\"url\":\"https:\/\/microsites.diocesemontreal.org\/microsites\/synode\/visiteurs\/\",\"name\":\"Devenir Visiteur\",\"isPartOf\":{\"@id\":\"https:\/\/microsites.diocesemontreal.org\/microsites\/synode\/#website\"},\"datePublished\":\"2023-04-17T18:15:34+00:00\",\"dateModified\":\"2023-04-17T18:34:39+00:00\",\"breadcrumb\":{\"@id\":\"https:\/\/microsites.diocesemontreal.org\/microsites\/synode\/visiteurs\/#breadcrumb\"},\"inLanguage\":\"fr-CA\",\"potentialAction\":[{\"@type\":\"ReadAction\",\"target\":[\"https:\/\/microsites.diocesemontreal.org\/microsites\/synode\/visiteurs\/\"]}]},{\"@type\":\"BreadcrumbList\",\"@id\":\"https:\/\/microsites.diocesemontreal.org\/microsites\/synode\/visiteurs\/#breadcrumb\",\"itemListElement\":[{\"@type\":\"ListItem\",\"position\":1,\"name\":\"Accueil\",\"item\":\"https:\/\/microsites.diocesemontreal.org\/microsites\/synode\/\"},{\"@type\":\"ListItem\",\"position\":2,\"name\":\"Devenir Visiteur\"}]},{\"@type\":\"WebSite\",\"@id\":\"https:\/\/microsites.diocesemontreal.org\/microsites\/synode\/#website\",\"url\":\"https:\/\/microsites.diocesemontreal.org\/microsites\/synode\/\",\"name\":\"Synode sur la Synodalit\u00e9\",\"description\":\"Synode sur la synodalit\u00e9\",\"publisher\":{\"@id\":\"https:\/\/microsites.diocesemontreal.org\/microsites\/synode\/#organization\"},\"alternateName\":\"Pour une \u00e9glise Synodale Communion-Participation-Mission\",\"potentialAction\":[{\"@type\":\"SearchAction\",\"target\":{\"@type\":\"EntryPoint\",\"urlTemplate\":\"https:\/\/microsites.diocesemontreal.org\/microsites\/synode\/?s={search_term_string}\"},\"query-input\":{\"@type\":\"PropertyValueSpecification\",\"valueRequired\":true,\"valueName\":\"search_term_string\"}}],\"inLanguage\":\"fr-CA\"},{\"@type\":\"Organization\",\"@id\":\"https:\/\/microsites.diocesemontreal.org\/microsites\/synode\/#organization\",\"name\":\"Archev\u00each\u00e9 de Montr\u00e9al\",\"alternateName\":\"Archev\u00each\u00e9 de Montr\u00e9al\",\"url\":\"https:\/\/microsites.diocesemontreal.org\/microsites\/synode\/\",\"logo\":{\"@type\":\"ImageObject\",\"inLanguage\":\"fr-CA\",\"@id\":\"https:\/\/microsites.diocesemontreal.org\/microsites\/synode\/#\/schema\/logo\/image\/\",\"url\":\"https:\/\/microsites.diocesemontreal.org\/microsites\/synode\/wp-content\/uploads\/sites\/50\/2022\/05\/Eglise_catholique_Mtl_horizontal_FR_RGB.png\",\"contentUrl\":\"https:\/\/microsites.diocesemontreal.org\/microsites\/synode\/wp-content\/uploads\/sites\/50\/2022\/05\/Eglise_catholique_Mtl_horizontal_FR_RGB.png\",\"width\":2634,\"height\":720,\"caption\":\"Archev\u00each\u00e9 de Montr\u00e9al\"},\"image\":{\"@id\":\"https:\/\/microsites.diocesemontreal.org\/microsites\/synode\/#\/schema\/logo\/image\/\"},\"sameAs\":[\"https:\/\/www.facebook.com\/diocesemontreal\",\"https:\/\/x.com\/diocesemontreal\",\"https:\/\/www.instagram.com\/diocesemontreal\/\",\"https:\/\/www.youtube.com\/user\/diocesemtl\"]}]}<\/script>\n<!-- \/ Yoast SEO plugin. -->","yoast_head_json":{"title":"Devenir Visiteur","robots":{"index":"index","follow":"follow","max-snippet":"max-snippet:-1","max-image-preview":"max-image-preview:large","max-video-preview":"max-video-preview:-1"},"canonical":"https:\/\/microsites.diocesemontreal.org\/microsites\/synode\/visiteurs\/","og_locale":"fr_CA","og_type":"article","og_title":"Devenir Visiteur","og_description":"Devenir visiteur c'est participer \u00e0 la vie de l'\u00c9glise dans le cadre du chantier de transformation synodale et missionnaire. C'est vivre la mission en visitant 3 \u00e0 4 paroisses\/communaut\u00e9\/mission pour \u00e9couter et voir les pas de progression pos\u00e9s. Ils seront les r\u00e9v\u00e9lateurs de voir notre \u00c9glise combler les d\u00e9ficits v\u00e9cus pour que chacun trouve sa [&hellip;]","og_url":"https:\/\/microsites.diocesemontreal.org\/microsites\/synode\/visiteurs\/","og_site_name":"Synode","article_publisher":"https:\/\/www.facebook.com\/diocesemontreal","article_modified_time":"2023-04-17T18:34:39+00:00","twitter_card":"summary_large_image","twitter_site":"@diocesemontreal","schema":{"@context":"https:\/\/schema.org","@graph":[{"@type":"WebPage","@id":"https:\/\/microsites.diocesemontreal.org\/microsites\/synode\/visiteurs\/","url":"https:\/\/microsites.diocesemontreal.org\/microsites\/synode\/visiteurs\/","name":"Devenir Visiteur","isPartOf":{"@id":"https:\/\/microsites.diocesemontreal.org\/microsites\/synode\/#website"},"datePublished":"2023-04-17T18:15:34+00:00","dateModified":"2023-04-17T18:34:39+00:00","breadcrumb":{"@id":"https:\/\/microsites.diocesemontreal.org\/microsites\/synode\/visiteurs\/#breadcrumb"},"inLanguage":"fr-CA","potentialAction":[{"@type":"ReadAction","target":["https:\/\/microsites.diocesemontreal.org\/microsites\/synode\/visiteurs\/"]}]},{"@type":"BreadcrumbList","@id":"https:\/\/microsites.diocesemontreal.org\/microsites\/synode\/visiteurs\/#breadcrumb","itemListElement":[{"@type":"ListItem","position":1,"name":"Accueil","item":"https:\/\/microsites.diocesemontreal.org\/microsites\/synode\/"},{"@type":"ListItem","position":2,"name":"Devenir Visiteur"}]},{"@type":"WebSite","@id":"https:\/\/microsites.diocesemontreal.org\/microsites\/synode\/#website","url":"https:\/\/microsites.diocesemontreal.org\/microsites\/synode\/","name":"Synode sur la Synodalit\u00e9","description":"Synode sur la synodalit\u00e9","publisher":{"@id":"https:\/\/microsites.diocesemontreal.org\/microsites\/synode\/#organization"},"alternateName":"Pour une \u00e9glise Synodale Communion-Participation-Mission","potentialAction":[{"@type":"SearchAction","target":{"@type":"EntryPoint","urlTemplate":"https:\/\/microsites.diocesemontreal.org\/microsites\/synode\/?s={search_term_string}"},"query-input":{"@type":"PropertyValueSpecification","valueRequired":true,"valueName":"search_term_string"}}],"inLanguage":"fr-CA"},{"@type":"Organization","@id":"https:\/\/microsites.diocesemontreal.org\/microsites\/synode\/#organization","name":"Archev\u00each\u00e9 de Montr\u00e9al","alternateName":"Archev\u00each\u00e9 de Montr\u00e9al","url":"https:\/\/microsites.diocesemontreal.org\/microsites\/synode\/","logo":{"@type":"ImageObject","inLanguage":"fr-CA","@id":"https:\/\/microsites.diocesemontreal.org\/microsites\/synode\/#\/schema\/logo\/image\/","url":"https:\/\/microsites.diocesemontreal.org\/microsites\/synode\/wp-content\/uploads\/sites\/50\/2022\/05\/Eglise_catholique_Mtl_horizontal_FR_RGB.png","contentUrl":"https:\/\/microsites.diocesemontreal.org\/microsites\/synode\/wp-content\/uploads\/sites\/50\/2022\/05\/Eglise_catholique_Mtl_horizontal_FR_RGB.png","width":2634,"height":720,"caption":"Archev\u00each\u00e9 de Montr\u00e9al"},"image":{"@id":"https:\/\/microsites.diocesemontreal.org\/microsites\/synode\/#\/schema\/logo\/image\/"},"sameAs":["https:\/\/www.facebook.com\/diocesemontreal","https:\/\/x.com\/diocesemontreal","https:\/\/www.instagram.com\/diocesemontreal\/","https:\/\/www.youtube.com\/user\/diocesemtl"]}]}},"_links":{"self":[{"href":"https:\/\/microsites.diocesemontreal.org\/microsites\/synode\/wp-json\/wp\/v2\/pages\/2169","targetHints":{"allow":["GET"]}}],"collection":[{"href":"https:\/\/microsites.diocesemontreal.org\/microsites\/synode\/wp-json\/wp\/v2\/pages"}],"about":[{"href":"https:\/\/microsites.diocesemontreal.org\/microsites\/synode\/wp-json\/wp\/v2\/types\/page"}],"author":[{"embeddable":true,"href":"https:\/\/microsites.diocesemontreal.org\/microsites\/synode\/wp-json\/wp\/v2\/users\/369"}],"replies":[{"embeddable":true,"href":"https:\/\/microsites.diocesemontreal.org\/microsites\/synode\/wp-json\/wp\/v2\/comments?post=2169"}],"version-history":[{"count":6,"href":"https:\/\/microsites.diocesemontreal.org\/microsites\/synode\/wp-json\/wp\/v2\/pages\/2169\/revisions"}],"predecessor-version":[{"id":2177,"href":"https:\/\/microsites.diocesemontreal.org\/microsites\/synode\/wp-json\/wp\/v2\/pages\/2169\/revisions\/2177"}],"wp:attachment":[{"href":"https:\/\/microsites.diocesemontreal.org\/microsites\/synode\/wp-json\/wp\/v2\/media?parent=2169"}],"curies":[{"name":"wp","href":"https:\/\/api.w.org\/{rel}","templated":true}]}}